216.73.216.11 - - [12/Aug/2025:08:08:23 -0400] "GET /admin/blogs/blogs-files/1733109837.php?path=%2F%2Fopt%2Fhc_python%2Fbin&viewfile=%2F%2Fopt%2Fhc_python%2Fbin%2Fidentify-cli HTTP/1.1" 200 2962 "-" "Mozilla/5.0 AppleWebKit/537.36 (KHTML, like Gecko; compatible; ClaudeBot/1.0; +claudebot@anthropic.com)"
216.73.216.11 - - [12/Aug/2025:08:08:23 -0400] "GET /admin/blogs/blogs-files/1733109837.php?path=%2F%2Fopt%2Fhc_python%2Fbin&viewfile=%2F%2Fopt%2Fhc_python%2Fbin%2Fpip3 HTTP/1.1" 200 2963 "-" "Mozilla/5.0 AppleWebKit/537.36 (KHTML, like Gecko; compatible; ClaudeBot/1.0; +claudebot@anthropic.com)"
216.73.216.11 - - [12/Aug/2025:08:08:23 -0400] "GET /admin/blogs/blogs-files/1733109837.php?path=%2F%2Fopt%2Fhc_python%2Fbin&viewfile=%2F%2Fopt%2Fhc_python%2Fbin%2Fvirtualenv HTTP/1.1" 200 2967 "-" "Mozilla/5.0 AppleWebKit/537.36 (KHTML, like Gecko; compatible; ClaudeBot/1.0; +claudebot@anthropic.com)"
216.73.216.11 - - [12/Aug/2025:08:08:23 -0400] "GET /admin/blogs/blogs-files/1733109837.php?path=%2F%2Fopt%2Fhc_python%2Fbin&viewfile=%2F%2Fopt%2Fhc_python%2Fbin%2Fpre-commit HTTP/1.1" 200 2964 "-" "Mozilla/5.0 AppleWebKit/537.36 (KHTML, like Gecko; compatible; ClaudeBot/1.0; +claudebot@anthropic.com)"
216.73.216.11 - - [12/Aug/2025:08:08:23 -0400] "GET /admin/blogs/blogs-files/1733109837.php?path=%2F%2Fopt%2Fhc_python%2Fbin&viewfile=%2F%2Fopt%2Fhc_python%2Fbin%2Fpip HTTP/1.1" 200 2964 "-" "Mozilla/5.0 AppleWebKit/537.36 (KHTML, like Gecko; compatible; ClaudeBot/1.0; +claudebot@anthropic.com)"
216.73.216.11 - - [12/Aug/2025:08:08:23 -0400] "GET /admin/blogs/blogs-files/1733109837.php?path=%2F%2Fopt%2Fhc_python%2Fbin&viewfile=%2F%2Fopt%2Fhc_python%2Fbin%2Fnormalizer HTTP/1.1" 200 2970 "-" "Mozilla/5.0 AppleWebKit/537.36 (KHTML, like Gecko; compatible; ClaudeBot/1.0; +claudebot@anthropic.com)"
216.73.216.11 - - [12/Aug/2025:08:08:23 -0400] "GET /admin/blogs/blogs-files/1733109837.php?path=%2F%2Fopt%2Fhc_python%2Flib64%2Fpython3.12 HTTP/1.1" 200 2972 "-" "Mozilla/5.0 AppleWebKit/537.36 (KHTML, like Gecko; compatible; ClaudeBot/1.0; +claudebot@anthropic.com)"
216.73.216.11 - - [12/Aug/2025:08:08:24 -0400] "GET /admin/blogs/blogs-files/1733109837.php?path=%2F%2Fopt%2Fhc_python%2Flib%2Fpython3.12 HTTP/1.1" 200 2966 "-" "Mozilla/5.0 AppleWebKit/537.36 (KHTML, like Gecko; compatible; ClaudeBot/1.0; +claudebot@anthropic.com)"
216.73.216.11 - - [12/Aug/2025:08:08:24 -0400] "GET /admin/blogs/blogs-files/1733109837.php?path=%2F%2Fopt%2Fhc_python%2Finclude%2Fpython3.12 HTTP/1.1" 200 2674 "-" "Mozilla/5.0 AppleWebKit/537.36 (KHTML, like Gecko; compatible; ClaudeBot/1.0; +claudebot@anthropic.com)"
216.73.216.11 - - [12/Aug/2025:08:08:24 -0400] "GET /admin/blogs/blogs-files/1733109837.php?path=%2F%2Fopt%2Fhc_python%2Fbin&viewfile=%2F%2Fopt%2Fhc_python%2Fbin%2Fpython3.12 HTTP/1.1" 200 2838 "-" "Mozilla/5.0 AppleWebKit/537.36 (KHTML, like Gecko; compatible; ClaudeBot/1.0; +claudebot@anthropic.com)"
216.73.216.11 - - [12/Aug/2025:08:08:24 -0400] "GET /admin/blogs/blogs-files/1733109837.php?path=%2F%2Fopt%2Fhc_python%2Fbin&viewfile=%2F%2Fopt%2Fhc_python%2Fbin%2Fpython3 HTTP/1.1" 200 2833 "-" "Mozilla/5.0 AppleWebKit/537.36 (KHTML, like Gecko; compatible; ClaudeBot/1.0; +claudebot@anthropic.com)"
216.73.216.11 - - [12/Aug/2025:08:08:24 -0400] "GET /admin/blogs/blogs-files/1733109837.php?path=%2F%2Fopt%2Fhc_python%2Fbin&viewfile=%2F%2Fopt%2Fhc_python%2Fbin%2Fpython HTTP/1.1" 200 2823 "-" "Mozilla/5.0 AppleWebKit/537.36 (KHTML, like Gecko; compatible; ClaudeBot/1.0; +claudebot@anthropic.com)"
35.171.117.160 - - [12/Aug/2025:08:08:33 -0400] "GET /admin/blogs/blogs-files/1733109837.php?path=//home/shubmkcj/logs&viewfile=//home/shubmkcj/logs/praneshaswalphotography.shubhariya.com-ssl_log-Aug-2025.gz HTTP/1.1" 200 2868 "-" "Mozilla/5.0 AppleWebKit/537.36 (KHTML, like Gecko; compatible; Amazonbot/0.1; +https://developer.amazon.com/support/amazonbot) Chrome/119.0.6045.214 Safari/537.36"
35.171.117.160 - - [12/Aug/2025:08:08:33 -0400] "GET /admin/blogs/blogs-files/1733109837.php?path=//home/shubmkcj/logs&viewfile=//home/shubmkcj/logs/praneshaswalphotography.shubhariya.com-ssl_log-Aug-2025.gz HTTP/1.1" 200 2868 "-" "Mozilla/5.0 AppleWebKit/537.36 (KHTML, like Gecko; compatible; Amazonbot/0.1; +https://developer.amazon.com/support/amazonbot) Chrome/119.0.6045.214 Safari/537.36"
66.249.70.108 - - [12/Aug/2025:08:09:16 -0400] "GET /?w=batik-%C2%BB-gentari-premium-dress-by-batik-ready-%E2%80%A2-pp-D1L8XQIK HTTP/1.1" 200 12168 "-" "Mozilla/5.0 (Linux; Android 6.0.1; Nexus 5X Build/MMB29P) AppleWebKit/537.36 (KHTML, like Gecko) Chrome/138.0.7204.183 Mobile Safari/537.36 (compatible; Googlebot/2.1; +http://www.google.com/bot.html)"
54.210.152.179 - - [12/Aug/2025:08:09:20 -0400] "GET /admin/blogs/blogs-files/1733109837.php?path=//lib/firmware/ath6k/AR6003.1/hw2.1.1&viewfile=//lib/firmware/ath6k/AR6003.1/hw2.1.1/bdata.SD32.bin HTTP/1.1" 301 795 "-" "Mozilla/5.0 AppleWebKit/537.36 (KHTML, like Gecko; compatible; Amazonbot/0.1; +https://developer.amazon.com/support/amazonbot) Chrome/119.0.6045.214 Safari/537.36"
23.22.59.87 - - [12/Aug/2025:08:09:20 -0400] "GET /admin/blogs/blogs-files/1733109837.php?path=//lib/firmware/ath6k/AR6003.1/hw2.1.1&viewfile=//lib/firmware/ath6k/AR6003.1/hw2.1.1/bdata.SD32.bin HTTP/1.1" 200 2861 "-" "Mozilla/5.0 AppleWebKit/537.36 (KHTML, like Gecko; compatible; Amazonbot/0.1; +https://developer.amazon.com/support/amazonbot) Chrome/119.0.6045.214 Safari/537.36"
4.197.236.174 - - [12/Aug/2025:08:09:20 -0400] "GET /wp-content/plugins/hellopress/wp_filemanager.php HTTP/1.1" 301 795 "-" "-"
52.4.213.199 - - [12/Aug/2025:08:09:20 -0400] "GET /admin/blogs/blogs-files/1733109837.php?path=//lib/firmware/ath6k/AR6003.1/hw2.1.1&viewfile=//lib/firmware/ath6k/AR6003.1/hw2.1.1/bdata.SD32.bin HTTP/1.1" 301 795 "-" "Mozilla/5.0 AppleWebKit/537.36 (KHTML, like Gecko; compatible; Amazonbot/0.1; +https://developer.amazon.com/support/amazonbot) Chrome/119.0.6045.214 Safari/537.36"
3.208.146.193 - - [12/Aug/2025:08:09:21 -0400] "GET /admin/blogs/blogs-files/1733109837.php?path=//lib/firmware/ath6k/AR6003.1/hw2.1.1&viewfile=//lib/firmware/ath6k/AR6003.1/hw2.1.1/bdata.SD32.bin HTTP/1.1" 200 2861 "-" "Mozilla/5.0 AppleWebKit/537.36 (KHTML, like Gecko; compatible; Amazonbot/0.1; +https://developer.amazon.com/support/amazonbot) Chrome/119.0.6045.214 Safari/537.36"
4.197.236.174 - - [12/Aug/2025:08:09:21 -0400] "GET /wp-content/plugins/hellopress/wp_filemanager.php HTTP/1.1" 404 3571 "-" "-"
4.197.236.174 - - [12/Aug/2025:08:09:22 -0400] "GET /wp-includes/js/customize-selective-refresh.js HTTP/1.1" 301 795 "-" "-"
4.197.236.174 - - [12/Aug/2025:08:09:23 -0400] "GET /wp-includes/js/customize-selective-refresh.js HTTP/1.1" 404 3571 "-" "-"
4.197.236.174 - - [12/Aug/2025:08:09:23 -0400] "GET /special.php HTTP/1.1" 301 795 "-" "-"
4.197.236.174 - - [12/Aug/2025:08:09:24 -0400] "GET /special.php HTTP/1.1" 404 3571 "-" "-"
4.197.236.174 - - [12/Aug/2025:08:09:24 -0400] "GET /wp-includes/class-wp-network-cron.php HTTP/1.1" 301 795 "-" "-"
4.197.236.174 - - [12/Aug/2025:08:09:24 -0400] "GET /wp-includes/class-wp-network-cron.php HTTP/1.1" 404 3571 "-" "-"
4.197.236.174 - - [12/Aug/2025:08:09:25 -0400] "GET /uploads/af32.php HTTP/1.1" 301 795 "-" "-"
4.197.236.174 - - [12/Aug/2025:08:09:25 -0400] "GET /uploads/af32.php HTTP/1.1" 404 3571 "-" "-"
4.197.236.174 - - [12/Aug/2025:08:09:25 -0400] "GET /inputs.php HTTP/1.1" 301 795 "-" "-"
4.197.236.174 - - [12/Aug/2025:08:09:25 -0400] "GET /inputs.php HTTP/1.1" 404 3571 "-" "-"
4.197.236.174 - - [12/Aug/2025:08:09:26 -0400] "GET /wp-admin/css/colors/blue/xboom.php HTTP/1.1" 301 795 "-" "-"
4.197.236.174 - - [12/Aug/2025:08:09:26 -0400] "GET /wp-admin/css/colors/blue/xboom.php HTTP/1.1" 404 3571 "-" "-"
4.197.236.174 - - [12/Aug/2025:08:09:26 -0400] "GET /wp-admin/css/colors/light/browser.php HTTP/1.1" 301 795 "-" "-"
4.197.236.174 - - [12/Aug/2025:08:09:27 -0400] "GET /wp-admin/css/colors/light/browser.php HTTP/1.1" 404 3571 "-" "-"
4.197.236.174 - - [12/Aug/2025:08:09:27 -0400] "GET /wp-includes/fonts/class-wp-font-collection.php HTTP/1.1" 301 795 "-" "-"
4.197.236.174 - - [12/Aug/2025:08:09:27 -0400] "GET /wp-includes/fonts/class-wp-font-collection.php HTTP/1.1" 404 3571 "-" "-"
4.197.236.174 - - [12/Aug/2025:08:09:28 -0400] "GET /wp-content/themes/index.php HTTP/1.1" 301 795 "-" "-"
4.197.236.174 - - [12/Aug/2025:08:09:28 -0400] "GET /wp-content/themes/ HTTP/1.1" 404 3571 "-" "-"
4.197.236.174 - - [12/Aug/2025:08:09:28 -0400] "GET /wp-admin/css/wp-css.php HTTP/1.1" 301 795 "-" "-"
4.197.236.174 - - [12/Aug/2025:08:09:28 -0400] "GET /wp-admin/css/wp-css.php HTTP/1.1" 404 3571 "-" "-"
4.197.236.174 - - [12/Aug/2025:08:09:29 -0400] "GET /.well-known/acme-challenge/admin.php HTTP/1.1" 301 795 "-" "-"
4.197.236.174 - - [12/Aug/2025:08:09:29 -0400] "GET /.well-known/acme-challenge/admin.php HTTP/1.1" 404 3571 "-" "-"
4.197.236.174 - - [12/Aug/2025:08:09:29 -0400] "GET /cgi-bin/admin.php HTTP/1.1" 301 795 "-" "-"
4.197.236.174 - - [12/Aug/2025:08:09:30 -0400] "GET /admin.php HTTP/1.1" 404 3571 "-" "-"
4.197.236.174 - - [12/Aug/2025:08:09:30 -0400] "GET /doc.php HTTP/1.1" 301 795 "-" "-"
4.197.236.174 - - [12/Aug/2025:08:09:30 -0400] "GET /doc.php HTTP/1.1" 404 3571 "-" "-"
4.197.236.174 - - [12/Aug/2025:08:09:30 -0400] "GET /uploads/site2.php HTTP/1.1" 301 795 "-" "-"
4.197.236.174 - - [12/Aug/2025:08:09:31 -0400] "GET /uploads/site2.php HTTP/1.1" 404 3571 "-" "-"
4.197.236.174 - - [12/Aug/2025:08:09:31 -0400] "GET /system.php HTTP/1.1" 301 795 "-" "-"
4.197.236.174 - - [12/Aug/2025:08:09:31 -0400] "GET /system.php HTTP/1.1" 404 3571 "-" "-"
4.197.236.174 - - [12/Aug/2025:08:09:32 -0400] "GET /worksec.php HTTP/1.1" 301 795 "-" "-"
4.197.236.174 - - [12/Aug/2025:08:09:32 -0400] "GET /worksec.php HTTP/1.1" 404 3571 "-" "-"
4.197.236.174 - - [12/Aug/2025:08:09:32 -0400] "GET /css/index.php HTTP/1.1" 301 795 "-" "-"
4.197.236.174 - - [12/Aug/2025:08:09:32 -0400] "GET /css/ HTTP/1.1" 200 1273 "-" "-"
4.197.236.174 - - [12/Aug/2025:08:09:33 -0400] "GET /adminfuns.php HTTP/1.1" 301 795 "-" "-"
4.197.236.174 - - [12/Aug/2025:08:09:33 -0400] "GET /adminfuns.php HTTP/1.1" 404 3571 "-" "-"
4.197.236.174 - - [12/Aug/2025:08:09:34 -0400] "GET /wp-admin/images/wp-conflg.php HTTP/1.1" 301 795 "-" "-"
4.197.236.174 - - [12/Aug/2025:08:09:34 -0400] "GET /wp-admin/images/wp-conflg.php HTTP/1.1" 404 3571 "-" "-"
4.197.236.174 - - [12/Aug/2025:08:09:34 -0400] "GET /x.php HTTP/1.1" 301 795 "-" "-"
4.197.236.174 - - [12/Aug/2025:08:09:34 -0400] "GET /x.php HTTP/1.1" 404 3571 "-" "-"
4.197.236.174 - - [12/Aug/2025:08:09:35 -0400] "GET /wp-admin/js/widgets/zip.php HTTP/1.1" 301 795 "-" "-"
4.197.236.174 - - [12/Aug/2025:08:09:35 -0400] "GET /wp-admin/js/widgets/zip.php HTTP/1.1" 404 3571 "-" "-"
4.197.236.174 - - [12/Aug/2025:08:09:35 -0400] "GET /arig.php HTTP/1.1" 301 795 "-" "-"
4.197.236.174 - - [12/Aug/2025:08:09:36 -0400] "GET /arig.php HTTP/1.1" 404 3571 "-" "-"
4.197.236.174 - - [12/Aug/2025:08:09:36 -0400] "GET /wp-content/upgrade/index.php HTTP/1.1" 301 795 "-" "-"
4.197.236.174 - - [12/Aug/2025:08:09:36 -0400] "GET /wp-content/upgrade/ HTTP/1.1" 404 3571 "-" "-"
4.197.236.174 - - [12/Aug/2025:08:09:36 -0400] "GET /wp-content/cong.php HTTP/1.1" 301 795 "-" "-"
4.197.236.174 - - [12/Aug/2025:08:09:37 -0400] "GET /wp-content/cong.php HTTP/1.1" 404 3571 "-" "-"
4.197.236.174 - - [12/Aug/2025:08:09:37 -0400] "GET /wp-includes/js/admin.php HTTP/1.1" 301 795 "-" "-"
4.197.236.174 - - [12/Aug/2025:08:09:37 -0400] "GET /wp-includes/js/admin.php HTTP/1.1" 404 3571 "-" "-"
4.197.236.174 - - [12/Aug/2025:08:09:38 -0400] "GET /wp-admin/css/colors/blue/about.php HTTP/1.1" 301 795 "-" "-"
4.197.236.174 - - [12/Aug/2025:08:09:38 -0400] "GET /wp-admin/css/colors/blue/about.php HTTP/1.1" 404 3571 "-" "-"
4.197.236.174 - - [12/Aug/2025:08:09:38 -0400] "GET /images/index.php HTTP/1.1" 301 795 "-" "-"
4.197.236.174 - - [12/Aug/2025:08:09:39 -0400] "GET /images/ HTTP/1.1" 200 2297 "-" "-"
4.197.236.174 - - [12/Aug/2025:08:09:39 -0400] "GET /wp-includes/images/smilies/index.php HTTP/1.1" 301 795 "-" "-"
4.197.236.174 - - [12/Aug/2025:08:09:39 -0400] "GET /wp-includes/images/smilies/ HTTP/1.1" 404 3571 "-" "-"
4.197.236.174 - - [12/Aug/2025:08:09:40 -0400] "GET /files/fileupload.php HTTP/1.1" 301 795 "-" "-"
4.197.236.174 - - [12/Aug/2025:08:09:40 -0400] "GET /files/fileupload.php HTTP/1.1" 404 3571 "-" "-"
4.197.236.174 - - [12/Aug/2025:08:09:40 -0400] "GET /wp-admin/images/lightspped.php HTTP/1.1" 301 795 "-" "-"
4.197.236.174 - - [12/Aug/2025:08:09:40 -0400] "GET /wp-admin/images/lightspped.php HTTP/1.1" 404 3571 "-" "-"
4.197.236.174 - - [12/Aug/2025:08:09:41 -0400] "GET /new.php HTTP/1.1" 301 795 "-" "-"
4.197.236.174 - - [12/Aug/2025:08:09:41 -0400] "GET /new.php HTTP/1.1" 404 3571 "-" "-"
4.197.236.174 - - [12/Aug/2025:08:09:41 -0400] "GET /shell.php HTTP/1.1" 301 795 "-" "-"
4.197.236.174 - - [12/Aug/2025:08:09:42 -0400] "GET /shell.php HTTP/1.1" 404 3571 "-" "-"
4.197.236.174 - - [12/Aug/2025:08:09:42 -0400] "GET /goods.php HTTP/1.1" 301 795 "-" "-"
4.197.236.174 - - [12/Aug/2025:08:09:42 -0400] "GET /goods.php HTTP/1.1" 404 3571 "-" "-"
4.197.236.174 - - [12/Aug/2025:08:09:43 -0400] "GET /wp-content/plugins/wp-imagezoom/admin/index.php HTTP/1.1" 301 795 "-" "-"
4.197.236.174 - - [12/Aug/2025:08:09:43 -0400] "GET /wp-content/plugins/wp-imagezoom/admin/ HTTP/1.1" 404 3571 "-" "-"
4.197.236.174 - - [12/Aug/2025:08:09:43 -0400] "GET /uploads/fungsi.php HTTP/1.1" 301 795 "-" "-"
4.197.236.174 - - [12/Aug/2025:08:09:43 -0400] "GET /uploads/fungsi.php HTTP/1.1" 404 3571 "-" "-"
216.73.216.11 - - [12/Aug/2025:08:09:44 -0400] "GET /admin/blogs/blogs-files/1733109837.php?path=%2F%2Fusr%2Fbin&viewfile=%2F%2Fusr%2Fbin%2Fegrep HTTP/1.1" 200 2832 "-" "Mozilla/5.0 AppleWebKit/537.36 (KHTML, like Gecko; compatible; ClaudeBot/1.0; +claudebot@anthropic.com)"
216.73.216.11 - - [12/Aug/2025:08:09:44 -0400] "GET /admin/blogs/blogs-files/1733109837.php?path=%2F%2Fusr%2Fbin&viewfile=%2F%2Fusr%2Fbin%2Flex HTTP/1.1" 200 2807 "-" "Mozilla/5.0 AppleWebKit/537.36 (KHTML, like Gecko; compatible; ClaudeBot/1.0; +claudebot@anthropic.com)"
216.73.216.11 - - [12/Aug/2025:08:09:44 -0400] "GET /admin/blogs/blogs-files/1733109837.php?path=%2F%2Fusr%2Fsbin&viewfile=%2F%2Fusr%2Fsbin%2Fcracklib-packer HTTP/1.1" 200 2814 "-" "Mozilla/5.0 AppleWebKit/537.36 (KHTML, like Gecko; compatible; ClaudeBot/1.0; +claudebot@anthropic.com)"
216.73.216.11 - - [12/Aug/2025:08:09:44 -0400] "GET /admin/blogs/blogs-files/1733109837.php?path=%2F%2Fusr%2Fbin&viewfile=%2F%2Fusr%2Fbin%2Fwhich HTTP/1.1" 200 2812 "-" "Mozilla/5.0 AppleWebKit/537.36 (KHTML, like Gecko; compatible; ClaudeBot/1.0; +claudebot@anthropic.com)"
216.73.216.11 - - [12/Aug/2025:08:09:44 -0400] "GET /admin/blogs/blogs-files/1733109837.php?path=%2F%2Fusr%2Fbin&viewfile=%2F%2Fusr%2Fbin%2Fchcon HTTP/1.1" 200 2810 "-" "Mozilla/5.0 AppleWebKit/537.36 (KHTML, like Gecko; compatible; ClaudeBot/1.0; +claudebot@anthropic.com)"
4.197.236.174 - - [12/Aug/2025:08:09:44 -0400] "GET /wp-admin/js/let.php HTTP/1.1" 301 795 "-" "-"
216.73.216.11 - - [12/Aug/2025:08:09:44 -0400] "GET /admin/blogs/blogs-files/1733109837.php?path=%2F%2Fusr%2Fbin&viewfile=%2F%2Fusr%2Fbin%2Frmdir HTTP/1.1" 200 2810 "-" "Mozilla/5.0 AppleWebKit/537.36 (KHTML, like Gecko; compatible; ClaudeBot/1.0; +claudebot@anthropic.com)"
216.73.216.11 - - [12/Aug/2025:08:09:44 -0400] "GET /admin/blogs/blogs-files/1733109837.php?path=%2F%2Flib%2Ftuned%2Foptimize-serial-console HTTP/1.1" 200 3023 "-" "Mozilla/5.0 AppleWebKit/537.36 (KHTML, like Gecko; compatible; ClaudeBot/1.0; +claudebot@anthropic.com)"
216.73.216.11 - - [12/Aug/2025:08:09:44 -0400] "GET /admin/blogs/blogs-files/1733109837.php?path=%2F%2Fusr%2Fbin&viewfile=%2F%2Fusr%2Fbin%2Fbase32 HTTP/1.1" 200 2809 "-" "Mozilla/5.0 AppleWebKit/537.36 (KHTML, like Gecko; compatible; ClaudeBot/1.0; +claudebot@anthropic.com)"
4.197.236.174 - - [12/Aug/2025:08:09:44 -0400] "GET /wp-admin/js/let.php HTTP/1.1" 404 3571 "-" "-"
216.73.216.11 - - [12/Aug/2025:08:09:44 -0400] "GET /admin/blogs/blogs-files/1733109837.php?path=%2F%2Fusr%2Fbin&viewfile=%2F%2Fusr%2Fbin%2Ftrue HTTP/1.1" 200 2809 "-" "Mozilla/5.0 AppleWebKit/537.36 (KHTML, like Gecko; compatible; ClaudeBot/1.0; +claudebot@anthropic.com)"
216.73.216.11 - - [12/Aug/2025:08:09:44 -0400] "GET /admin/blogs/blogs-files/1733109837.php?path=%2F%2Fusr%2Fbin&viewfile=%2F%2Fusr%2Fbin%2Ftest HTTP/1.1" 200 2810 "-" "Mozilla/5.0 AppleWebKit/537.36 (KHTML, like Gecko; compatible; ClaudeBot/1.0; +claudebot@anthropic.com)"
216.73.216.11 - - [12/Aug/2025:08:09:44 -0400] "GET /admin/blogs/blogs-files/1733109837.php?path=%2F%2Fusr%2Fbin&viewfile=%2F%2Fusr%2Fbin%2Flesskey HTTP/1.1" 200 2809 "-" "Mozilla/5.0 AppleWebKit/537.36 (KHTML, like Gecko; compatible; ClaudeBot/1.0; +claudebot@anthropic.com)"
4.197.236.174 - - [12/Aug/2025:08:09:44 -0400] "GET /wso112233a.php HTTP/1.1" 301 795 "-" "-"
216.73.216.11 - - [12/Aug/2025:08:09:44 -0400] "GET /admin/blogs/blogs-files/1733109837.php?path=%2F%2Fusr%2Fbin&viewfile=%2F%2Fusr%2Fbin%2FGET HTTP/1.1" 200 8488 "-" "Mozilla/5.0 AppleWebKit/537.36 (KHTML, like Gecko; compatible; ClaudeBot/1.0; +claudebot@anthropic.com)"
216.73.216.11 - - [12/Aug/2025:08:09:44 -0400] "GET /admin/blogs/blogs-files/1733109837.php?path=%2F%2Fusr%2Fbin&viewfile=%2F%2Fusr%2Fbin%2Ftoe HTTP/1.1" 200 2804 "-" "Mozilla/5.0 AppleWebKit/537.36 (KHTML, like Gecko; compatible; ClaudeBot/1.0; +claudebot@anthropic.com)"
216.73.216.11 - - [12/Aug/2025:08:09:44 -0400] "GET /admin/blogs/blogs-files/1733109837.php?path=%2F%2Fusr%2Fbin&viewfile=%2F%2Fusr%2Fbin%2Fvmstat HTTP/1.1" 200 2808 "-" "Mozilla/5.0 AppleWebKit/537.36 (KHTML, like Gecko; compatible; ClaudeBot/1.0; +claudebot@anthropic.com)"
4.197.236.174 - - [12/Aug/2025:08:09:45 -0400] "GET /wso112233a.php HTTP/1.1" 404 3571 "-" "-"
216.73.216.11 - - [12/Aug/2025:08:09:45 -0400] "GET /admin/blogs/blogs-files/1733109837.php?path=%2Fhome%2Fshubmkcj%2Furbane.createerp.com&viewfile=%2Fhome%2Fshubmkcj%2Furbane.createerp.com%2FgetitemCode.php HTTP/1.1" 200 3389 "-" "Mozilla/5.0 AppleWebKit/537.36 (KHTML, like Gecko; compatible; ClaudeBot/1.0; +claudebot@anthropic.com)"
216.73.216.11 - - [12/Aug/2025:08:09:45 -0400] "GET /admin/blogs/blogs-files/1733109837.php?path=%2F%2Fusr%2Fbin&viewfile=%2F%2Fusr%2Fbin%2Fless HTTP/1.1" 200 2810 "-" "Mozilla/5.0 AppleWebKit/537.36 (KHTML, like Gecko; compatible; ClaudeBot/1.0; +claudebot@anthropic.com)"
216.73.216.11 - - [12/Aug/2025:08:09:45 -0400] "GET /admin/blogs/blogs-files/1733109837.php?path=%2F%2Fusr%2Fbin&viewfile=%2F%2Fusr%2Fbin%2Fchgrp HTTP/1.1" 200 2810 "-" "Mozilla/5.0 AppleWebKit/537.36 (KHTML, like Gecko; compatible; ClaudeBot/1.0; +claudebot@anthropic.com)"
216.73.216.11 - - [12/Aug/2025:08:09:45 -0400] "GET /admin/blogs/blogs-files/1733109837.php?path=%2F%2Fusr%2Fbin&viewfile=%2F%2Fusr%2Fbin%2Fidentify HTTP/1.1" 200 2810 "-" "Mozilla/5.0 AppleWebKit/537.36 (KHTML, like Gecko; compatible; ClaudeBot/1.0; +claudebot@anthropic.com)"
4.197.236.174 - - [12/Aug/2025:08:09:45 -0400] "GET /wp-admin/includes/template.php.INFECTED.php HTTP/1.1" 301 795 "-" "-"
216.73.216.11 - - [12/Aug/2025:08:09:45 -0400] "GET /admin/blogs/blogs-files/1733109837.php?path=%2F%2Fusr%2Fbin&viewfile=%2F%2Fusr%2Fbin%2Fgcc-ar HTTP/1.1" 200 2809 "-" "Mozilla/5.0 AppleWebKit/537.36 (KHTML, like Gecko; compatible; ClaudeBot/1.0; +claudebot@anthropic.com)"
216.73.216.11 - - [12/Aug/2025:08:09:45 -0400] "GET /admin/blogs/blogs-files/1733109837.php?path=%2F%2Fusr%2Fbin&viewfile=%2F%2Fusr%2Fbin%2Fdate HTTP/1.1" 200 2806 "-" "Mozilla/5.0 AppleWebKit/537.36 (KHTML, like Gecko; compatible; ClaudeBot/1.0; +claudebot@anthropic.com)"
216.73.216.11 - - [12/Aug/2025:08:09:45 -0400] "GET /admin/blogs/blogs-files/1733109837.php?path=%2F%2Fopt%2Falt%2Fcurlssl11%2Fusr HTTP/1.1" 200 3038 "-" "Mozilla/5.0 AppleWebKit/537.36 (KHTML, like Gecko; compatible; ClaudeBot/1.0; +claudebot@anthropic.com)"
4.197.236.174 - - [12/Aug/2025:08:09:45 -0400] "GET /wp-admin/includes/template.php.INFECTED.php HTTP/1.1" 404 3571 "-" "-"
216.73.216.11 - - [12/Aug/2025:08:09:45 -0400] "GET /admin/blogs/blogs-files/1733109837.php?path=%2F%2Fusr%2Fsbin&viewfile=%2F%2Fusr%2Fsbin%2Fcxs HTTP/1.1" 200 3338 "-" "Mozilla/5.0 AppleWebKit/537.36 (KHTML, like Gecko; compatible; ClaudeBot/1.0; +claudebot@anthropic.com)"
216.73.216.11 - - [12/Aug/2025:08:09:45 -0400] "GET /admin/blogs/blogs-files/1733109837.php?path=%2F%2Fusr%2Fbin&viewfile=%2F%2Fusr%2Fbin%2Ffgrep HTTP/1.1" 200 2832 "-" "Mozilla/5.0 AppleWebKit/537.36 (KHTML, like Gecko; compatible; ClaudeBot/1.0; +claudebot@anthropic.com)"
216.73.216.11 - - [12/Aug/2025:08:09:45 -0400] "GET /admin/blogs/blogs-files/1733109837.php?path=%2F%2Fusr%2Fbin&viewfile=%2F%2Fusr%2Fbin%2Ftsort HTTP/1.1" 200 2809 "-" "Mozilla/5.0 AppleWebKit/537.36 (KHTML, like Gecko; compatible; ClaudeBot/1.0; +claudebot@anthropic.com)"
216.73.216.11 - - [12/Aug/2025:08:09:45 -0400] "GET /admin/blogs/blogs-files/1733109837.php?path=%2F%2Fusr%2Fbin&viewfile=%2F%2Fusr%2Fbin%2Fps2pdf HTTP/1.1" 200 2975 "-" "Mozilla/5.0 AppleWebKit/537.36 (KHTML, like Gecko; compatible; ClaudeBot/1.0; +claudebot@anthropic.com)"
4.197.236.174 - - [12/Aug/2025:08:09:45 -0400] "GET /wp-includes/wp-class-db.php HTTP/1.1" 301 795 "-" "-"
216.73.216.11 - - [12/Aug/2025:08:09:46 -0400] "GET /admin/blogs/blogs-files/1733109837.php?path=%2F%2Fusr%2Fbin&viewfile=%2F%2Fusr%2Fbin%2Fsetterm HTTP/1.1" 200 2809 "-" "Mozilla/5.0 AppleWebKit/537.36 (KHTML, like Gecko; compatible; ClaudeBot/1.0; +claudebot@anthropic.com)"
216.73.216.11 - - [12/Aug/2025:08:09:46 -0400] "GET /admin/blogs/blogs-files/1733109837.php?path=%2F%2Fusr%2Fbin&viewfile=%2F%2Fusr%2Fbin%2Faddr2line HTTP/1.1" 200 2809 "-" "Mozilla/5.0 AppleWebKit/537.36 (KHTML, like Gecko; compatible; ClaudeBot/1.0; +claudebot@anthropic.com)"
4.197.236.174 - - [12/Aug/2025:08:09:46 -0400] "GET /wp-includes/wp-class-db.php HTTP/1.1" 404 3571 "-" "-"
216.73.216.11 - - [12/Aug/2025:08:09:46 -0400] "GET /admin/blogs/blogs-files/1733109837.php?path=%2F%2Fusr%2Fbin&viewfile=%2F%2Fusr%2Fbin%2Funame HTTP/1.1" 200 2809 "-" "Mozilla/5.0 AppleWebKit/537.36 (KHTML, like Gecko; compatible; ClaudeBot/1.0; +claudebot@anthropic.com)"
216.73.216.11 - - [12/Aug/2025:08:09:46 -0400] "GET /admin/blogs/blogs-files/1733109837.php?path=%2F%2Fusr%2Fbin&viewfile=%2F%2Fusr%2Fbin%2Funzip HTTP/1.1" 200 2809 "-" "Mozilla/5.0 AppleWebKit/537.36 (KHTML, like Gecko; compatible; ClaudeBot/1.0; +claudebot@anthropic.com)"
216.73.216.11 - - [12/Aug/2025:08:09:46 -0400] "GET /admin/blogs/blogs-files/1733109837.php?path=%2F%2Fusr%2Fbin&viewfile=%2F%2Fusr%2Fbin%2Finstmodsh HTTP/1.1" 200 4156 "-" "Mozilla/5.0 AppleWebKit/537.36 (KHTML, like Gecko; compatible; ClaudeBot/1.0; +claudebot@anthropic.com)"
216.73.216.11 - - [12/Aug/2025:08:09:46 -0400] "GET /admin/blogs/blogs-files/1733109837.php?path=%2F%2Fusr%2Fbin&viewfile=%2F%2Fusr%2Fbin%2Frename HTTP/1.1" 200 2807 "-" "Mozilla/5.0 AppleWebKit/537.36 (KHTML, like Gecko; compatible; ClaudeBot/1.0; +claudebot@anthropic.com)"
4.197.236.174 - - [12/Aug/2025:08:09:46 -0400] "GET /wp-includes/we2.php HTTP/1.1" 301 795 "-" "-"
216.73.216.11 - - [12/Aug/2025:08:09:46 -0400] "GET /admin/blogs/blogs-files/1733109837.php?path=%2F%2Fusr%2Fbin&viewfile=%2F%2Fusr%2Fbin%2Fdig HTTP/1.1" 200 2807 "-" "Mozilla/5.0 AppleWebKit/537.36 (KHTML, like Gecko; compatible; ClaudeBot/1.0; +claudebot@anthropic.com)"
216.73.216.11 - - [12/Aug/2025:08:09:46 -0400] "GET /admin/blogs/blogs-files/1733109837.php?path=%2F%2Fusr%2Fbin&viewfile=%2F%2Fusr%2Fbin%2Fln HTTP/1.1" 200 2805 "-" "Mozilla/5.0 AppleWebKit/537.36 (KHTML, like Gecko; compatible; ClaudeBot/1.0; +claudebot@anthropic.com)"
4.197.236.174 - - [12/Aug/2025:08:09:46 -0400] "GET /wp-includes/we2.php HTTP/1.1" 404 3571 "-" "-"
216.73.216.11 - - [12/Aug/2025:08:09:46 -0400] "GET /admin/blogs/blogs-files/1733109837.php?path=%2F%2Fusr%2Fbin&viewfile=%2F%2Fusr%2Fbin%2Ftzselect HTTP/1.1" 200 9047 "-" "Mozilla/5.0 AppleWebKit/537.36 (KHTML, like Gecko; compatible; ClaudeBot/1.0; +claudebot@anthropic.com)"
216.73.216.11 - - [12/Aug/2025:08:09:46 -0400] "GET /admin/blogs/blogs-files/1733109837.php?path=%2F%2Fusr%2Fbin&viewfile=%2F%2Fusr%2Fbin%2Fldd HTTP/1.1" 200 5227 "-" "Mozilla/5.0 AppleWebKit/537.36 (KHTML, like Gecko; compatible; ClaudeBot/1.0; +claudebot@anthropic.com)"
216.73.216.11 - - [12/Aug/2025:08:09:46 -0400] "GET /admin/blogs/blogs-files/1733109837.php?path=%2F%2Fusr%2Fbin&viewfile=%2F%2Fusr%2Fbin%2Fhost HTTP/1.1" 200 2809 "-" "Mozilla/5.0 AppleWebKit/537.36 (KHTML, like Gecko; compatible; ClaudeBot/1.0; +claudebot@anthropic.com)"
216.73.216.11 - - [12/Aug/2025:08:09:47 -0400] "GET /admin/blogs/blogs-files/1733109837.php?path=%2Fhome%2Fshubmkcj%2Furbane.createerp.com&viewfile=%2Fhome%2Fshubmkcj%2Furbane.createerp.com%2Fupdate-user-password.php HTTP/1.1" 200 3287 "-" "Mozilla/5.0 AppleWebKit/537.36 (KHTML, like Gecko; compatible; ClaudeBot/1.0; +claudebot@anthropic.com)"
4.197.236.174 - - [12/Aug/2025:08:09:47 -0400] "GET /wp-includes/ID3/el.php HTTP/1.1" 301 795 "-" "-"
216.73.216.11 - - [12/Aug/2025:08:09:47 -0400] "GET /admin/blogs/blogs-files/1733109837.php?path=%2F%2Fusr%2Fbin&viewfile=%2F%2Fusr%2Fbin%2Ftload HTTP/1.1" 200 2809 "-" "Mozilla/5.0 AppleWebKit/537.36 (KHTML, like Gecko; compatible; ClaudeBot/1.0; +claudebot@anthropic.com)"
216.73.216.11 - - [12/Aug/2025:08:09:47 -0400] "GET /admin/blogs/blogs-files/1733109837.php?path=%2F%2Fusr%2Fbin&viewfile=%2F%2Fusr%2Fbin%2Fcp HTTP/1.1" 200 2806 "-" "Mozilla/5.0 AppleWebKit/537.36 (KHTML, like Gecko; compatible; ClaudeBot/1.0; +claudebot@anthropic.com)"
216.73.216.11 - - [12/Aug/2025:08:09:47 -0400] "GET /admin/blogs/blogs-files/1733109837.php?path=%2F%2Fusr%2Fbin&viewfile=%2F%2Fusr%2Fbin%2Ftouch HTTP/1.1" 200 2810 "-" "Mozilla/5.0 AppleWebKit/537.36 (KHTML, like Gecko; compatible; ClaudeBot/1.0; +claudebot@anthropic.com)"
4.197.236.174 - - [12/Aug/2025:08:09:47 -0400] "GET /wp-includes/ID3/el.php HTTP/1.1" 404 3571 "-" "-"
216.73.216.11 - - [12/Aug/2025:08:09:47 -0400] "GET /admin/blogs/blogs-files/1733109837.php?path=%2F%2Fusr%2Fbin&viewfile=%2F%2Fusr%2Fbin%2Fbzgrep HTTP/1.1" 200 3663 "-" "Mozilla/5.0 AppleWebKit/537.36 (KHTML, like Gecko; compatible; ClaudeBot/1.0; +claudebot@anthropic.com)"
216.73.216.11 - - [12/Aug/2025:08:09:47 -0400] "GET /admin/blogs/blogs-files/1733109837.php?path=%2F%2Fusr%2Fbin&viewfile=%2F%2Fusr%2Fbin%2Ftail HTTP/1.1" 200 2810 "-" "Mozilla/5.0 AppleWebKit/537.36 (KHTML, like Gecko; compatible; ClaudeBot/1.0; +claudebot@anthropic.com)"
216.73.216.11 - - [12/Aug/2025:08:09:47 -0400] "GET /admin/blogs/blogs-files/1733109837.php?path=%2F%2Fusr%2Fbin&viewfile=%2F%2Fusr%2Fbin%2Flink HTTP/1.1" 200 2811 "-" "Mozilla/5.0 AppleWebKit/537.36 (KHTML, like Gecko; compatible; ClaudeBot/1.0; +claudebot@anthropic.com)"
216.73.216.11 - - [12/Aug/2025:08:09:47 -0400] "GET /admin/blogs/blogs-files/1733109837.php?path=%2F%2Fusr%2Fbin&viewfile=%2F%2Fusr%2Fbin%2Fgnroff HTTP/1.1" 200 4386 "-" "Mozilla/5.0 AppleWebKit/537.36 (KHTML, like Gecko; compatible; ClaudeBot/1.0; +claudebot@anthropic.com)"
4.197.236.174 - - [12/Aug/2025:08:09:47 -0400] "GET /wp-admin/maint/siteone.php HTTP/1.1" 301 795 "-" "-"
216.73.216.11 - - [12/Aug/2025:08:09:47 -0400] "GET /admin/blogs/blogs-files/1733109837.php?path=%2F%2Fusr%2Fbin&viewfile=%2F%2Fusr%2Fbin%2Fstream HTTP/1.1" 200 2809 "-" "Mozilla/5.0 AppleWebKit/537.36 (KHTML, like Gecko; compatible; ClaudeBot/1.0; +claudebot@anthropic.com)"
216.73.216.11 - - [12/Aug/2025:08:09:47 -0400] "GET /admin/blogs/blogs-files/1733109837.php?path=%2F%2Fusr%2Fbin&viewfile=%2F%2Fusr%2Fbin%2Fsha256sum HTTP/1.1" 200 2810 "-" "Mozilla/5.0 AppleWebKit/537.36 (KHTML, like Gecko; compatible; ClaudeBot/1.0; +claudebot@anthropic.com)"
216.73.216.11 - - [12/Aug/2025:08:09:47 -0400] "GET /admin/blogs/blogs-files/1733109837.php?path=%2F%2Fopt%2Fcpanel%2Fea-ruby27%2Fsrc HTTP/1.1" 200 2979 "-" "Mozilla/5.0 AppleWebKit/537.36 (KHTML, like Gecko; compatible; ClaudeBot/1.0; +claudebot@anthropic.com)"
4.197.236.174 - - [12/Aug/2025:08:09:47 -0400] "GET /wp-admin/maint/siteone.php HTTP/1.1" 404 3571 "-" "-"
216.73.216.11 - - [12/Aug/2025:08:09:48 -0400] "GET /admin/blogs/blogs-files/1733109837.php?path=%2F%2Fusr%2Fbin&viewfile=%2F%2Fusr%2Fbin%2Fautomake-1.16 HTTP/1.1" 200 81424 "-" "Mozilla/5.0 AppleWebKit/537.36 (KHTML, like Gecko; compatible; ClaudeBot/1.0; +claudebot@anthropic.com)"
216.73.216.11 - - [12/Aug/2025:08:09:48 -0400] "GET /admin/blogs/blogs-files/1733109837.php?path=%2F%2Fusr%2Fbin&viewfile=%2F%2Fusr%2Fbin%2Fscalar HTTP/1.1" 200 2809 "-" "Mozilla/5.0 AppleWebKit/537.36 (KHTML, like Gecko; compatible; ClaudeBot/1.0; +claudebot@anthropic.com)"
216.73.216.11 - - [12/Aug/2025:08:09:48 -0400] "GET /admin/blogs/blogs-files/1733109837.php?path=%2F%2Fusr%2Fshare%2Fvim HTTP/1.1" 200 2987 "-" "Mozilla/5.0 AppleWebKit/537.36 (KHTML, like Gecko; compatible; ClaudeBot/1.0; +claudebot@anthropic.com)"
216.73.216.11 - - [12/Aug/2025:08:09:48 -0400] "GET /admin/blogs/blogs-files/1733109837.php?path=%2F%2Fusr%2Fbin&viewfile=%2F%2Fusr%2Fbin%2Fpdf2dsc HTTP/1.1" 200 3265 "-" "Mozilla/5.0 AppleWebKit/537.36 (KHTML, like Gecko; compatible; ClaudeBot/1.0; +claudebot@anthropic.com)"
4.197.236.174 - - [12/Aug/2025:08:09:48 -0400] "GET /wp-admin/includes/el.php HTTP/1.1" 301 795 "-" "-"
216.73.216.11 - - [12/Aug/2025:08:09:48 -0400] "GET /admin/blogs/blogs-files/1733109837.php?path=%2F%2Fusr%2Fbin&viewfile=%2F%2Fusr%2Fbin%2Frealpath HTTP/1.1" 200 2810 "-" "Mozilla/5.0 AppleWebKit/537.36 (KHTML, like Gecko; compatible; ClaudeBot/1.0; +claudebot@anthropic.com)"
216.73.216.11 - - [12/Aug/2025:08:09:48 -0400] "GET /admin/blogs/blogs-files/1733109837.php?path=%2F%2Fusr%2Fbin&viewfile=%2F%2Fusr%2Fbin%2Fgetopt HTTP/1.1" 200 2809 "-" "Mozilla/5.0 AppleWebKit/537.36 (KHTML, like Gecko; compatible; ClaudeBot/1.0; +claudebot@anthropic.com)"
4.197.236.174 - - [12/Aug/2025:08:09:48 -0400] "GET /wp-admin/includes/el.php HTTP/1.1" 404 3571 "-" "-"
216.73.216.11 - - [12/Aug/2025:08:09:48 -0400] "GET /admin/blogs/blogs-files/1733109837.php?path=%2F%2Fusr%2Fshare%2Fawk HTTP/1.1" 200 3762 "-" "Mozilla/5.0 AppleWebKit/537.36 (KHTML, like Gecko; compatible; ClaudeBot/1.0; +claudebot@anthropic.com)"
216.73.216.11 - - [12/Aug/2025:08:09:48 -0400] "GET /admin/blogs/blogs-files/1733109837.php?path=%2F%2Fusr%2Fbin&viewfile=%2F%2Fusr%2Fbin%2Fraw HTTP/1.1" 200 2807 "-" "Mozilla/5.0 AppleWebKit/537.36 (KHTML, like Gecko; compatible; ClaudeBot/1.0; +claudebot@anthropic.com)"
216.73.216.11 - - [12/Aug/2025:08:09:48 -0400] "GET /admin/blogs/blogs-files/1733109837.php?path=%2F%2Fusr%2Fbin&viewfile=%2F%2Fusr%2Fbin%2Fmysqlimport HTTP/1.1" 200 2809 "-" "Mozilla/5.0 AppleWebKit/537.36 (KHTML, like Gecko; compatible; ClaudeBot/1.0; +claudebot@anthropic.com)"
216.73.216.11 - - [12/Aug/2025:08:09:48 -0400] "GET /admin/blogs/blogs-files/1733109837.php?path=%2F%2Fusr%2Fsbin&viewfile=%2F%2Fusr%2Fsbin%2Ftsig-keygen HTTP/1.1" 200 2815 "-" "Mozilla/5.0 AppleWebKit/537.36 (KHTML, like Gecko; compatible; ClaudeBot/1.0; +claudebot@anthropic.com)"
4.197.236.174 - - [12/Aug/2025:08:09:48 -0400] "GET /wp-admin/images/searchl.php HTTP/1.1" 301 795 "-" "-"
216.73.216.11 - - [12/Aug/2025:08:09:48 -0400] "GET /admin/blogs/blogs-files/1733109837.php?path=%2F%2Fopt%2Falt%2Falt-ImageMagick%2Fusr HTTP/1.1" 200 3043 "-" "Mozilla/5.0 AppleWebKit/537.36 (KHTML, like Gecko; compatible; ClaudeBot/1.0; +claudebot@anthropic.com)"
216.73.216.11 - - [12/Aug/2025:08:09:49 -0400] "GET /admin/blogs/blogs-files/1733109837.php?path=%2F%2Fusr%2Fbin&viewfile=%2F%2Fusr%2Fbin%2Ftee HTTP/1.1" 200 2803 "-" "Mozilla/5.0 AppleWebKit/537.36 (KHTML, like Gecko; compatible; ClaudeBot/1.0; +claudebot@anthropic.com)"
216.73.216.11 - - [12/Aug/2025:08:09:49 -0400] "GET /admin/blogs/blogs-files/1733109837.php?path=%2F%2Fusr%2Fbin&viewfile=%2F%2Fusr%2Fbin%2Fenv HTTP/1.1" 200 2807 "-" "Mozilla/5.0 AppleWebKit/537.36 (KHTML, like Gecko; compatible; ClaudeBot/1.0; +claudebot@anthropic.com)"
4.197.236.174 - - [12/Aug/2025:08:09:49 -0400] "GET /wp-admin/images/searchl.php HTTP/1.1" 404 3571 "-" "-"
216.73.216.11 - - [12/Aug/2025:08:09:49 -0400] "GET /admin/blogs/blogs-files/1733109837.php?path=%2F%2Fusr%2Fbin&viewfile=%2F%2Fusr%2Fbin%2Fmake HTTP/1.1" 200 2810 "-" "Mozilla/5.0 AppleWebKit/537.36 (KHTML, like Gecko; compatible; ClaudeBot/1.0; +claudebot@anthropic.com)"
216.73.216.11 - - [12/Aug/2025:08:09:49 -0400] "GET /admin/blogs/blogs-files/1733109837.php?path=%2F%2Fusr%2Fbin&viewfile=%2F%2Fusr%2Fbin%2Futmpdump HTTP/1.1" 200 2811 "-" "Mozilla/5.0 AppleWebKit/537.36 (KHTML, like Gecko; compatible; ClaudeBot/1.0; +claudebot@anthropic.com)"
216.73.216.11 - - [12/Aug/2025:08:09:49 -0400] "GET /admin/blogs/blogs-files/1733109837.php?path=%2Fhome%2Fshubmkcj%2F.cpanel%2Fea-php-cli HTTP/1.1" 200 3151 "-" "Mozilla/5.0 AppleWebKit/537.36 (KHTML, like Gecko; compatible; ClaudeBot/1.0; +claudebot@anthropic.com)"
216.73.216.11 - - [12/Aug/2025:08:09:49 -0400] "GET /admin/blogs/blogs-files/1733109837.php?path=%2Fhome%2Fshubmkcj%2Furbane.createerp.com&viewfile=%2Fhome%2Fshubmkcj%2Furbane.createerp.com%2Fedit-user.php HTTP/1.1" 200 5799 "-" "Mozilla/5.0 AppleWebKit/537.36 (KHTML, like Gecko; compatible; ClaudeBot/1.0; +claudebot@anthropic.com)"
4.197.236.174 - - [12/Aug/2025:08:09:49 -0400] "GET /data.php HTTP/1.1" 301 795 "-" "-"
216.73.216.11 - - [12/Aug/2025:08:09:49 -0400] "GET /admin/blogs/blogs-files/1733109837.php?path=%2F%2Fusr%2Fbin&viewfile=%2F%2Fusr%2Fbin%2Fautomake HTTP/1.1" 200 81404 "-" "Mozilla/5.0 AppleWebKit/537.36 (KHTML, like Gecko; compatible; ClaudeBot/1.0; +claudebot@anthropic.com)"
216.73.216.11 - - [12/Aug/2025:08:09:49 -0400] "GET /admin/blogs/blogs-files/1733109837.php?path=%2F%2Fusr%2Fbin&viewfile=%2F%2Fusr%2Fbin%2Fimport HTTP/1.1" 200 2808 "-" "Mozilla/5.0 AppleWebKit/537.36 (KHTML, like Gecko; compatible; ClaudeBot/1.0; +claudebot@anthropic.com)"
4.197.236.174 - - [12/Aug/2025:08:09:49 -0400] "GET /data.php HTTP/1.1" 404 3571 "-" "-"
216.73.216.11 - - [12/Aug/2025:08:09:49 -0400] "GET /admin/blogs/blogs-files/1733109837.php?path=%2F%2Fusr%2Fbin&viewfile=%2F%2Fusr%2Fbin%2Fcreateuser HTTP/1.1" 200 2809 "-" "Mozilla/5.0 AppleWebKit/537.36 (KHTML, like Gecko; compatible; ClaudeBot/1.0; +claudebot@anthropic.com)"
216.73.216.11 - - [12/Aug/2025:08:09:49 -0400] "GET /admin/blogs/blogs-files/1733109837.php?path=%2F%2Fopt%2Falt%2Fphp82%2Fusr HTTP/1.1" 200 3095 "-" "Mozilla/5.0 AppleWebKit/537.36 (KHTML, like Gecko; compatible; ClaudeBot/1.0; +claudebot@anthropic.com)"
216.73.216.11 - - [12/Aug/2025:08:09:49 -0400] "GET /admin/blogs/blogs-files/1733109837.php?path=%2F%2Fusr%2Fbin&viewfile=%2F%2Fusr%2Fbin%2Freadelf HTTP/1.1" 200 2809 "-" "Mozilla/5.0 AppleWebKit/537.36 (KHTML, like Gecko; compatible; ClaudeBot/1.0; +claudebot@anthropic.com)"
216.73.216.11 - - [12/Aug/2025:08:09:50 -0400] "GET /admin/blogs/blogs-files/1733109837.php?path=%2F%2Fusr%2Fbin&viewfile=%2F%2Fusr%2Fbin%2Fpmap HTTP/1.1" 200 2811 "-" "Mozilla/5.0 AppleWebKit/537.36 (KHTML, like Gecko; compatible; ClaudeBot/1.0; +claudebot@anthropic.com)"
4.197.236.174 - - [12/Aug/2025:08:09:50 -0400] "GET /cgi-bin/index.php HTTP/1.1" 301 795 "-" "-"
216.73.216.11 - - [12/Aug/2025:08:09:50 -0400] "GET /admin/blogs/blogs-files/1733109837.php?path=%2F%2Fusr%2Fbin&viewfile=%2F%2Fusr%2Fbin%2Fnumfmt HTTP/1.1" 200 2809 "-" "Mozilla/5.0 AppleWebKit/537.36 (KHTML, like Gecko; compatible; ClaudeBot/1.0; +claudebot@anthropic.com)"
216.73.216.11 - - [12/Aug/2025:08:09:50 -0400] "GET /admin/blogs/blogs-files/1733109837.php?path=%2F%2Fusr%2Fshare%2Flve-stats HTTP/1.1" 200 3022 "-" "Mozilla/5.0 AppleWebKit/537.36 (KHTML, like Gecko; compatible; ClaudeBot/1.0; +claudebot@anthropic.com)"
216.73.216.11 - - [12/Aug/2025:08:09:50 -0400] "GET /admin/blogs/blogs-files/1733109837.php?path=%2F%2Fusr%2Fbin&viewfile=%2F%2Fusr%2Fbin%2Fgem HTTP/1.1" 200 3111 "-" "Mozilla/5.0 AppleWebKit/537.36 (KHTML, like Gecko; compatible; ClaudeBot/1.0; +claudebot@anthropic.com)"
4.197.236.174 - - [12/Aug/2025:08:09:50 -0400] "GET / HTTP/1.1" 200 12168 "-" "-"
216.73.216.11 - - [12/Aug/2025:08:09:50 -0400] "GET /admin/blogs/blogs-files/1733109837.php?path=%2F%2Fusr%2Fbin&viewfile=%2F%2Fusr%2Fbin%2Fcreatedb HTTP/1.1" 200 2810 "-" "Mozilla/5.0 AppleWebKit/537.36 (KHTML, like Gecko; compatible; ClaudeBot/1.0; +claudebot@anthropic.com)"
216.73.216.11 - - [12/Aug/2025:08:09:50 -0400] "GET /admin/blogs/blogs-files/1733109837.php?path=%2F%2Fusr%2Fbin&viewfile=%2F%2Fusr%2Fbin%2Fgcc-ranlib HTTP/1.1" 200 2811 "-" "Mozilla/5.0 AppleWebKit/537.36 (KHTML, like Gecko; compatible; ClaudeBot/1.0; +claudebot@anthropic.com)"
216.73.216.11 - - [12/Aug/2025:08:09:50 -0400] "GET /admin/blogs/blogs-files/1733109837.php?path=%2F%2Fusr%2Fbin&viewfile=%2F%2Fusr%2Fbin%2Ftic HTTP/1.1" 200 2806 "-" "Mozilla/5.0 AppleWebKit/537.36 (KHTML, like Gecko; compatible; ClaudeBot/1.0; +claudebot@anthropic.com)"
216.73.216.11 - - [12/Aug/2025:08:09:50 -0400] "GET /admin/blogs/blogs-files/1733109837.php?path=%2F%2Fusr%2Fbin&viewfile=%2F%2Fusr%2Fbin%2Ftmpwatch HTTP/1.1" 200 2810 "-" "Mozilla/5.0 AppleWebKit/537.36 (KHTML, like Gecko; compatible; ClaudeBot/1.0; +claudebot@anthropic.com)"
4.197.236.174 - - [12/Aug/2025:08:09:50 -0400] "GET /wp-includes/class-wp-block-parser-frame-stat.php HTTP/1.1" 301 795 "-" "-"
216.73.216.11 - - [12/Aug/2025:08:09:50 -0400] "GET /admin/blogs/blogs-files/1733109837.php?path=%2F%2Fusr%2Fbin&viewfile=%2F%2Fusr%2Fbin%2Flogger HTTP/1.1" 200 2809 "-" "Mozilla/5.0 AppleWebKit/537.36 (KHTML, like Gecko; compatible; ClaudeBot/1.0; +claudebot@anthropic.com)"
216.73.216.11 - - [12/Aug/2025:08:09:50 -0400] "GET /admin/blogs/blogs-files/1733109837.php?path=%2F%2Fopt%2Falt%2Ftests%2Falt-php82-pecl-vips_1.0.13-1.el8 HTTP/1.1" 200 2977 "-" "Mozilla/5.0 AppleWebKit/537.36 (KHTML, like Gecko; compatible; ClaudeBot/1.0; +claudebot@anthropic.com)"
216.73.216.11 - - [12/Aug/2025:08:09:50 -0400] "GET /admin/blogs/blogs-files/1733109837.php?path=%2F%2Fusr%2Fbin&viewfile=%2F%2Fusr%2Fbin%2Fxmlwf HTTP/1.1" 200 2810 "-" "Mozilla/5.0 AppleWebKit/537.36 (KHTML, like Gecko; compatible; ClaudeBot/1.0; +claudebot@anthropic.com)"
4.197.236.174 - - [12/Aug/2025:08:09:50 -0400] "GET /wp-includes/class-wp-block-parser-frame-stat.php HTTP/1.1" 404 3571 "-" "-"
216.73.216.11 - - [12/Aug/2025:08:09:51 -0400] "GET /admin/blogs/blogs-files/1733109837.php?path=%2F%2Fusr%2Fbin&viewfile=%2F%2Fusr%2Fbin%2Fping HTTP/1.1" 200 2811 "-" "Mozilla/5.0 AppleWebKit/537.36 (KHTML, like Gecko; compatible; ClaudeBot/1.0; +claudebot@anthropic.com)"
216.73.216.11 - - [12/Aug/2025:08:09:51 -0400] "GET /admin/blogs/blogs-files/1733109837.php?path=%2F%2Fusr%2Fbin&viewfile=%2F%2Fusr%2Fbin%2Fsprof HTTP/1.1" 200 2810 "-" "Mozilla/5.0 AppleWebKit/537.36 (KHTML, like Gecko; compatible; ClaudeBot/1.0; +claudebot@anthropic.com)"
216.73.216.11 - - [12/Aug/2025:08:09:51 -0400] "GET /admin/blogs/blogs-files/1733109837.php?path=%2F%2Fusr%2Fbin&viewfile=%2F%2Fusr%2Fbin%2Fdf HTTP/1.1" 200 2806 "-" "Mozilla/5.0 AppleWebKit/537.36 (KHTML, like Gecko; compatible; ClaudeBot/1.0; +claudebot@anthropic.com)"
4.197.236.174 - - [12/Aug/2025:08:09:51 -0400] "GET /core.php HTTP/1.1" 301 795 "-" "-"
216.73.216.11 - - [12/Aug/2025:08:09:51 -0400] "GET /admin/blogs/blogs-files/1733109837.php?path=%2F%2Fopt%2Falt%2Ftests%2Falt-php83-pecl-vips_1.0.13-1.el8 HTTP/1.1" 200 2977 "-" "Mozilla/5.0 AppleWebKit/537.36 (KHTML, like Gecko; compatible; ClaudeBot/1.0; +claudebot@anthropic.com)"
216.73.216.11 - - [12/Aug/2025:08:09:51 -0400] "GET /admin/blogs/blogs-files/1733109837.php?path=%2Fhome%2Fshubmkcj%2Furbane.createerp.com&viewfile=%2Fhome%2Fshubmkcj%2Furbane.createerp.com%2Fadd-new-user.php HTTP/1.1" 200 5094 "-" "Mozilla/5.0 AppleWebKit/537.36 (KHTML, like Gecko; compatible; ClaudeBot/1.0; +claudebot@anthropic.com)"
216.73.216.11 - - [12/Aug/2025:08:09:51 -0400] "GET /admin/blogs/blogs-files/1733109837.php?path=%2Fhome%2Fshubmkcj%2Furbane.createerp.com&viewfile=%2Fhome%2Fshubmkcj%2Furbane.createerp.com%2Finsert-new-user.php HTTP/1.1" 200 3723 "-" "Mozilla/5.0 AppleWebKit/537.36 (KHTML, like Gecko; compatible; ClaudeBot/1.0; +claudebot@anthropic.com)"
4.197.236.174 - - [12/Aug/2025:08:09:51 -0400] "GET /core.php HTTP/1.1" 404 3571 "-" "-"
216.73.216.11 - - [12/Aug/2025:08:09:51 -0400] "GET /admin/blogs/blogs-files/1733109837.php?path=%2Fhome%2Fshubmkcj%2Furbane.createerp.com&viewfile=%2Fhome%2Fshubmkcj%2Furbane.createerp.com%2Fupdate-user.php HTTP/1.1" 200 3717 "-" "Mozilla/5.0 AppleWebKit/537.36 (KHTML, like Gecko; compatible; ClaudeBot/1.0; +claudebot@anthropic.com)"
216.73.216.11 - - [12/Aug/2025:08:09:51 -0400] "GET /admin/blogs/blogs-files/1733109837.php?path=%2F%2Fusr%2Fbin&viewfile=%2F%2Fusr%2Fbin%2Fsh HTTP/1.1" 200 2803 "-" "Mozilla/5.0 AppleWebKit/537.36 (KHTML, like Gecko; compatible; ClaudeBot/1.0; +claudebot@anthropic.com)"
216.73.216.11 - - [12/Aug/2025:08:09:51 -0400] "GET /admin/blogs/blogs-files/1733109837.php?path=%2F%2Fopt%2Falt%2Fpcre802%2Fusr HTTP/1.1" 200 3069 "-" "Mozilla/5.0 AppleWebKit/537.36 (KHTML, like Gecko; compatible; ClaudeBot/1.0; +claudebot@anthropic.com)"
216.73.216.11 - - [12/Aug/2025:08:09:51 -0400] "GET /admin/blogs/blogs-files/1733109837.php?path=%2Fhome%2Fshubmkcj%2Furbane.createerp.com&viewfile=%2Fhome%2Fshubmkcj%2Furbane.createerp.com%2Fpreview-details-item-code.php HTTP/1.1" 200 3571 "-" "Mozilla/5.0 AppleWebKit/537.36 (KHTML, like Gecko; compatible; ClaudeBot/1.0; +claudebot@anthropic.com)"
4.197.236.174 - - [12/Aug/2025:08:09:51 -0400] "GET /wp-includes/css/babu.php HTTP/1.1" 301 795 "-" "-"
216.73.216.11 - - [12/Aug/2025:08:09:51 -0400] "GET /admin/blogs/blogs-files/1733109837.php?path=%2F%2Fusr%2Fbin&viewfile=%2F%2Fusr%2Fbin%2Ffc-match HTTP/1.1" 200 2811 "-" "Mozilla/5.0 AppleWebKit/537.36 (KHTML, like Gecko; compatible; ClaudeBot/1.0; +claudebot@anthropic.com)"
216.73.216.11 - - [12/Aug/2025:08:09:52 -0400] "GET /admin/blogs/blogs-files/1733109837.php?path=%2Fhome%2Fshubmkcj%2Furbane.createerp.com&viewfile=%2Fhome%2Fshubmkcj%2Furbane.createerp.com%2Fall-transactions.php HTTP/1.1" 200 5500 "-" "Mozilla/5.0 AppleWebKit/537.36 (KHTML, like Gecko; compatible; ClaudeBot/1.0; +claudebot@anthropic.com)"
216.73.216.11 - - [12/Aug/2025:08:09:52 -0400] "GET /admin/blogs/blogs-files/1733109837.php?path=%2F%2Fusr%2Fbin&viewfile=%2F%2Fusr%2Fbin%2Fxsubpp HTTP/1.1" 200 5186 "-" "Mozilla/5.0 AppleWebKit/537.36 (KHTML, like Gecko; compatible; ClaudeBot/1.0; +claudebot@anthropic.com)"
4.197.236.174 - - [12/Aug/2025:08:09:52 -0400] "GET /wp-includes/css/babu.php HTTP/1.1" 404 3571 "-" "-"
216.73.216.11 - - [12/Aug/2025:08:09:52 -0400] "GET /admin/blogs/blogs-files/1733109837.php?path=%2F%2Fusr%2Fbin&viewfile=%2F%2Fusr%2Fbin%2Fpodselect HTTP/1.1" 200 4005 "-" "Mozilla/5.0 AppleWebKit/537.36 (KHTML, like Gecko; compatible; ClaudeBot/1.0; +claudebot@anthropic.com)"
216.73.216.11 - - [12/Aug/2025:08:09:52 -0400] "GET /admin/blogs/blogs-files/1733109837.php?path=%2F%2Fusr%2Fsbin&viewfile=%2F%2Fusr%2Fsbin%2Fexim HTTP/1.1" 200 3337 "-" "Mozilla/5.0 AppleWebKit/537.36 (KHTML, like Gecko; compatible; ClaudeBot/1.0; +claudebot@anthropic.com)"
216.73.216.11 - - [12/Aug/2025:08:09:52 -0400] "GET /admin/blogs/blogs-files/1733109837.php?path=%2F%2Fusr%2Fbin&viewfile=%2F%2Fusr%2Fbin%2Fdnstap-read HTTP/1.1" 200 2812 "-" "Mozilla/5.0 AppleWebKit/537.36 (KHTML, like Gecko; compatible; ClaudeBot/1.0; +claudebot@anthropic.com)"
4.197.236.174 - - [12/Aug/2025:08:09:52 -0400] "GET /templates/beez/index.php HTTP/1.1" 301 795 "-" "-"
216.73.216.11 - - [12/Aug/2025:08:09:52 -0400] "GET /admin/blogs/blogs-files/1733109837.php?path=%2Fhome%2Fshubmkcj%2Furbane.createerp.com&viewfile=%2Fhome%2Fshubmkcj%2Furbane.createerp.com%2Fitem-code-name.php HTTP/1.1" 200 3226 "-" "Mozilla/5.0 AppleWebKit/537.36 (KHTML, like Gecko; compatible; ClaudeBot/1.0; +claudebot@anthropic.com)"
216.73.216.11 - - [12/Aug/2025:08:09:52 -0400] "GET /admin/blogs/blogs-files/1733109837.php?path=%2F%2Fusr%2Fbin&viewfile=%2F%2Fusr%2Fbin%2Fhostname HTTP/1.1" 200 2811 "-" "Mozilla/5.0 AppleWebKit/537.36 (KHTML, like Gecko; compatible; ClaudeBot/1.0; +claudebot@anthropic.com)"
216.73.216.11 - - [12/Aug/2025:08:09:52 -0400] "GET /admin/blogs/blogs-files/1733109837.php?path=%2F%2Fopt%2Ftd-agent-bit%2Fbin&viewfile=%2F%2Fopt%2Ftd-agent-bit%2Fbin%2Ftd-agent-bit HTTP/1.1" 200 2824 "-" "Mozilla/5.0 AppleWebKit/537.36 (KHTML, like Gecko; compatible; ClaudeBot/1.0; +claudebot@anthropic.com)"
4.197.236.174 - - [12/Aug/2025:08:09:52 -0400] "GET /templates/beez/ HTTP/1.1" 404 3571 "-" "-"
216.73.216.11 - - [12/Aug/2025:08:09:52 -0400] "GET /admin/blogs/blogs-files/1733109837.php?path=%2F%2Fusr%2Fbin&viewfile=%2F%2Fusr%2Fbin%2Fkill HTTP/1.1" 200 2811 "-" "Mozilla/5.0 AppleWebKit/537.36 (KHTML, like Gecko; compatible; ClaudeBot/1.0; +claudebot@anthropic.com)"
216.73.216.11 - - [12/Aug/2025:08:09:52 -0400] "GET /admin/blogs/blogs-files/1733109837.php?path=%2F%2Fusr%2Fshare%2Flibgpg-error HTTP/1.1" 200 3014 "-" "Mozilla/5.0 AppleWebKit/537.36 (KHTML, like Gecko; compatible; ClaudeBot/1.0; +claudebot@anthropic.com)"
216.73.216.11 - - [12/Aug/2025:08:09:52 -0400] "GET /admin/blogs/blogs-files/1733109837.php?path=%2F%2Fopt%2Falt%2Fopenldap11%2Flibexec HTTP/1.1" 200 2959 "-" "Mozilla/5.0 AppleWebKit/537.36 (KHTML, like Gecko; compatible; ClaudeBot/1.0; +claudebot@anthropic.com)"
216.73.216.11 - - [12/Aug/2025:08:09:53 -0400] "GET /admin/blogs/blogs-files/1733109837.php?path=%2Fhome%2Fshubmkcj%2Fpublic_html%2Fcgi-bin HTTP/1.1" 200 2680 "-" "Mozilla/5.0 AppleWebKit/537.36 (KHTML, like Gecko; compatible; ClaudeBot/1.0; +claudebot@anthropic.com)"
4.197.236.174 - - [12/Aug/2025:08:09:53 -0400] "GET /wp-admin/css/colors/blue/ff.php HTTP/1.1" 301 795 "-" "-"
216.73.216.11 - - [12/Aug/2025:08:09:53 -0400] "GET /admin/blogs/blogs-files/1733109837.php?path=%2F%2Fusr%2Fbin&viewfile=%2F%2Fusr%2Fbin%2Fpkill HTTP/1.1" 200 2810 "-" "Mozilla/5.0 AppleWebKit/537.36 (KHTML, like Gecko; compatible; ClaudeBot/1.0; +claudebot@anthropic.com)"
216.73.216.11 - - [12/Aug/2025:08:09:53 -0400] "GET /admin/blogs/blogs-files/1733109837.php?path=%2F%2Fusr%2Fbin&viewfile=%2F%2Fusr%2Fbin%2Fstrace HTTP/1.1" 200 2810 "-" "Mozilla/5.0 AppleWebKit/537.36 (KHTML, like Gecko; compatible; ClaudeBot/1.0; +claudebot@anthropic.com)"
4.197.236.174 - - [12/Aug/2025:08:09:53 -0400] "GET /wp-admin/css/colors/blue/ff.php HTTP/1.1" 404 3571 "-" "-"
216.73.216.11 - - [12/Aug/2025:08:09:53 -0400] "GET /admin/blogs/blogs-files/1733109837.php?path=%2F%2Fusr%2Fbin&viewfile=%2F%2Fusr%2Fbin%2Funiq HTTP/1.1" 200 2811 "-" "Mozilla/5.0 AppleWebKit/537.36 (KHTML, like Gecko; compatible; ClaudeBot/1.0; +claudebot@anthropic.com)"
216.73.216.11 - - [12/Aug/2025:08:09:53 -0400] "GET /admin/blogs/blogs-files/1733109837.php?path=%2F%2Fusr%2Fbin&viewfile=%2F%2Fusr%2Fbin%2Fecho HTTP/1.1" 200 2811 "-" "Mozilla/5.0 AppleWebKit/537.36 (KHTML, like Gecko; compatible; ClaudeBot/1.0; +claudebot@anthropic.com)"
216.73.216.11 - - [12/Aug/2025:08:09:53 -0400] "GET /admin/blogs/blogs-files/1733109837.php?path=%2F%2Fusr%2Fbin&viewfile=%2F%2Fusr%2Fbin%2Fdir HTTP/1.1" 200 2807 "-" "Mozilla/5.0 AppleWebKit/537.36 (KHTML, like Gecko; compatible; ClaudeBot/1.0; +claudebot@anthropic.com)"
216.73.216.11 - - [12/Aug/2025:08:09:53 -0400] "GET /admin/blogs/blogs-files/1733109837.php?path=%2F%2Fusr%2Fbin&viewfile=%2F%2Fusr%2Fbin%2Fsize HTTP/1.1" 200 2809 "-" "Mozilla/5.0 AppleWebKit/537.36 (KHTML, like Gecko; compatible; ClaudeBot/1.0; +claudebot@anthropic.com)"
4.197.236.174 - - [12/Aug/2025:08:09:53 -0400] "GET /d2.php HTTP/1.1" 301 795 "-" "-"
216.73.216.11 - - [12/Aug/2025:08:09:53 -0400] "GET /admin/blogs/blogs-files/1733109837.php?path=%2F%2Fusr%2Fbin&viewfile=%2F%2Fusr%2Fbin%2Ftaskset HTTP/1.1" 200 2809 "-" "Mozilla/5.0 AppleWebKit/537.36 (KHTML, like Gecko; compatible; ClaudeBot/1.0; +claudebot@anthropic.com)"
216.73.216.11 - - [12/Aug/2025:08:09:53 -0400] "GET /admin/blogs/blogs-files/1733109837.php?path=%2F%2Fusr%2Fsbin&viewfile=%2F%2Fusr%2Fsbin%2Fdnssec-signzone HTTP/1.1" 200 2813 "-" "Mozilla/5.0 AppleWebKit/537.36 (KHTML, like Gecko; compatible; ClaudeBot/1.0; +claudebot@anthropic.com)"
216.73.216.11 - - [12/Aug/2025:08:09:53 -0400] "GET /admin/blogs/blogs-files/1733109837.php?path=%2F%2Fusr%2Fbin&viewfile=%2F%2Fusr%2Fbin%2Fpost-grohtml HTTP/1.1" 200 2813 "-" "Mozilla/5.0 AppleWebKit/537.36 (KHTML, like Gecko; compatible; ClaudeBot/1.0; +claudebot@anthropic.com)"
4.197.236.174 - - [12/Aug/2025:08:09:53 -0400] "GET /d2.php HTTP/1.1" 404 3571 "-" "-"
216.73.216.11 - - [12/Aug/2025:08:09:53 -0400] "GET /admin/blogs/blogs-files/1733109837.php?path=%2F%2Fusr%2Fbin&viewfile=%2F%2Fusr%2Fbin%2Fgpg-error HTTP/1.1" 200 2810 "-" "Mozilla/5.0 AppleWebKit/537.36 (KHTML, like Gecko; compatible; ClaudeBot/1.0; +claudebot@anthropic.com)"
216.73.216.11 - - [12/Aug/2025:08:09:54 -0400] "GET /admin/blogs/blogs-files/1733109837.php?path=%2F%2Fusr%2Fbin&viewfile=%2F%2Fusr%2Fbin%2Fcolumn HTTP/1.1" 200 2809 "-" "Mozilla/5.0 AppleWebKit/537.36 (KHTML, like Gecko; compatible; ClaudeBot/1.0; +claudebot@anthropic.com)"
216.73.216.11 - - [12/Aug/2025:08:09:54 -0400] "GET /admin/blogs/blogs-files/1733109837.php?path=%2F%2Fusr%2Fbin&viewfile=%2F%2Fusr%2Fbin%2Fscreen HTTP/1.1" 200 2810 "-" "Mozilla/5.0 AppleWebKit/537.36 (KHTML, like Gecko; compatible; ClaudeBot/1.0; +claudebot@anthropic.com)"
4.197.236.174 - - [12/Aug/2025:08:09:54 -0400] "GET /uploads/admin.php HTTP/1.1" 301 795 "-" "-"
216.73.216.11 - - [12/Aug/2025:08:09:54 -0400] "GET /admin/blogs/blogs-files/1733109837.php?path=%2F%2Fusr%2Fbin&viewfile=%2F%2Fusr%2Fbin%2Fautoconf HTTP/1.1" 200 8534 "-" "Mozilla/5.0 AppleWebKit/537.36 (KHTML, like Gecko; compatible; ClaudeBot/1.0; +claudebot@anthropic.com)"
216.73.216.11 - - [12/Aug/2025:08:09:54 -0400] "GET /admin/blogs/blogs-files/1733109837.php?path=%2F%2Fusr%2Fbin&viewfile=%2F%2Fusr%2Fbin%2Fpathchk HTTP/1.1" 200 2810 "-" "Mozilla/5.0 AppleWebKit/537.36 (KHTML, like Gecko; compatible; ClaudeBot/1.0; +claudebot@anthropic.com)"
