D7net
Home
Console
Upload
information
Create File
Create Folder
About
Tools
:
/
proc
/
thread-self
/
root
/
home
/
shubmkcj
/
access-logs
/
Filename :
praneshaswalphotography.shubhariya.com-ssl_log
back
Copy
34.221.196.13 - - [13/Oct/2025:08:12:14 -0400] "GET / HTTP/1.1" 200 2209 "-" "Mozilla/5.0 (Windows NT 10.0; Win64; x64) AppleWebKit/537.36 (KHTML, like Gecko) Chrome/79.0 Safari/537.36"
34.221.196.13 - - [13/Oct/2025:08:12:14 -0400] "GET //wp-includes/wlwmanifest.xml HTTP/1.1" 404 1251 "-" "Mozilla/5.0 (Windows NT 10.0; Win64; x64) AppleWebKit/537.36 (KHTML, like Gecko) Chrome/79.0 Safari/537.36"
34.221.196.13 - - [13/Oct/2025:08:12:14 -0400] "GET / HTTP/1.1" 200 2166 "-" "Mozilla/5.0 (Windows NT 10.0; Win64; x64) AppleWebKit/537.36 (KHTML, like Gecko) Chrome/79.0 Safari/537.36"
34.221.196.13 - - [13/Oct/2025:08:12:14 -0400] "GET //blog/wp-includes/wlwmanifest.xml HTTP/1.1" 404 1251 "-" "Mozilla/5.0 (Windows NT 10.0; Win64; x64) AppleWebKit/537.36 (KHTML, like Gecko) Chrome/79.0 Safari/537.36"
34.221.196.13 - - [13/Oct/2025:08:12:14 -0400] "GET //web/wp-includes/wlwmanifest.xml HTTP/1.1" 404 1251 "-" "Mozilla/5.0 (Windows NT 10.0; Win64; x64) AppleWebKit/537.36 (KHTML, like Gecko) Chrome/79.0 Safari/537.36"
34.221.196.13 - - [13/Oct/2025:08:12:14 -0400] "GET //wordpress/wp-includes/wlwmanifest.xml HTTP/1.1" 404 1251 "-" "Mozilla/5.0 (Windows NT 10.0; Win64; x64) AppleWebKit/537.36 (KHTML, like Gecko) Chrome/79.0 Safari/537.36"
34.221.196.13 - - [13/Oct/2025:08:12:14 -0400] "GET //website/wp-includes/wlwmanifest.xml HTTP/1.1" 404 1251 "-" "Mozilla/5.0 (Windows NT 10.0; Win64; x64) AppleWebKit/537.36 (KHTML, like Gecko) Chrome/79.0 Safari/537.36"
34.221.196.13 - - [13/Oct/2025:08:12:14 -0400] "GET //wp/wp-includes/wlwmanifest.xml HTTP/1.1" 404 1251 "-" "Mozilla/5.0 (Windows NT 10.0; Win64; x64) AppleWebKit/537.36 (KHTML, like Gecko) Chrome/79.0 Safari/537.36"
34.221.196.13 - - [13/Oct/2025:08:12:15 -0400] "GET //news/wp-includes/wlwmanifest.xml HTTP/1.1" 404 1251 "-" "Mozilla/5.0 (Windows NT 10.0; Win64; x64) AppleWebKit/537.36 (KHTML, like Gecko) Chrome/79.0 Safari/537.36"
34.221.196.13 - - [13/Oct/2025:08:12:15 -0400] "GET //wp1/wp-includes/wlwmanifest.xml HTTP/1.1" 404 1251 "-" "Mozilla/5.0 (Windows NT 10.0; Win64; x64) AppleWebKit/537.36 (KHTML, like Gecko) Chrome/79.0 Safari/537.36"
34.221.196.13 - - [13/Oct/2025:08:12:15 -0400] "GET //test/wp-includes/wlwmanifest.xml HTTP/1.1" 404 1251 "-" "Mozilla/5.0 (Windows NT 10.0; Win64; x64) AppleWebKit/537.36 (KHTML, like Gecko) Chrome/79.0 Safari/537.36"
34.221.196.13 - - [13/Oct/2025:08:12:15 -0400] "GET //wp2/wp-includes/wlwmanifest.xml HTTP/1.1" 404 1251 "-" "Mozilla/5.0 (Windows NT 10.0; Win64; x64) AppleWebKit/537.36 (KHTML, like Gecko) Chrome/79.0 Safari/537.36"
34.221.196.13 - - [13/Oct/2025:08:12:15 -0400] "GET //site/wp-includes/wlwmanifest.xml HTTP/1.1" 404 1251 "-" "Mozilla/5.0 (Windows NT 10.0; Win64; x64) AppleWebKit/537.36 (KHTML, like Gecko) Chrome/79.0 Safari/537.36"
34.221.196.13 - - [13/Oct/2025:08:12:15 -0400] "GET //cms/wp-includes/wlwmanifest.xml HTTP/1.1" 404 1251 "-" "Mozilla/5.0 (Windows NT 10.0; Win64; x64) AppleWebKit/537.36 (KHTML, like Gecko) Chrome/79.0 Safari/537.36"
34.221.196.13 - - [13/Oct/2025:08:12:15 -0400] "GET //sito/wp-includes/wlwmanifest.xml HTTP/1.1" 404 1251 "-" "Mozilla/5.0 (Windows NT 10.0; Win64; x64) AppleWebKit/537.36 (KHTML, like Gecko) Chrome/79.0 Safari/537.36"
40.77.167.27 - - [13/Oct/2025:08:17:16 -0400] "GET /?k=garmin-vivosmart-fitness-activity-tracker-mm-onbq3riE HTTP/1.1" 200 2209 "-" "Mozilla/5.0 AppleWebKit/537.36 (KHTML, like Gecko; compatible; bingbot/2.0; +http://www.bing.com/bingbot.htm) Chrome/116.0.1938.76 Safari/537.36"
40.77.167.144 - - [13/Oct/2025:08:46:10 -0400] "GET /?k=new-jersey-s-billionaires-meet-the-six-richest-men-mm-W1WrXDTR HTTP/1.1" 200 2209 "-" "Mozilla/5.0 AppleWebKit/537.36 (KHTML, like Gecko; compatible; bingbot/2.0; +http://www.bing.com/bingbot.htm) Chrome/116.0.1938.76 Safari/537.36"
40.77.167.65 - - [13/Oct/2025:08:58:59 -0400] "GET /?k=remax-airplus-pro-wireless-earbuds-pd-bt900-mm-zbEL9RTK HTTP/1.1" 200 2209 "-" "Mozilla/5.0 AppleWebKit/537.36 (KHTML, like Gecko; compatible; bingbot/2.0; +http://www.bing.com/bingbot.htm) Chrome/116.0.1938.76 Safari/537.36"
40.77.167.15 - - [13/Oct/2025:09:06:02 -0400] "GET /?k=playstation-plus-deals-get-access-to-sony-s-subscription-mm-zPR34rhK HTTP/1.1" 200 2166 "-" "Mozilla/5.0 AppleWebKit/537.36 (KHTML, like Gecko; compatible; bingbot/2.0; +http://www.bing.com/bingbot.htm) Chrome/116.0.1938.76 Safari/537.36"
40.77.167.15 - - [13/Oct/2025:09:11:11 -0400] "GET /?k=17-55-16 HTTP/1.1" 200 2209 "-" "Mozilla/5.0 AppleWebKit/537.36 (KHTML, like Gecko; compatible; bingbot/2.0; +http://www.bing.com/bingbot.htm) Chrome/116.0.1938.76 Safari/537.36"
52.167.144.168 - - [13/Oct/2025:09:41:14 -0400] "GET /?k=sneakers-puma-dickie-dk-%E2%80%93-%D8%A3%D9%86%D8%A7%D9%8A%D9%80%D9%80%D9%8A%D9%80%D9%80%D8%B3-mm-872MzGfa HTTP/1.1" 200 2209 "-" "Mozilla/5.0 AppleWebKit/537.36 (KHTML, like Gecko; compatible; bingbot/2.0; +http://www.bing.com/bingbot.htm) Chrome/116.0.1938.76 Safari/537.36"
40.77.167.78 - - [13/Oct/2025:09:47:14 -0400] "GET /?o=sony-consola-ps4-pro-1tb-reacondicionado-techinn-zz-BO0NgrTz HTTP/1.1" 200 2166 "-" "Mozilla/5.0 AppleWebKit/537.36 (KHTML, like Gecko; compatible; bingbot/2.0; +http://www.bing.com/bingbot.htm) Chrome/116.0.1938.76 Safari/537.36"
52.167.144.17 - - [13/Oct/2025:10:00:26 -0400] "GET /?k=1-149-1 HTTP/1.1" 200 2209 "-" "Mozilla/5.0 AppleWebKit/537.36 (KHTML, like Gecko; compatible; bingbot/2.0; +http://www.bing.com/bingbot.htm) Chrome/116.0.1938.76 Safari/537.36"
170.106.163.84 - - [13/Oct/2025:10:03:29 -0400] "GET / HTTP/1.1" 200 2166 "http://praneshaswalphotography.com" "Mozilla/5.0 (iPhone; CPU iPhone OS 13_2_3 like Mac OS X) AppleWebKit/605.1.15 (KHTML, like Gecko) Version/13.0.3 Mobile/15E148 Safari/604.1"
52.167.144.17 - - [13/Oct/2025:10:05:27 -0400] "GET /?k=bke825-m-Lx821oFP HTTP/1.1" 200 2166 "-" "Mozilla/5.0 AppleWebKit/537.36 (KHTML, like Gecko; compatible; bingbot/2.0; +http://www.bing.com/bingbot.htm) Chrome/116.0.1938.76 Safari/537.36"
52.167.144.216 - - [13/Oct/2025:10:08:51 -0400] "GET /?k=emeril-lagasse-power-air-fryer-oven-360-with-accessories-mm-byBKNJCb HTTP/1.1" 200 2166 "-" "Mozilla/5.0 AppleWebKit/537.36 (KHTML, like Gecko; compatible; bingbot/2.0; +http://www.bing.com/bingbot.htm) Chrome/116.0.1938.76 Safari/537.36"
40.77.167.50 - - [13/Oct/2025:10:16:00 -0400] "GET /?k=compre-en-temu-para-planchas-y-vaporizadores-devoluciones-gratuitas-mm-oZwE7PiE HTTP/1.1" 200 2209 "-" "Mozilla/5.0 AppleWebKit/537.36 (KHTML, like Gecko; compatible; bingbot/2.0; +http://www.bing.com/bingbot.htm) Chrome/116.0.1938.76 Safari/537.36"
52.167.144.177 - - [13/Oct/2025:10:34:05 -0400] "GET /?k=legoland-new-york-what-you-need-to-know-if-mm-NZarDdFr HTTP/1.1" 200 2209 "-" "Mozilla/5.0 AppleWebKit/537.36 (KHTML, like Gecko; compatible; bingbot/2.0; +http://www.bing.com/bingbot.htm) Chrome/116.0.1938.76 Safari/537.36"
40.77.167.76 - - [13/Oct/2025:10:36:08 -0400] "GET /?k=mizuno-morelia-neo-beta-japan-m-M7eKxkUo HTTP/1.1" 200 2166 "-" "Mozilla/5.0 AppleWebKit/537.36 (KHTML, like Gecko; compatible; bingbot/2.0; +http://www.bing.com/bingbot.htm) Chrome/116.0.1938.76 Safari/537.36"
52.167.144.171 - - [13/Oct/2025:10:41:51 -0400] "GET /?k=rtx-4090-gaming-tarjetas-graficas-video-rtx4090-ti-nvidia-mm-XX3LA3UG HTTP/1.1" 200 2209 "-" "Mozilla/5.0 AppleWebKit/537.36 (KHTML, like Gecko; compatible; bingbot/2.0; +http://www.bing.com/bingbot.htm) Chrome/116.0.1938.76 Safari/537.36"
52.167.144.215 - - [13/Oct/2025:11:05:52 -0400] "GET /?k=tarjeta-de-video-pcie-gddr6-12gb-palit-nvidia-geforce-mm-YAdP66H3 HTTP/1.1" 200 2166 "-" "Mozilla/5.0 AppleWebKit/537.36 (KHTML, like Gecko; compatible; bingbot/2.0; +http://www.bing.com/bingbot.htm) Chrome/116.0.1938.76 Safari/537.36"
82.156.68.74 - - [13/Oct/2025:11:07:43 -0400] "GET / HTTP/1.1" 200 2166 "http://www.praneshaswalphotography.com" "Mozilla/5.0 (iPhone; CPU iPhone OS 13_2_3 like Mac OS X) AppleWebKit/605.1.15 (KHTML, like Gecko) Version/13.0.3 Mobile/15E148 Safari/604.1"
52.167.144.215 - - [13/Oct/2025:11:11:32 -0400] "GET /?k=dance-dash-steam-key-mm-8MzxgdSa HTTP/1.1" 200 2166 "-" "Mozilla/5.0 AppleWebKit/537.36 (KHTML, like Gecko; compatible; bingbot/2.0; +http://www.bing.com/bingbot.htm) Chrome/116.0.1938.76 Safari/537.36"
2a06:98c0:3600::103 - - [13/Oct/2025:11:24:04 -0400] "GET /.git/config HTTP/1.1" 403 1242 "-" "Wget/1.21.3 (linux-gnu)"
104.210.140.128 - - [13/Oct/2025:11:31:49 -0400] "GET /robots.txt HTTP/1.1" 404 1251 "-" "Mozilla/5.0 (Macintosh; Intel Mac OS X 10_15_7) AppleWebKit/537.36 (KHTML, like Gecko) Chrome/131.0.0.0 Safari/537.36; compatible; OAI-SearchBot/1.0; +https://openai.com/searchbot"
40.77.167.108 - - [13/Oct/2025:11:38:05 -0400] "GET /robots.txt HTTP/1.1" 404 1251 "-" "Mozilla/5.0 AppleWebKit/537.36 (KHTML, like Gecko; compatible; bingbot/2.0; +http://www.bing.com/bingbot.htm) Chrome/116.0.1938.76 Safari/537.36"
52.167.144.20 - - [13/Oct/2025:11:38:15 -0400] "GET /?o=mini-displayport-to-hdmi-adapter-mdp-to-hdmi-monitor-zz-MYRNxBcV HTTP/1.1" 200 2209 "-" "Mozilla/5.0 AppleWebKit/537.36 (KHTML, like Gecko; compatible; bingbot/2.0; +http://www.bing.com/bingbot.htm) Chrome/116.0.1938.76 Safari/537.36"
82.147.84.91 - - [13/Oct/2025:11:58:01 -0400] "GET /contact.php HTTP/1.1" 200 2992 "https://praneshaswalphotography.com/contact.php" "Mozilla/5.0 (Windows NT 10.0; Win64; x64) AppleWebKit/537.36 (KHTML, like Gecko) Chrome/129.0.0.0 Safari/537.36"
82.147.84.91 - - [13/Oct/2025:11:58:07 -0400] "POST /contact.php HTTP/1.1" 200 3030 "https://praneshaswalphotography.com/contact.php" "Mozilla/5.0 (Windows NT 10.0; Win64; x64) AppleWebKit/537.36 (KHTML, like Gecko) Chrome/129.0.0.0 Safari/537.36"
82.147.84.91 - - [13/Oct/2025:11:58:08 -0400] "GET /contact.php HTTP/1.1" 200 2992 "https://praneshaswalphotography.com/contact.php" "Mozilla/5.0 (Windows NT 10.0; Win64; x64) AppleWebKit/537.36 (KHTML, like Gecko) Chrome/129.0.0.0 Safari/537.36"
107.172.195.16 - - [13/Oct/2025:11:58:28 -0400] "GET / HTTP/1.1" 200 2166 "-" "Mozilla/5.0 (X11; Linux x86_64) AppleWebKit/537.36 (KHTML, like Gecko) Chrome/116.0.0.0 Safari/537.36"
192.64.113.146 - - [13/Oct/2025:11:58:38 -0400] "HEAD / HTTP/1.1" 200 0 "http://praneshaswalphotography.com" "Mozilla/5.0 (Macintosh; Intel Mac OS X 10_15_7) AppleWebKit/537.36 (KHTML, like Gecko) Chrome/123.0.0.0 Safari/537.36"
192.64.113.146 - - [13/Oct/2025:11:58:38 -0400] "GET / HTTP/1.1" 200 2209 "http://praneshaswalphotography.com" "Mozilla/5.0 (X11; Linux x86_64) AppleWebKit/537.36 (KHTML, like Gecko) Chrome/121.0.0.0 Safari/537.36"
104.164.126.33 - - [13/Oct/2025:11:58:40 -0400] "GET / HTTP/1.1" 200 2209 "-" "Mozilla/5.0 (X11; Linux x86_64) AppleWebKit/537.36 (KHTML, like Gecko) Chrome/117.0.0.0 Safari/537.36"
107.172.195.16 - - [13/Oct/2025:11:58:41 -0400] "GET / HTTP/1.1" 200 2166 "-" "Mozilla/5.0 (Macintosh; Intel Mac OS X 10_15_7) AppleWebKit/537.36 (KHTML, like Gecko) Chrome/117.0.0.0 Safari/537.36"
107.172.195.16 - - [13/Oct/2025:11:58:51 -0400] "GET /https%3A/fonts.googleapis.com/css%3Ffamily%3DPT%2BSerif%26amp%3Bsubset%3Dcyrillic%2Ccyrillic-ext%2Clatin-ext HTTP/1.1" 404 1251 "-" "Mozilla/5.0 (Macintosh; Intel Mac OS X 10_15_7) AppleWebKit/537.36 (KHTML, like Gecko) Chrome/117.0.0.0 Safari/537.36"
107.172.195.16 - - [13/Oct/2025:11:58:51 -0400] "GET /https%3A/fonts.googleapis.com/css%3Ffamily%3DPT%2BSans%3A400%2C700%26amp%3Bsubset%3Dcyrillic%2Ccyrillic-ext%2Clatin-ext HTTP/1.1" 404 1251 "-" "Mozilla/5.0 (Macintosh; Intel Mac OS X 10_15_7) AppleWebKit/537.36 (KHTML, like Gecko) Chrome/117.0.0.0 Safari/537.36"
107.172.195.16 - - [13/Oct/2025:11:58:51 -0400] "GET /https%3A/www.praneshaswalphotography.com/index.php HTTP/1.1" 404 1251 "-" "Mozilla/5.0 (Macintosh; Intel Mac OS X 10_15_7) AppleWebKit/537.36 (KHTML, like Gecko) Chrome/117.0.0.0 Safari/537.36"
107.172.195.16 - - [13/Oct/2025:11:58:52 -0400] "GET /https%3A/www.praneshaswalphotography.com/about.php HTTP/1.1" 404 1251 "-" "Mozilla/5.0 (Macintosh; Intel Mac OS X 10_15_7) AppleWebKit/537.36 (KHTML, like Gecko) Chrome/117.0.0.0 Safari/537.36"
107.172.195.16 - - [13/Oct/2025:11:58:52 -0400] "GET /%23 HTTP/1.1" 404 1251 "-" "Mozilla/5.0 (Macintosh; Intel Mac OS X 10_15_7) AppleWebKit/537.36 (KHTML, like Gecko) Chrome/117.0.0.0 Safari/537.36"
107.172.195.16 - - [13/Oct/2025:11:58:52 -0400] "GET /https%3A/www.praneshaswalphotography.com/category/fashion-photography/MTYz HTTP/1.1" 404 1251 "-" "Mozilla/5.0 (Macintosh; Intel Mac OS X 10_15_7) AppleWebKit/537.36 (KHTML, like Gecko) Chrome/117.0.0.0 Safari/537.36"
107.172.195.16 - - [13/Oct/2025:11:58:52 -0400] "GET /https%3A/www.praneshaswalphotography.com/category/fashion-photography HTTP/1.1" 404 1251 "-" "Mozilla/5.0 (Macintosh; Intel Mac OS X 10_15_7) AppleWebKit/537.36 (KHTML, like Gecko) Chrome/117.0.0.0 Safari/537.36"
107.172.195.16 - - [13/Oct/2025:11:58:53 -0400] "GET /https%3A/www.praneshaswalphotography.com/category/wedding-photography/MTYw HTTP/1.1" 404 1251 "-" "Mozilla/5.0 (Macintosh; Intel Mac OS X 10_15_7) AppleWebKit/537.36 (KHTML, like Gecko) Chrome/117.0.0.0 Safari/537.36"
107.172.195.16 - - [13/Oct/2025:11:58:53 -0400] "GET /https%3A/www.praneshaswalphotography.com/contact.php HTTP/1.1" 404 1251 "-" "Mozilla/5.0 (Macintosh; Intel Mac OS X 10_15_7) AppleWebKit/537.36 (KHTML, like Gecko) Chrome/117.0.0.0 Safari/537.36"
107.172.195.16 - - [13/Oct/2025:11:58:53 -0400] "GET /https%3A/www.praneshaswalphotography.com/category/wedding-photography HTTP/1.1" 404 1251 "-" "Mozilla/5.0 (Macintosh; Intel Mac OS X 10_15_7) AppleWebKit/537.36 (KHTML, like Gecko) Chrome/117.0.0.0 Safari/537.36"
107.172.195.16 - - [13/Oct/2025:11:58:53 -0400] "GET /https%3A/www.praneshaswalphotography.com/category/wedding-photography/MTY5 HTTP/1.1" 404 1251 "-" "Mozilla/5.0 (Macintosh; Intel Mac OS X 10_15_7) AppleWebKit/537.36 (KHTML, like Gecko) Chrome/117.0.0.0 Safari/537.36"
107.172.195.16 - - [13/Oct/2025:11:58:53 -0400] "GET /https%3A/www.praneshaswalphotography.com/category/wedding-photography/MTU4 HTTP/1.1" 404 1251 "-" "Mozilla/5.0 (Macintosh; Intel Mac OS X 10_15_7) AppleWebKit/537.36 (KHTML, like Gecko) Chrome/117.0.0.0 Safari/537.36"
107.172.195.16 - - [13/Oct/2025:11:58:53 -0400] "GET /https%3A/www.praneshaswalphotography.com/category/wedding-photography/MTY4 HTTP/1.1" 404 1251 "-" "Mozilla/5.0 (Macintosh; Intel Mac OS X 10_15_7) AppleWebKit/537.36 (KHTML, like Gecko) Chrome/117.0.0.0 Safari/537.36"
107.172.195.16 - - [13/Oct/2025:11:58:53 -0400] "GET /https%3A/www.praneshaswalphotography.com/category/wedding-photography/MTUz HTTP/1.1" 404 1251 "-" "Mozilla/5.0 (Macintosh; Intel Mac OS X 10_15_7) AppleWebKit/537.36 (KHTML, like Gecko) Chrome/117.0.0.0 Safari/537.36"
107.172.195.16 - - [13/Oct/2025:11:58:53 -0400] "GET /https%3A/www.praneshaswalphotography.com/category/wedding-photography/MTY3 HTTP/1.1" 404 1251 "-" "Mozilla/5.0 (Macintosh; Intel Mac OS X 10_15_7) AppleWebKit/537.36 (KHTML, like Gecko) Chrome/117.0.0.0 Safari/537.36"
107.172.195.16 - - [13/Oct/2025:11:58:53 -0400] "GET /https%3A/www.praneshaswalphotography.com/category/wedding-photography/MTU1 HTTP/1.1" 404 1251 "-" "Mozilla/5.0 (Macintosh; Intel Mac OS X 10_15_7) AppleWebKit/537.36 (KHTML, like Gecko) Chrome/117.0.0.0 Safari/537.36"
107.172.195.16 - - [13/Oct/2025:11:58:53 -0400] "GET /https%3A/www.praneshaswalphotography.com/category/wedding-photography/MTY1 HTTP/1.1" 404 1251 "-" "Mozilla/5.0 (Macintosh; Intel Mac OS X 10_15_7) AppleWebKit/537.36 (KHTML, like Gecko) Chrome/117.0.0.0 Safari/537.36"
107.172.195.16 - - [13/Oct/2025:11:58:53 -0400] "GET /https%3A/www.praneshaswalphotography.com/category/wedding-photography/MTU5 HTTP/1.1" 404 1251 "-" "Mozilla/5.0 (Macintosh; Intel Mac OS X 10_15_7) AppleWebKit/537.36 (KHTML, like Gecko) Chrome/117.0.0.0 Safari/537.36"
107.172.195.16 - - [13/Oct/2025:11:58:53 -0400] "GET /https%3A/www.praneshaswalphotography.com/category/fashion-photography/MTYy HTTP/1.1" 404 1251 "-" "Mozilla/5.0 (Macintosh; Intel Mac OS X 10_15_7) AppleWebKit/537.36 (KHTML, like Gecko) Chrome/117.0.0.0 Safari/537.36"
107.172.195.16 - - [13/Oct/2025:11:58:53 -0400] "GET /https%3A/www.praneshaswalphotography.com/category/wedding-photography/MTY2 HTTP/1.1" 404 1251 "-" "Mozilla/5.0 (Macintosh; Intel Mac OS X 10_15_7) AppleWebKit/537.36 (KHTML, like Gecko) Chrome/117.0.0.0 Safari/537.36"
107.172.195.16 - - [13/Oct/2025:11:58:54 -0400] "GET /https%3A/www.praneshaswalphotography.com/category/wedding-photography/MTU2 HTTP/1.1" 404 1251 "-" "Mozilla/5.0 (Macintosh; Intel Mac OS X 10_15_7) AppleWebKit/537.36 (KHTML, like Gecko) Chrome/117.0.0.0 Safari/537.36"
107.172.195.16 - - [13/Oct/2025:11:58:55 -0400] "GET /https%3A/www.praneshaswalphotography.com/category/fashion-photography/MTY0 HTTP/1.1" 404 1251 "-" "Mozilla/5.0 (Macintosh; Intel Mac OS X 10_15_7) AppleWebKit/537.36 (KHTML, like Gecko) Chrome/117.0.0.0 Safari/537.36"
107.172.195.16 - - [13/Oct/2025:11:58:56 -0400] "GET /https%3A/www.praneshaswalphotography.com/category/wedding-photography/MTU0 HTTP/1.1" 404 1251 "-" "Mozilla/5.0 (Macintosh; Intel Mac OS X 10_15_7) AppleWebKit/537.36 (KHTML, like Gecko) Chrome/117.0.0.0 Safari/537.36"
107.172.195.16 - - [13/Oct/2025:11:58:57 -0400] "GET /asstes/jquery.justifiedGallery.js HTTP/1.1" 200 10894 "-" "Mozilla/5.0 (Macintosh; Intel Mac OS X 10_15_7) AppleWebKit/537.36 (KHTML, like Gecko) Chrome/117.0.0.0 Safari/537.36"
107.172.195.16 - - [13/Oct/2025:11:58:58 -0400] "GET /https%3A/www.instagram.com/aswal_pranesh/ HTTP/1.1" 404 1251 "-" "Mozilla/5.0 (Macintosh; Intel Mac OS X 10_15_7) AppleWebKit/537.36 (KHTML, like Gecko) Chrome/117.0.0.0 Safari/537.36"
64.226.65.160 - - [13/Oct/2025:11:59:02 -0400] "GET / HTTP/1.1" 200 2209 "-" "-"
2a03:b0c0:3:d0::12bc:e001 - - [13/Oct/2025:11:59:03 -0400] "GET / HTTP/1.1" 200 2166 "-" "-"
207.154.212.47 - - [13/Oct/2025:11:59:03 -0400] "GET / HTTP/1.1" 200 2209 "-" "-"
2a03:b0c0:3:d0::34e:b001 - - [13/Oct/2025:11:59:03 -0400] "GET / HTTP/1.1" 200 2209 "-" "-"
2a03:b0c0:3:d0::12bc:e001 - - [13/Oct/2025:11:59:03 -0400] "GET / HTTP/1.1" 200 2166 "-" "Mozilla/5.0 (Linux; Android 6.0; HTC One M9 Build/MRA58K) AppleWebKit/537.36 (KHTML, like Gecko) Chrome/52.0.2743.98 Mobile Safari/537.3"
64.226.65.160 - - [13/Oct/2025:11:59:03 -0400] "GET / HTTP/1.1" 200 2166 "-" "Mozilla/5.0 (Linux; Android 6.0; HTC One M9 Build/MRA118935) AppleWebKit/537.36 (KHTML, like Gecko) Chrome/52.0.2890.98 Mobile Safari/537.3"
207.154.212.47 - - [13/Oct/2025:11:59:03 -0400] "GET / HTTP/1.1" 200 2166 "-" "Mozilla/5.0 (Linux; Android 6.0; HTC One M9 Build/MRA222195) AppleWebKit/537.36 (KHTML, like Gecko) Chrome/52.0.1746.98 Mobile Safari/537.3"
2a03:b0c0:3:d0::34e:b001 - - [13/Oct/2025:11:59:03 -0400] "GET / HTTP/1.1" 200 2166 "-" "Mozilla/5.0 (Linux; Android 6.0; HTC One M9 Build/MRA58K) AppleWebKit/537.36 (KHTML, like Gecko) Chrome/52.0.2743.98 Mobile Safari/537.3"
64.226.65.160 - - [13/Oct/2025:11:59:03 -0400] "GET /swagger-ui.html HTTP/1.1" 404 1251 "-" "Mozilla/5.0 (l9scan/2.0.337313e2936313e27363e2237313; +https://leakix.net)"
64.226.65.160 - - [13/Oct/2025:11:59:03 -0400] "GET /swagger/index.html HTTP/1.1" 404 1251 "-" "Mozilla/5.0 (l9scan/2.0.337313e2936313e27363e2237313; +https://leakix.net)"
207.154.212.47 - - [13/Oct/2025:11:59:03 -0400] "GET /swagger-ui.html HTTP/1.1" 404 1251 "-" "Mozilla/5.0 (l9scan/2.0.93e27343e21323e2430313; +https://leakix.net)"
64.226.65.160 - - [13/Oct/2025:11:59:03 -0400] "GET /swagger/swagger-ui.html HTTP/1.1" 404 1251 "-" "Mozilla/5.0 (l9scan/2.0.337313e2936313e27363e2237313; +https://leakix.net)"
64.226.65.160 - - [13/Oct/2025:11:59:04 -0400] "GET /webjars/swagger-ui/index.html HTTP/1.1" 404 1251 "-" "Mozilla/5.0 (l9scan/2.0.337313e2936313e27363e2237313; +https://leakix.net)"
207.154.212.47 - - [13/Oct/2025:11:59:04 -0400] "GET /swagger/index.html HTTP/1.1" 404 1251 "-" "Mozilla/5.0 (l9scan/2.0.93e27343e21323e2430313; +https://leakix.net)"
207.154.212.47 - - [13/Oct/2025:11:59:04 -0400] "GET /swagger/swagger-ui.html HTTP/1.1" 404 1251 "-" "Mozilla/5.0 (l9scan/2.0.93e27343e21323e2430313; +https://leakix.net)"
64.226.65.160 - - [13/Oct/2025:11:59:04 -0400] "GET /swagger.json HTTP/1.1" 404 1251 "-" "Mozilla/5.0 (l9scan/2.0.337313e2936313e27363e2237313; +https://leakix.net)"
64.226.65.160 - - [13/Oct/2025:11:59:04 -0400] "GET /swagger/v1/swagger.json HTTP/1.1" 404 1251 "-" "Mozilla/5.0 (l9scan/2.0.337313e2936313e27363e2237313; +https://leakix.net)"
207.154.212.47 - - [13/Oct/2025:11:59:04 -0400] "GET /webjars/swagger-ui/index.html HTTP/1.1" 404 1251 "-" "Mozilla/5.0 (l9scan/2.0.93e27343e21323e2430313; +https://leakix.net)"
207.154.212.47 - - [13/Oct/2025:11:59:04 -0400] "GET /swagger.json HTTP/1.1" 404 1251 "-" "Mozilla/5.0 (l9scan/2.0.93e27343e21323e2430313; +https://leakix.net)"
64.226.65.160 - - [13/Oct/2025:11:59:04 -0400] "GET /v2/api-docs HTTP/1.1" 404 1251 "-" "Mozilla/5.0 (l9scan/2.0.337313e2936313e27363e2237313; +https://leakix.net)"
207.154.212.47 - - [13/Oct/2025:11:59:05 -0400] "GET /swagger/v1/swagger.json HTTP/1.1" 404 1251 "-" "Mozilla/5.0 (l9scan/2.0.93e27343e21323e2430313; +https://leakix.net)"
64.226.65.160 - - [13/Oct/2025:11:59:05 -0400] "GET /v3/api-docs HTTP/1.1" 404 1251 "-" "Mozilla/5.0 (l9scan/2.0.337313e2936313e27363e2237313; +https://leakix.net)"
207.154.212.47 - - [13/Oct/2025:11:59:05 -0400] "GET /v2/api-docs HTTP/1.1" 404 1251 "-" "Mozilla/5.0 (l9scan/2.0.93e27343e21323e2430313; +https://leakix.net)"
64.226.65.160 - - [13/Oct/2025:11:59:05 -0400] "GET /api-docs/swagger.json HTTP/1.1" 404 1251 "-" "Mozilla/5.0 (l9scan/2.0.337313e2936313e27363e2237313; +https://leakix.net)"
64.226.65.160 - - [13/Oct/2025:11:59:05 -0400] "GET /api/swagger.json HTTP/1.1" 404 1251 "-" "Mozilla/5.0 (l9scan/2.0.337313e2936313e27363e2237313; +https://leakix.net)"
207.154.212.47 - - [13/Oct/2025:11:59:05 -0400] "GET /v3/api-docs HTTP/1.1" 404 1251 "-" "Mozilla/5.0 (l9scan/2.0.93e27343e21323e2430313; +https://leakix.net)"
64.226.65.160 - - [13/Oct/2025:11:59:05 -0400] "GET /@vite/env HTTP/1.1" 404 1251 "-" "Go-http-client/1.1"
207.154.212.47 - - [13/Oct/2025:11:59:05 -0400] "GET /api-docs/swagger.json HTTP/1.1" 404 1251 "-" "Mozilla/5.0 (l9scan/2.0.93e27343e21323e2430313; +https://leakix.net)"
64.226.65.160 - - [13/Oct/2025:11:59:06 -0400] "GET /actuator/env HTTP/1.1" 404 1251 "-" "Go-http-client/1.1"
207.154.212.47 - - [13/Oct/2025:11:59:06 -0400] "GET /api/swagger.json HTTP/1.1" 404 1251 "-" "Mozilla/5.0 (l9scan/2.0.93e27343e21323e2430313; +https://leakix.net)"
207.154.212.47 - - [13/Oct/2025:11:59:06 -0400] "GET /@vite/env HTTP/1.1" 404 1251 "-" "Go-http-client/1.1"
64.226.65.160 - - [13/Oct/2025:11:59:06 -0400] "GET /server HTTP/1.1" 404 1251 "-" "Go-http-client/1.1"
207.154.212.47 - - [13/Oct/2025:11:59:06 -0400] "GET /actuator/env HTTP/1.1" 404 1251 "-" "Go-http-client/1.1"
64.226.65.160 - - [13/Oct/2025:11:59:06 -0400] "GET /.vscode/sftp.json HTTP/1.1" 404 1251 "-" "Go-http-client/1.1"
64.226.65.160 - - [13/Oct/2025:11:59:06 -0400] "GET /about HTTP/1.1" 404 1251 "-" "Go-http-client/1.1"
207.154.212.47 - - [13/Oct/2025:11:59:06 -0400] "GET /server HTTP/1.1" 404 1251 "-" "Go-http-client/1.1"
64.226.65.160 - - [13/Oct/2025:11:59:06 -0400] "GET /debug/default/view?panel=config HTTP/1.1" 404 1251 "-" "Go-http-client/1.1"
207.154.212.47 - - [13/Oct/2025:11:59:06 -0400] "GET /.vscode/sftp.json HTTP/1.1" 404 1251 "-" "Go-http-client/1.1"
64.226.65.160 - - [13/Oct/2025:11:59:07 -0400] "GET /v2/_catalog HTTP/1.1" 404 1251 "-" "Go-http-client/1.1"
207.154.212.47 - - [13/Oct/2025:11:59:07 -0400] "GET /about HTTP/1.1" 404 1251 "-" "Go-http-client/1.1"
64.226.65.160 - - [13/Oct/2025:11:59:07 -0400] "GET /ecp/Current/exporttool/microsoft.exchange.ediscovery.exporttool.application HTTP/1.1" 404 1251 "-" "Go-http-client/1.1"
207.154.212.47 - - [13/Oct/2025:11:59:07 -0400] "GET /debug/default/view?panel=config HTTP/1.1" 404 1251 "-" "Go-http-client/1.1"
207.154.212.47 - - [13/Oct/2025:11:59:07 -0400] "GET /v2/_catalog HTTP/1.1" 404 1251 "-" "Go-http-client/1.1"
64.226.65.160 - - [13/Oct/2025:11:59:07 -0400] "GET /login.action HTTP/1.1" 404 1251 "-" "Go-http-client/1.1"
207.154.212.47 - - [13/Oct/2025:11:59:07 -0400] "GET /ecp/Current/exporttool/microsoft.exchange.ediscovery.exporttool.application HTTP/1.1" 404 1251 "-" "Go-http-client/1.1"
64.226.65.160 - - [13/Oct/2025:11:59:08 -0400] "GET /_all_dbs HTTP/1.1" 404 1251 "-" "Mozilla/5.0 (l9scan/2.0.337313e2936313e27363e2237313; +https://leakix.net)"
207.154.212.47 - - [13/Oct/2025:11:59:08 -0400] "GET /login.action HTTP/1.1" 404 1251 "-" "Go-http-client/1.1"
64.226.65.160 - - [13/Oct/2025:11:59:08 -0400] "GET /.DS_Store HTTP/1.1" 404 1251 "-" "Go-http-client/1.1"
64.226.65.160 - - [13/Oct/2025:11:59:08 -0400] "GET /.env HTTP/1.1" 404 1251 "-" "Go-http-client/1.1"
207.154.212.47 - - [13/Oct/2025:11:59:08 -0400] "GET /_all_dbs HTTP/1.1" 404 1251 "-" "Mozilla/5.0 (l9scan/2.0.93e27343e21323e2430313; +https://leakix.net)"
64.226.65.160 - - [13/Oct/2025:11:59:08 -0400] "GET /.git/config HTTP/1.1" 403 1242 "-" "Go-http-client/1.1"
207.154.212.47 - - [13/Oct/2025:11:59:08 -0400] "GET /.DS_Store HTTP/1.1" 404 1251 "-" "Go-http-client/1.1"
64.226.65.160 - - [13/Oct/2025:11:59:08 -0400] "GET /s/337313e2936313e27363e2237313/_/;/META-INF/maven/com.atlassian.jira/jira-webapp-dist/pom.properties HTTP/1.1" 404 1251 "-" "Go-http-client/1.1"
207.154.212.47 - - [13/Oct/2025:11:59:08 -0400] "GET /.env HTTP/1.1" 404 1251 "-" "Go-http-client/1.1"
64.226.65.160 - - [13/Oct/2025:11:59:08 -0400] "GET /config.json HTTP/1.1" 404 1251 "-" "Go-http-client/1.1"
207.154.212.47 - - [13/Oct/2025:11:59:08 -0400] "GET /.git/config HTTP/1.1" 403 1242 "-" "Go-http-client/1.1"
64.226.65.160 - - [13/Oct/2025:11:59:09 -0400] "GET /telescope/requests HTTP/1.1" 404 1251 "-" "Go-http-client/1.1"
207.154.212.47 - - [13/Oct/2025:11:59:09 -0400] "GET /s/93e27343e21323e2430313/_/;/META-INF/maven/com.atlassian.jira/jira-webapp-dist/pom.properties HTTP/1.1" 404 1251 "-" "Go-http-client/1.1"
64.226.65.160 - - [13/Oct/2025:11:59:09 -0400] "GET /info.php HTTP/1.1" 404 1251 "-" "Go-http-client/1.1"
207.154.212.47 - - [13/Oct/2025:11:59:09 -0400] "GET /config.json HTTP/1.1" 404 1251 "-" "Go-http-client/1.1"
64.226.65.160 - - [13/Oct/2025:11:59:09 -0400] "GET /?rest_route=/wp/v2/users/ HTTP/1.1" 200 2166 "-" "Go-http-client/1.1"
207.154.212.47 - - [13/Oct/2025:11:59:09 -0400] "GET /telescope/requests HTTP/1.1" 404 1251 "-" "Go-http-client/1.1"
207.154.212.47 - - [13/Oct/2025:11:59:09 -0400] "GET /info.php HTTP/1.1" 404 1251 "-" "Go-http-client/1.1"
207.154.212.47 - - [13/Oct/2025:11:59:10 -0400] "GET /?rest_route=/wp/v2/users/ HTTP/1.1" 200 2166 "-" "Go-http-client/1.1"
114.119.149.199 - - [13/Oct/2025:12:03:58 -0400] "GET /category/wedding-photography/MTUw HTTP/1.1" 200 2605 "https://praneshaswalphotography.com/category/wedding-photography" "Mozilla/5.0 (Linux; Android 7.0;) AppleWebKit/537.36 (KHTML, like Gecko) Mobile Safari/537.36 (compatible; PetalBot;+https://webmaster.petalsearch.com/site/petalbot)"
43.130.47.33 - - [13/Oct/2025:12:04:56 -0400] "GET / HTTP/1.1" 200 2209 "http://www.praneshaswalphotography.com" "Mozilla/5.0 (iPhone; CPU iPhone OS 13_2_3 like Mac OS X) AppleWebKit/605.1.15 (KHTML, like Gecko) Version/13.0.3 Mobile/15E148 Safari/604.1"
40.77.167.25 - - [13/Oct/2025:12:07:57 -0400] "GET /?k=vault-by-vans-x-wtaps-grey-men-s-sneakers-mm-rOqL2viO HTTP/1.1" 200 2209 "-" "Mozilla/5.0 AppleWebKit/537.36 (KHTML, like Gecko; compatible; bingbot/2.0; +http://www.bing.com/bingbot.htm) Chrome/116.0.1938.76 Safari/537.36"
5.39.109.164 - - [13/Oct/2025:12:14:46 -0400] "GET /robots.txt HTTP/1.1" 404 1251 "-" "Mozilla/5.0 (compatible; AhrefsBot/7.0; +http://ahrefs.com/robot/)"
142.44.233.29 - - [13/Oct/2025:12:14:47 -0400] "GET /category/wedding-photography/MTUw HTTP/1.1" 200 2661 "-" "Mozilla/5.0 (compatible; AhrefsBot/7.0; +http://ahrefs.com/robot/)"
170.106.147.63 - - [13/Oct/2025:12:18:32 -0400] "GET /category/fashion-photography/MTYz HTTP/1.1" 200 2602 "-" "Mozilla/5.0 (iPhone; CPU iPhone OS 13_2_3 like Mac OS X) AppleWebKit/605.1.15 (KHTML, like Gecko) Version/13.0.3 Mobile/15E148 Safari/604.1"
170.106.163.48 - - [13/Oct/2025:12:28:47 -0400] "GET /category/wedding-photography/MTU4 HTTP/1.1" 200 2660 "-" "Mozilla/5.0 (iPhone; CPU iPhone OS 13_2_3 like Mac OS X) AppleWebKit/605.1.15 (KHTML, like Gecko) Version/13.0.3 Mobile/15E148 Safari/604.1"
40.77.167.46 - - [13/Oct/2025:12:34:11 -0400] "GET /?k=md80-plane-m-nJM4EOuA HTTP/1.1" 200 2166 "-" "Mozilla/5.0 AppleWebKit/537.36 (KHTML, like Gecko; compatible; bingbot/2.0; +http://www.bing.com/bingbot.htm) Chrome/116.0.1938.76 Safari/537.36"
52.167.144.167 - - [13/Oct/2025:12:34:51 -0400] "GET /?o=doom-edition-memory-foam-pillow-set-noblechairs-zz-n0z5XziK HTTP/1.1" 200 2166 "-" "Mozilla/5.0 AppleWebKit/537.36 (KHTML, like Gecko; compatible; bingbot/2.0; +http://www.bing.com/bingbot.htm) Chrome/116.0.1938.76 Safari/537.36"
68.71.247.130 - - [13/Oct/2025:12:36:06 -0400] "GET /contact.php HTTP/1.1" 200 2942 "https://praneshaswalphotography.com/contact.php" "Mozilla/5.0 (Windows NT 10.0; Win64; x64) AppleWebKit/537.36 (KHTML, like Gecko) Chrome/129.0.0.0 Safari/537.36"
68.71.247.130 - - [13/Oct/2025:12:36:08 -0400] "POST /contact.php HTTP/1.1" 200 3030 "https://praneshaswalphotography.com/contact.php" "Mozilla/5.0 (Windows NT 10.0; Win64; x64) AppleWebKit/537.36 (KHTML, like Gecko) Chrome/129.0.0.0 Safari/537.36"
43.156.232.190 - - [13/Oct/2025:12:39:24 -0400] "GET /category/wedding-photography/MTY5 HTTP/1.1" 200 2658 "-" "Mozilla/5.0 (iPhone; CPU iPhone OS 13_2_3 like Mac OS X) AppleWebKit/605.1.15 (KHTML, like Gecko) Version/13.0.3 Mobile/15E148 Safari/604.1"
205.169.39.7 - - [13/Oct/2025:12:42:14 -0400] "GET / HTTP/1.1" 200 2166 "http://praneshaswalphotography.com" "Mozilla/5.0 (Windows NT 10.0) AppleWebKit/537.36 (KHTML, like Gecko) Chrome/106.0.0.0 Safari/537.36"
40.77.167.14 - - [13/Oct/2025:12:45:00 -0400] "GET /?k=southern-mealy-amazon-m-YMQEPgs3 HTTP/1.1" 200 2209 "-" "Mozilla/5.0 AppleWebKit/537.36 (KHTML, like Gecko; compatible; bingbot/2.0; +http://www.bing.com/bingbot.htm) Chrome/116.0.1938.76 Safari/537.36"
52.167.144.208 - - [13/Oct/2025:12:46:44 -0400] "GET /?k=blendtec-%E3%83%96%E3%83%AC%E3%83%B3%E3%83%86%E3%83%83%E3%82%AF-%E3%83%96%E3%83%AC%E3%83%B3%E3%83%89%E3%83%86%E3%83%83%E3%82%AF%E3%80%902%E5%B9%B4%E4%BF%9D%E8%A8%BC%E3%80%91total-blender-%E3%83%88%E3%83%BC%E3%82%BF%E3%83%AB%E3%83%96%E3%83%AC%E3%83%B3%E3%83%80%E3%83%BC-%E3%80%90wildside+-jar%EF%BC%88%E3%83%AF%E3%82%A4-eagle-river-mm-n07Nw4HA HTTP/1.1" 200 2209 "-" "Mozilla/5.0 AppleWebKit/537.36 (KHTML, like Gecko; compatible; bingbot/2.0; +http://www.bing.com/bingbot.htm) Chrome/116.0.1938.76 Safari/537.36"
43.156.204.134 - - [13/Oct/2025:12:48:02 -0400] "GET /category/fashion-photography/MTY0 HTTP/1.1" 200 2658 "-" "Mozilla/5.0 (iPhone; CPU iPhone OS 13_2_3 like Mac OS X) AppleWebKit/605.1.15 (KHTML, like Gecko) Version/13.0.3 Mobile/15E148 Safari/604.1"
42.83.147.56 - - [13/Oct/2025:12:51:27 -0400] "GET / HTTP/1.1" 200 2209 "-" "Mozilla/5.0 (Windows NT 6.1; Win64; x64) AppleWebKit/537.36 (KHTML, like Gecko)Chrome/74.0.3729.169 Safari/537.36"
52.167.144.198 - - [13/Oct/2025:12:53:14 -0400] "GET /?k=sweet-dreams-essentials-track-pants-m-DnDvVoIa HTTP/1.1" 200 2209 "-" "Mozilla/5.0 AppleWebKit/537.36 (KHTML, like Gecko; compatible; bingbot/2.0; +http://www.bing.com/bingbot.htm) Chrome/116.0.1938.76 Safari/537.36"
52.167.144.147 - - [13/Oct/2025:12:58:04 -0400] "GET /?k=titan-grandmaster-mm-yVMYw6SW HTTP/1.1" 200 2209 "-" "Mozilla/5.0 AppleWebKit/537.36 (KHTML, like Gecko; compatible; bingbot/2.0; +http://www.bing.com/bingbot.htm) Chrome/116.0.1938.76 Safari/537.36"
43.167.157.80 - - [13/Oct/2025:12:58:39 -0400] "GET /category/wedding-photography/MTU0 HTTP/1.1" 200 2658 "-" "Mozilla/5.0 (iPhone; CPU iPhone OS 13_2_3 like Mac OS X) AppleWebKit/605.1.15 (KHTML, like Gecko) Version/13.0.3 Mobile/15E148 Safari/604.1"
40.77.167.27 - - [13/Oct/2025:13:31:15 -0400] "GET /?k=husqvarna-440e-rancher-m-aGbEM3SA HTTP/1.1" 200 2209 "-" "Mozilla/5.0 AppleWebKit/537.36 (KHTML, like Gecko; compatible; bingbot/2.0; +http://www.bing.com/bingbot.htm) Chrome/116.0.1938.76 Safari/537.36"
114.119.130.60 - - [13/Oct/2025:13:49:59 -0400] "GET /category/wedding-photography/MTU0 HTTP/1.1" 200 2607 "https://www.praneshaswalphotography.com/index.php" "Mozilla/5.0 (Linux; Android 7.0;) AppleWebKit/537.36 (KHTML, like Gecko) Mobile Safari/537.36 (compatible; PetalBot;+https://webmaster.petalsearch.com/site/petalbot)"
52.167.144.19 - - [13/Oct/2025:13:52:11 -0400] "GET /?k=2-rubber-front-fork-shock-absorber-for-yamaha-tw200-mm-JvAnwosa HTTP/1.1" 200 2166 "-" "Mozilla/5.0 AppleWebKit/537.36 (KHTML, like Gecko; compatible; bingbot/2.0; +http://www.bing.com/bingbot.htm) Chrome/116.0.1938.76 Safari/537.36"
205.210.31.170 - - [13/Oct/2025:14:03:08 -0400] "GET / HTTP/1.1" 200 2166 "-" "-"
40.77.167.156 - - [13/Oct/2025:14:06:58 -0400] "GET /?o=curso-de-criar-api-rest-com-spring-boot-spring-zz-b7Py3WsG HTTP/1.1" 200 2166 "-" "Mozilla/5.0 (Windows NT 10.0; Win64; x64) AppleWebKit/537.36 (KHTML, like Gecko) Chrome/112.0.0.0 Safari/537.36 Edg/112.0.1722.68"
80.211.129.177 - - [13/Oct/2025:14:07:10 -0400] "GET / HTTP/1.1" 200 2209 "-" "Mozilla/5.0"
52.167.144.218 - - [13/Oct/2025:14:19:32 -0400] "GET /?o=an-image-processing-computer-vision-application-using-opencv-upwork-zz-qzqRQnCJ HTTP/1.1" 200 2166 "-" "Mozilla/5.0 AppleWebKit/537.36 (KHTML, like Gecko; compatible; bingbot/2.0; +http://www.bing.com/bingbot.htm) Chrome/116.0.1938.76 Safari/537.36"
52.167.144.218 - - [13/Oct/2025:14:19:52 -0400] "GET /?o=adidas-terrex-conrax-boa-focus-olive-core-black-pulse-zz-ap3XyBH3 HTTP/1.1" 200 2166 "-" "Mozilla/5.0 AppleWebKit/537.36 (KHTML, like Gecko; compatible; bingbot/2.0; +http://www.bing.com/bingbot.htm) Chrome/116.0.1938.76 Safari/537.36"
40.77.167.154 - - [13/Oct/2025:14:34:53 -0400] "GET /?k=air-max-sw-m-qDyJqghN HTTP/1.1" 200 2209 "-" "Mozilla/5.0 AppleWebKit/537.36 (KHTML, like Gecko; compatible; bingbot/2.0; +http://www.bing.com/bingbot.htm) Chrome/116.0.1938.76 Safari/537.36"
114.119.141.2 - - [13/Oct/2025:14:45:53 -0400] "GET /robots.txt HTTP/1.1" 404 1251 "-" "Mozilla/5.0 (compatible;PetalBot;+https://webmaster.petalsearch.com/site/petalbot)"
52.167.144.216 - - [13/Oct/2025:14:57:47 -0400] "GET /?k=johnny-depp-willy-wonka-costume-diy-m-jkQgygix HTTP/1.1" 200 2209 "-" "Mozilla/5.0 AppleWebKit/537.36 (KHTML, like Gecko; compatible; bingbot/2.0; +http://www.bing.com/bingbot.htm) Chrome/116.0.1938.76 Safari/537.36"
51.222.95.242 - - [13/Oct/2025:14:59:59 -0400] "GET /category/fashion-photography/MTI3 HTTP/1.1" 200 2604 "-" "Mozilla/5.0 (compatible; AhrefsBot/7.0; +http://ahrefs.com/robot/)"
52.90.25.177 - - [13/Oct/2025:15:00:09 -0400] "GET / HTTP/1.1" 200 2166 "-" "Mozilla/5.0 (Windows NT 10.0; Win64; x64) AppleWebKit/537.36 (KHTML, like Gecko) Chrome/90.0.4430.85 Safari/537.36"
52.90.25.177 - - [13/Oct/2025:15:00:09 -0400] "GET //wp-includes/wlwmanifest.xml HTTP/1.1" 404 1251 "-" "Mozilla/5.0 (Windows NT 10.0; Win64; x64) AppleWebKit/537.36 (KHTML, like Gecko) Chrome/90.0.4430.85 Safari/537.36"
52.90.25.177 - - [13/Oct/2025:15:00:09 -0400] "GET / HTTP/1.1" 200 2166 "-" "Mozilla/5.0 (Windows NT 10.0; Win64; x64) AppleWebKit/537.36 (KHTML, like Gecko) Chrome/90.0.4430.85 Safari/537.36"
52.90.25.177 - - [13/Oct/2025:15:00:09 -0400] "GET //blog/wp-includes/wlwmanifest.xml HTTP/1.1" 404 1251 "-" "Mozilla/5.0 (Windows NT 10.0; Win64; x64) AppleWebKit/537.36 (KHTML, like Gecko) Chrome/90.0.4430.85 Safari/537.36"
52.90.25.177 - - [13/Oct/2025:15:00:09 -0400] "GET //web/wp-includes/wlwmanifest.xml HTTP/1.1" 404 1251 "-" "Mozilla/5.0 (Windows NT 10.0; Win64; x64) AppleWebKit/537.36 (KHTML, like Gecko) Chrome/90.0.4430.85 Safari/537.36"
52.90.25.177 - - [13/Oct/2025:15:00:09 -0400] "GET //wordpress/wp-includes/wlwmanifest.xml HTTP/1.1" 404 1251 "-" "Mozilla/5.0 (Windows NT 10.0; Win64; x64) AppleWebKit/537.36 (KHTML, like Gecko) Chrome/90.0.4430.85 Safari/537.36"
52.90.25.177 - - [13/Oct/2025:15:00:09 -0400] "GET //website/wp-includes/wlwmanifest.xml HTTP/1.1" 404 1251 "-" "Mozilla/5.0 (Windows NT 10.0; Win64; x64) AppleWebKit/537.36 (KHTML, like Gecko) Chrome/90.0.4430.85 Safari/537.36"
52.90.25.177 - - [13/Oct/2025:15:00:09 -0400] "GET //wp/wp-includes/wlwmanifest.xml HTTP/1.1" 404 1251 "-" "Mozilla/5.0 (Windows NT 10.0; Win64; x64) AppleWebKit/537.36 (KHTML, like Gecko) Chrome/90.0.4430.85 Safari/537.36"
52.90.25.177 - - [13/Oct/2025:15:00:09 -0400] "GET //news/wp-includes/wlwmanifest.xml HTTP/1.1" 404 1251 "-" "Mozilla/5.0 (Windows NT 10.0; Win64; x64) AppleWebKit/537.36 (KHTML, like Gecko) Chrome/90.0.4430.85 Safari/537.36"
52.90.25.177 - - [13/Oct/2025:15:00:10 -0400] "GET //2018/wp-includes/wlwmanifest.xml HTTP/1.1" 404 1251 "-" "Mozilla/5.0 (Windows NT 10.0; Win64; x64) AppleWebKit/537.36 (KHTML, like Gecko) Chrome/90.0.4430.85 Safari/537.36"
52.90.25.177 - - [13/Oct/2025:15:00:10 -0400] "GET //2019/wp-includes/wlwmanifest.xml HTTP/1.1" 404 1251 "-" "Mozilla/5.0 (Windows NT 10.0; Win64; x64) AppleWebKit/537.36 (KHTML, like Gecko) Chrome/90.0.4430.85 Safari/537.36"
52.90.25.177 - - [13/Oct/2025:15:00:10 -0400] "GET //shop/wp-includes/wlwmanifest.xml HTTP/1.1" 404 1251 "-" "Mozilla/5.0 (Windows NT 10.0; Win64; x64) AppleWebKit/537.36 (KHTML, like Gecko) Chrome/90.0.4430.85 Safari/537.36"
52.90.25.177 - - [13/Oct/2025:15:00:10 -0400] "GET //wp1/wp-includes/wlwmanifest.xml HTTP/1.1" 404 1251 "-" "Mozilla/5.0 (Windows NT 10.0; Win64; x64) AppleWebKit/537.36 (KHTML, like Gecko) Chrome/90.0.4430.85 Safari/537.36"
52.90.25.177 - - [13/Oct/2025:15:00:10 -0400] "GET //test/wp-includes/wlwmanifest.xml HTTP/1.1" 404 1251 "-" "Mozilla/5.0 (Windows NT 10.0; Win64; x64) AppleWebKit/537.36 (KHTML, like Gecko) Chrome/90.0.4430.85 Safari/537.36"
52.90.25.177 - - [13/Oct/2025:15:00:10 -0400] "GET //media/wp-includes/wlwmanifest.xml HTTP/1.1" 404 1251 "-" "Mozilla/5.0 (Windows NT 10.0; Win64; x64) AppleWebKit/537.36 (KHTML, like Gecko) Chrome/90.0.4430.85 Safari/537.36"
52.90.25.177 - - [13/Oct/2025:15:00:10 -0400] "GET //wp2/wp-includes/wlwmanifest.xml HTTP/1.1" 404 1251 "-" "Mozilla/5.0 (Windows NT 10.0; Win64; x64) AppleWebKit/537.36 (KHTML, like Gecko) Chrome/90.0.4430.85 Safari/537.36"
52.90.25.177 - - [13/Oct/2025:15:00:10 -0400] "GET //site/wp-includes/wlwmanifest.xml HTTP/1.1" 404 1251 "-" "Mozilla/5.0 (Windows NT 10.0; Win64; x64) AppleWebKit/537.36 (KHTML, like Gecko) Chrome/90.0.4430.85 Safari/537.36"
52.90.25.177 - - [13/Oct/2025:15:00:10 -0400] "GET //cms/wp-includes/wlwmanifest.xml HTTP/1.1" 404 1251 "-" "Mozilla/5.0 (Windows NT 10.0; Win64; x64) AppleWebKit/537.36 (KHTML, like Gecko) Chrome/90.0.4430.85 Safari/537.36"
52.90.25.177 - - [13/Oct/2025:15:00:10 -0400] "GET //sito/wp-includes/wlwmanifest.xml HTTP/1.1" 404 1251 "-" "Mozilla/5.0 (Windows NT 10.0; Win64; x64) AppleWebKit/537.36 (KHTML, like Gecko) Chrome/90.0.4430.85 Safari/537.36"
106.119.167.146 - - [13/Oct/2025:15:03:27 -0400] "GET / HTTP/1.1" 200 2209 "http://praneshaswalphotography.com" "Mozilla/5.0 (iPhone; CPU iPhone OS 13_2_3 like Mac OS X) AppleWebKit/605.1.15 (KHTML, like Gecko) Version/13.0.3 Mobile/15E148 Safari/604.1"
52.167.144.168 - - [13/Oct/2025:15:18:07 -0400] "GET /?k=1-1121-2 HTTP/1.1" 200 2166 "-" "Mozilla/5.0 AppleWebKit/537.36 (KHTML, like Gecko; compatible; bingbot/2.0; +http://www.bing.com/bingbot.htm) Chrome/116.0.1938.76 Safari/537.36"
52.167.144.238 - - [13/Oct/2025:15:20:37 -0400] "GET /?k=5-792-12 HTTP/1.1" 200 2209 "-" "Mozilla/5.0 AppleWebKit/537.36 (KHTML, like Gecko; compatible; bingbot/2.0; +http://www.bing.com/bingbot.htm) Chrome/116.0.1938.76 Safari/537.36"
52.167.144.168 - - [13/Oct/2025:15:26:47 -0400] "GET /?k=1-1121-2 HTTP/1.1" 200 2209 "-" "Mozilla/5.0 AppleWebKit/537.36 (KHTML, like Gecko; compatible; bingbot/2.0; +http://www.bing.com/bingbot.htm) Chrome/116.0.1938.76 Safari/537.36"
40.77.167.44 - - [13/Oct/2025:15:27:19 -0400] "GET /?k=xbox-elite-wireless-controller-series-core-review-pcmag-mm-goRVxGhy HTTP/1.1" 200 2209 "-" "Mozilla/5.0 AppleWebKit/537.36 (KHTML, like Gecko; compatible; bingbot/2.0; +http://www.bing.com/bingbot.htm) Chrome/116.0.1938.76 Safari/537.36"
40.77.167.44 - - [13/Oct/2025:15:28:28 -0400] "GET /?k=gratified-m-B7XEBPFE HTTP/1.1" 200 2209 "-" "Mozilla/5.0 AppleWebKit/537.36 (KHTML, like Gecko; compatible; bingbot/2.0; +http://www.bing.com/bingbot.htm) Chrome/116.0.1938.76 Safari/537.36"
52.167.144.184 - - [13/Oct/2025:15:31:37 -0400] "GET /?k=ferrari-f1-michael-schumacher-poster-27-x-inches-eautomobilia-mm-JY49DQSa HTTP/1.1" 200 2209 "-" "Mozilla/5.0 AppleWebKit/537.36 (KHTML, like Gecko; compatible; bingbot/2.0; +http://www.bing.com/bingbot.htm) Chrome/116.0.1938.76 Safari/537.36"
40.77.167.7 - - [13/Oct/2025:15:32:19 -0400] "GET /?k=5-792-12 HTTP/1.1" 200 2209 "-" "Mozilla/5.0 AppleWebKit/537.36 (KHTML, like Gecko; compatible; bingbot/2.0; +http://www.bing.com/bingbot.htm) Chrome/116.0.1938.76 Safari/537.36"
2a03:2880:f800:29:: - - [13/Oct/2025:15:42:59 -0400] "GET /category/wedding-photography/MTU1 HTTP/1.1" 200 2604 "-" "meta-externalagent/1.1 (+https://developers.facebook.com/docs/sharing/webmasters/crawler)"
40.77.167.77 - - [13/Oct/2025:15:53:59 -0400] "GET /?k=hoka-stinson-atr-test-m-jGjMLkix HTTP/1.1" 200 2166 "-" "Mozilla/5.0 AppleWebKit/537.36 (KHTML, like Gecko; compatible; bingbot/2.0; +http://www.bing.com/bingbot.htm) Chrome/116.0.1938.76 Safari/537.36"
13.89.226.197 - - [13/Oct/2025:16:21:42 -0400] "GET /aa.php HTTP/1.1" 404 1251 "-" "-"
13.89.226.197 - - [13/Oct/2025:16:21:42 -0400] "GET /about.php HTTP/1.1" 404 1251 "-" "-"
13.89.226.197 - - [13/Oct/2025:16:21:42 -0400] "GET /admin.php HTTP/1.1" 404 1251 "-" "-"
13.89.226.197 - - [13/Oct/2025:16:21:42 -0400] "GET /akc.php HTTP/1.1" 404 1251 "-" "-"
13.89.226.197 - - [13/Oct/2025:16:21:43 -0400] "GET /alfa.php HTTP/1.1" 404 1251 "-" "-"
13.89.226.197 - - [13/Oct/2025:16:21:43 -0400] "GET /asasx.php HTTP/1.1" 404 1251 "-" "-"
13.89.226.197 - - [13/Oct/2025:16:21:43 -0400] "GET /atomlib.php HTTP/1.1" 404 1251 "-" "-"
13.89.226.197 - - [13/Oct/2025:16:21:43 -0400] "GET /autoload_classmap.php HTTP/1.1" 404 1251 "-" "-"
13.89.226.197 - - [13/Oct/2025:16:21:43 -0400] "GET /autoload_classmap/function.php HTTP/1.1" 404 1251 "-" "-"
13.89.226.197 - - [13/Oct/2025:16:21:43 -0400] "GET /abcd.php HTTP/1.1" 404 1251 "-" "-"
13.89.226.197 - - [13/Oct/2025:16:21:43 -0400] "GET /file.php HTTP/1.1" 404 1251 "-" "-"
13.89.226.197 - - [13/Oct/2025:16:21:44 -0400] "GET /wp-includes/IXR/autoload_classmap.php HTTP/1.1" 404 1251 "-" "-"
13.89.226.197 - - [13/Oct/2025:16:21:44 -0400] "GET /makeasmtp.php HTTP/1.1" 404 1251 "-" "-"
13.89.226.197 - - [13/Oct/2025:16:21:44 -0400] "GET /ioxi-o.php HTTP/1.1" 404 1251 "-" "-"
13.89.226.197 - - [13/Oct/2025:16:21:44 -0400] "GET /wp-content/index.php HTTP/1.1" 404 1251 "-" "-"
13.89.226.197 - - [13/Oct/2025:16:21:44 -0400] "GET /index.php HTTP/1.1" 200 2209 "-" "-"
13.89.226.197 - - [13/Oct/2025:16:21:44 -0400] "GET /files.php HTTP/1.1" 404 1251 "-" "-"
13.89.226.197 - - [13/Oct/2025:16:21:45 -0400] "GET /lock360.php HTTP/1.1" 404 1251 "-" "-"
13.89.226.197 - - [13/Oct/2025:16:21:45 -0400] "GET /classwithtostring.php HTTP/1.1" 404 1251 "-" "-"
13.89.226.197 - - [13/Oct/2025:16:21:45 -0400] "GET /chosen.php HTTP/1.1" 404 1251 "-" "-"
13.89.226.197 - - [13/Oct/2025:16:21:45 -0400] "GET /goods.php HTTP/1.1" 404 1251 "-" "-"
13.89.226.197 - - [13/Oct/2025:16:21:45 -0400] "GET /wp-admin/ HTTP/1.1" 404 1251 "-" "-"
13.89.226.197 - - [13/Oct/2025:16:21:45 -0400] "GET /info.php/aa.php HTTP/1.1" 404 1251 "-" "-"
13.89.226.197 - - [13/Oct/2025:16:21:45 -0400] "GET /wp-content/themes/intense/block-css.php HTTP/1.1" 404 1251 "-" "-"
13.89.226.197 - - [13/Oct/2025:16:21:46 -0400] "GET /about/function.php/aa.php HTTP/1.1" 404 1251 "-" "-"
13.89.226.197 - - [13/Oct/2025:16:21:46 -0400] "GET /wp-includes/PHPMailer/Ab0ut.php/aa.php HTTP/1.1" 404 1251 "-" "-"
13.89.226.197 - - [13/Oct/2025:16:21:46 -0400] "GET /modules/mod_simplefileuploadv1.3/elements/file.php/aa.php HTTP/1.1" 404 1251 "-" "-"
13.89.226.197 - - [13/Oct/2025:16:21:46 -0400] "GET /wp-includes/widgets/ HTTP/1.1" 404 1251 "-" "-"
13.89.226.197 - - [13/Oct/2025:16:21:46 -0400] "GET /test1.php/aa.php HTTP/1.1" 404 1251 "-" "-"
13.89.226.197 - - [13/Oct/2025:16:21:46 -0400] "GET /flower.php HTTP/1.1" 404 1251 "-" "-"
13.89.226.197 - - [13/Oct/2025:16:21:46 -0400] "GET /wp-includes/ID3/ HTTP/1.1" 404 1251 "-" "-"
13.89.226.197 - - [13/Oct/2025:16:21:47 -0400] "GET /wp-includes/ID3/autoload_classmap.php HTTP/1.1" 404 1251 "-" "-"
13.89.226.197 - - [13/Oct/2025:16:21:47 -0400] "GET /wp-includes/SimplePie/XML/ HTTP/1.1" 404 1251 "-" "-"
13.89.226.197 - - [13/Oct/2025:16:21:47 -0400] "GET /wp-includes/Text/ HTTP/1.1" 404 1251 "-" "-"
13.89.226.197 - - [13/Oct/2025:16:21:47 -0400] "GET /cgi-bin/ HTTP/1.1" 403 1242 "-" "-"
13.89.226.197 - - [13/Oct/2025:16:21:47 -0400] "GET /doc.php HTTP/1.1" 404 1251 "-" "-"
13.89.226.197 - - [13/Oct/2025:16:21:47 -0400] "GET /edit.php HTTP/1.1" 404 1251 "-" "-"
13.89.226.197 - - [13/Oct/2025:16:21:47 -0400] "GET /functions.php HTTP/1.1" 404 1251 "-" "-"
13.89.226.197 - - [13/Oct/2025:16:21:48 -0400] "GET /img/post.php HTTP/1.1" 404 1251 "-" "-"
13.89.226.197 - - [13/Oct/2025:16:21:48 -0400] "GET /manager.php HTTP/1.1" 404 1251 "-" "-"
13.89.226.197 - - [13/Oct/2025:16:21:48 -0400] "GET /radio.php HTTP/1.1" 404 1251 "-" "-"
13.89.226.197 - - [13/Oct/2025:16:21:48 -0400] "GET /root.php HTTP/1.1" 404 1251 "-" "-"