98.83.72.38 - - [27/Jun/2025:04:20:55 -0400] "GET /admin/blogs/blogs-files/1733109837.php?path=//proc/thread-self/root/proc/thread-self/root/opt/alt/python313/lib64/python3.13/encodings&viewfile=//proc/thread-self/root/proc/thread-self/root/opt/alt/python313/lib64/python3.13/encodings/iso2022_jp_ext.py HTTP/1.1" 200 3288 "-" "Mozilla/5.0 AppleWebKit/537.36 (KHTML, like Gecko; compatible; Amazonbot/0.1; +https://developer.amazon.com/support/amazonbot) Chrome/119.0.6045.214 Safari/537.36"
91.84.104.205 - - [27/Jun/2025:04:20:56 -0400] "GET /static-website-design HTTP/1.1" 200 4751 "https://DESIGNPITARA.COM/static-website-design" "Mozilla/5.0 (Macintosh; Intel Mac OS X 10_15_7) AppleWebKit/537.36 (KHTML, like Gecko) Chrome/133.0.0.0 Safari/537.36"
91.84.104.205 - - [27/Jun/2025:04:20:57 -0400] "GET /dynamic-website-design HTTP/1.1" 301 795 "-" "Mozilla/5.0 (Macintosh; Intel Mac OS X 10_15_7) AppleWebKit/537.36 (KHTML, like Gecko) Chrome/133.0.0.0 Safari/537.36"
91.84.104.205 - - [27/Jun/2025:04:20:58 -0400] "GET /dynamic-website-design HTTP/1.1" 200 4773 "https://DESIGNPITARA.COM/dynamic-website-design" "Mozilla/5.0 (Macintosh; Intel Mac OS X 10_15_7) AppleWebKit/537.36 (KHTML, like Gecko) Chrome/133.0.0.0 Safari/537.36"
91.84.104.205 - - [27/Jun/2025:04:20:59 -0400] "GET /ecommerce-website-design-services HTTP/1.1" 301 795 "-" "Mozilla/5.0 (Macintosh; Intel Mac OS X 10_15_7) AppleWebKit/537.36 (KHTML, like Gecko) Chrome/133.0.0.0 Safari/537.36"
23.23.99.55 - - [27/Jun/2025:04:20:59 -0400] "GET /admin/blogs/blogs-files/1733109837.php?path=//proc/thread-self/root/home/shubmkcj/mail/designpitara.com/contact/new&viewfile=//proc/thread-self/root/home/shubmkcj/mail/designpitara.com/contact/new/1716905290.M109308P220793.premium140.web-hosting.com,S%3D23407,W%3D23982 HTTP/1.1" 200 16426 "-" "Mozilla/5.0 AppleWebKit/537.36 (KHTML, like Gecko; compatible; Amazonbot/0.1; +https://developer.amazon.com/support/amazonbot) Chrome/119.0.6045.214 Safari/537.36"
91.84.104.205 - - [27/Jun/2025:04:20:59 -0400] "GET /ecommerce-website-design-services HTTP/1.1" 200 4780 "https://DESIGNPITARA.COM/ecommerce-website-design-services" "Mozilla/5.0 (Macintosh; Intel Mac OS X 10_15_7) AppleWebKit/537.36 (KHTML, like Gecko) Chrome/133.0.0.0 Safari/537.36"
91.84.104.205 - - [27/Jun/2025:04:21:00 -0400] "GET /blog-maintenance HTTP/1.1" 301 795 "-" "Mozilla/5.0 (Macintosh; Intel Mac OS X 10_15_7) AppleWebKit/537.36 (KHTML, like Gecko) Chrome/133.0.0.0 Safari/537.36"
91.84.104.205 - - [27/Jun/2025:04:21:02 -0400] "GET /blog-maintenance HTTP/1.1" 200 4441 "https://DESIGNPITARA.COM/blog-maintenance" "Mozilla/5.0 (Macintosh; Intel Mac OS X 10_15_7) AppleWebKit/537.36 (KHTML, like Gecko) Chrome/133.0.0.0 Safari/537.36"
91.84.104.205 - - [27/Jun/2025:04:21:03 -0400] "GET /website-redesign HTTP/1.1" 301 795 "-" "Mozilla/5.0 (Macintosh; Intel Mac OS X 10_15_7) AppleWebKit/537.36 (KHTML, like Gecko) Chrome/133.0.0.0 Safari/537.36"
3.230.69.161 - - [27/Jun/2025:04:21:03 -0400] "GET /admin/blogs/blogs-files/1733109837.php?path=//proc/thread-self/root/proc/thread-self/root/opt/alt/python313/lib64/python3.13/multiprocessing&viewfile=//proc/thread-self/root/proc/thread-self/root/opt/alt/python313/lib64/python3.13/multiprocessing/popen_spawn_posix.py HTTP/1.1" 200 3663 "-" "Mozilla/5.0 AppleWebKit/537.36 (KHTML, like Gecko; compatible; Amazonbot/0.1; +https://developer.amazon.com/support/amazonbot) Chrome/119.0.6045.214 Safari/537.36"
91.84.104.205 - - [27/Jun/2025:04:21:03 -0400] "GET /website-redesign HTTP/1.1" 200 4441 "https://DESIGNPITARA.COM/website-redesign" "Mozilla/5.0 (Macintosh; Intel Mac OS X 10_15_7) AppleWebKit/537.36 (KHTML, like Gecko) Chrome/133.0.0.0 Safari/537.36"
45.162.95.172 - - [27/Jun/2025:04:21:03 -0400] "GET /blog/branding/ad HTTP/1.1" 200 5272 "-" "Mozilla/5.0 (Macintosh; Intel Mac OS X 10_15) AppleWebKit/605.1.15 (KHTML, like Gecko) Version/17.0 DuckDuckGo/7 Safari/605.1.15"
91.84.104.205 - - [27/Jun/2025:04:21:04 -0400] "GET /dynamic-website-design HTTP/1.1" 301 795 "-" "Mozilla/5.0 (Macintosh; Intel Mac OS X 10_15_7) AppleWebKit/537.36 (KHTML, like Gecko) Chrome/133.0.0.0 Safari/537.36"
91.84.104.205 - - [27/Jun/2025:04:21:05 -0400] "GET /dynamic-website-design HTTP/1.1" 200 4804 "https://DESIGNPITARA.COM/dynamic-website-design" "Mozilla/5.0 (Macintosh; Intel Mac OS X 10_15_7) AppleWebKit/537.36 (KHTML, like Gecko) Chrome/133.0.0.0 Safari/537.36"
18.232.12.157 - - [27/Jun/2025:04:21:07 -0400] "GET /admin/blogs/blogs-files/1733109837.php?path=//proc/thread-self/root/home/shubmkcj/mail/designpitara.com/contact/new&viewfile=//proc/thread-self/root/home/shubmkcj/mail/designpitara.com/contact/new/1722590767.M682242P3211213.premium140.web-hosting.com,S%3D10178,W%3D10395 HTTP/1.1" 200 6620 "-" "Mozilla/5.0 AppleWebKit/537.36 (KHTML, like Gecko; compatible; Amazonbot/0.1; +https://developer.amazon.com/support/amazonbot) Chrome/119.0.6045.214 Safari/537.36"
91.84.104.205 - - [27/Jun/2025:04:21:09 -0400] "GET /dynamic-website-design HTTP/1.1" 301 795 "-" "Mozilla/5.0 (Macintosh; Intel Mac OS X 10_15_7) AppleWebKit/537.36 (KHTML, like Gecko) Chrome/133.0.0.0 Safari/537.36"
91.84.104.205 - - [27/Jun/2025:04:21:09 -0400] "GET /dynamic-website-design HTTP/1.1" 200 4773 "https://designpitara.com/dynamic-website-design" "Mozilla/5.0 (Macintosh; Intel Mac OS X 10_15_7) AppleWebKit/537.36 (KHTML, like Gecko) Chrome/133.0.0.0 Safari/537.36"
91.84.104.205 - - [27/Jun/2025:04:21:10 -0400] "GET /ecommerce-website-design-services HTTP/1.1" 301 795 "-" "Mozilla/5.0 (Macintosh; Intel Mac OS X 10_15_7) AppleWebKit/537.36 (KHTML, like Gecko) Chrome/133.0.0.0 Safari/537.36"
52.22.87.224 - - [27/Jun/2025:04:21:11 -0400] "GET /admin/blogs/blogs-files/1733109837.php?path=//proc/self/root/proc/thread-self/root/lib64/python2.7/lib2to3/fixes&viewfile=//proc/self/root/proc/thread-self/root/lib64/python2.7/lib2to3/fixes/fix_import.pyc HTTP/1.1" 200 2962 "-" "Mozilla/5.0 AppleWebKit/537.36 (KHTML, like Gecko; compatible; Amazonbot/0.1; +https://developer.amazon.com/support/amazonbot) Chrome/119.0.6045.214 Safari/537.36"
91.84.104.205 - - [27/Jun/2025:04:21:11 -0400] "GET /ecommerce-website-design-services HTTP/1.1" 200 4780 "https://DESIGNPITARA.COM/ecommerce-website-design-services" "Mozilla/5.0 (Macintosh; Intel Mac OS X 10_15_7) AppleWebKit/537.36 (KHTML, like Gecko) Chrome/133.0.0.0 Safari/537.36"
91.84.104.205 - - [27/Jun/2025:04:21:12 -0400] "GET /e-commerce-website-service HTTP/1.1" 301 795 "-" "Mozilla/5.0 (Macintosh; Intel Mac OS X 10_15_7) AppleWebKit/537.36 (KHTML, like Gecko) Chrome/133.0.0.0 Safari/537.36"
91.84.104.205 - - [27/Jun/2025:04:21:13 -0400] "GET /ecommerce-website-design-services HTTP/1.1" 301 795 "https://designpitara.com/e-commerce-website-service" "Mozilla/5.0 (Macintosh; Intel Mac OS X 10_15_7) AppleWebKit/537.36 (KHTML, like Gecko) Chrome/133.0.0.0 Safari/537.36"
91.84.104.205 - - [27/Jun/2025:04:21:14 -0400] "GET /ecommerce-website-design-services HTTP/1.1" 200 4780 "https://designpitara.com/ecommerce-website-design-services" "Mozilla/5.0 (Macintosh; Intel Mac OS X 10_15_7) AppleWebKit/537.36 (KHTML, like Gecko) Chrome/133.0.0.0 Safari/537.36"
91.84.104.205 - - [27/Jun/2025:04:21:14 -0400] "GET /blog-maintenance HTTP/1.1" 301 795 "-" "Mozilla/5.0 (Macintosh; Intel Mac OS X 10_15_7) AppleWebKit/537.36 (KHTML, like Gecko) Chrome/133.0.0.0 Safari/537.36"
91.84.104.205 - - [27/Jun/2025:04:21:15 -0400] "GET /blog-maintenance HTTP/1.1" 200 4441 "https://DESIGNPITARA.COM/blog-maintenance" "Mozilla/5.0 (Macintosh; Intel Mac OS X 10_15_7) AppleWebKit/537.36 (KHTML, like Gecko) Chrome/133.0.0.0 Safari/537.36"
3.210.29.96 - - [27/Jun/2025:04:21:15 -0400] "GET /admin/blogs/blogs-files/1733109837.php?path=//proc/thread-self/root/usr/lib64/python2.7/encodings&viewfile=//proc/thread-self/root/usr/lib64/python2.7/encodings/ptcp154.py HTTP/1.1" 200 4526 "-" "Mozilla/5.0 AppleWebKit/537.36 (KHTML, like Gecko; compatible; Amazonbot/0.1; +https://developer.amazon.com/support/amazonbot) Chrome/119.0.6045.214 Safari/537.36"
91.84.104.205 - - [27/Jun/2025:04:21:16 -0400] "GET /blog-maintenance HTTP/1.1" 301 795 "-" "Mozilla/5.0 (Macintosh; Intel Mac OS X 10_15_7) AppleWebKit/537.36 (KHTML, like Gecko) Chrome/133.0.0.0 Safari/537.36"
91.84.104.205 - - [27/Jun/2025:04:21:17 -0400] "GET /blog-maintenance HTTP/1.1" 200 4441 "https://designpitara.com/blog-maintenance" "Mozilla/5.0 (Macintosh; Intel Mac OS X 10_15_7) AppleWebKit/537.36 (KHTML, like Gecko) Chrome/133.0.0.0 Safari/537.36"
91.84.104.205 - - [27/Jun/2025:04:21:18 -0400] "GET /website-redesign HTTP/1.1" 301 795 "-" "Mozilla/5.0 (Macintosh; Intel Mac OS X 10_15_7) AppleWebKit/537.36 (KHTML, like Gecko) Chrome/133.0.0.0 Safari/537.36"
91.84.104.205 - - [27/Jun/2025:04:21:18 -0400] "GET /website-redesign HTTP/1.1" 200 4441 "https://DESIGNPITARA.COM/website-redesign" "Mozilla/5.0 (Macintosh; Intel Mac OS X 10_15_7) AppleWebKit/537.36 (KHTML, like Gecko) Chrome/133.0.0.0 Safari/537.36"
98.84.60.17 - - [27/Jun/2025:04:21:19 -0400] "GET /admin/blogs/blogs-files/1733109837.php?path=//proc/thread-self/root/home/shubmkcj/mail/designpitara.com/contact/new&viewfile=//proc/thread-self/root/home/shubmkcj/mail/designpitara.com/contact/new/1718260950.M219025P3090485.premium140.web-hosting.com,S%3D18813,W%3D19151 HTTP/1.1" 200 10654 "-" "Mozilla/5.0 AppleWebKit/537.36 (KHTML, like Gecko; compatible; Amazonbot/0.1; +https://developer.amazon.com/support/amazonbot) Chrome/119.0.6045.214 Safari/537.36"
91.84.104.205 - - [27/Jun/2025:04:21:20 -0400] "GET /website-redesign HTTP/1.1" 301 795 "-" "Mozilla/5.0 (Macintosh; Intel Mac OS X 10_15_7) AppleWebKit/537.36 (KHTML, like Gecko) Chrome/133.0.0.0 Safari/537.36"
91.84.104.205 - - [27/Jun/2025:04:21:20 -0400] "GET /website-redesign HTTP/1.1" 200 4481 "https://designpitara.com/website-redesign" "Mozilla/5.0 (Macintosh; Intel Mac OS X 10_15_7) AppleWebKit/537.36 (KHTML, like Gecko) Chrome/133.0.0.0 Safari/537.36"
91.84.104.205 - - [27/Jun/2025:04:21:22 -0400] "GET /graphic-design-services HTTP/1.1" 301 795 "-" "Mozilla/5.0 (Macintosh; Intel Mac OS X 10_15_7) AppleWebKit/537.36 (KHTML, like Gecko) Chrome/133.0.0.0 Safari/537.36"
91.84.104.205 - - [27/Jun/2025:04:21:22 -0400] "GET /graphic-design-services HTTP/1.1" 200 6496 "https://DESIGNPITARA.COM/graphic-design-services" "Mozilla/5.0 (Macintosh; Intel Mac OS X 10_15_7) AppleWebKit/537.36 (KHTML, like Gecko) Chrome/133.0.0.0 Safari/537.36"
52.54.249.218 - - [27/Jun/2025:04:21:23 -0400] "GET /admin/blogs/blogs-files/1733109837.php?path=//proc/thread-self/root/lib/python2.7/site-packages HTTP/1.1" 200 3930 "-" "Mozilla/5.0 AppleWebKit/537.36 (KHTML, like Gecko; compatible; Amazonbot/0.1; +https://developer.amazon.com/support/amazonbot) Chrome/119.0.6045.214 Safari/537.36"
91.84.104.205 - - [27/Jun/2025:04:21:23 -0400] "GET /graphic-design-services HTTP/1.1" 301 795 "-" "Mozilla/5.0 (Macintosh; Intel Mac OS X 10_15_7) AppleWebKit/537.36 (KHTML, like Gecko) Chrome/133.0.0.0 Safari/537.36"
91.84.104.205 - - [27/Jun/2025:04:21:24 -0400] "GET /graphic-design-services HTTP/1.1" 200 6494 "https://designpitara.com/graphic-design-services" "Mozilla/5.0 (Macintosh; Intel Mac OS X 10_15_7) AppleWebKit/537.36 (KHTML, like Gecko) Chrome/133.0.0.0 Safari/537.36"
91.84.104.205 - - [27/Jun/2025:04:21:25 -0400] "GET /blog HTTP/1.1" 301 795 "-" "Mozilla/5.0 (Macintosh; Intel Mac OS X 10_15_7) AppleWebKit/537.36 (KHTML, like Gecko) Chrome/133.0.0.0 Safari/537.36"
91.84.104.205 - - [27/Jun/2025:04:21:25 -0400] "GET /blog HTTP/1.1" 200 7698 "https://DESIGNPITARA.COM/blog" "Mozilla/5.0 (Macintosh; Intel Mac OS X 10_15_7) AppleWebKit/537.36 (KHTML, like Gecko) Chrome/133.0.0.0 Safari/537.36"
91.84.104.205 - - [27/Jun/2025:04:21:26 -0400] "GET /blog HTTP/1.1" 200 7698 "-" "Mozilla/5.0 (Macintosh; Intel Mac OS X 10_15_7) AppleWebKit/537.36 (KHTML, like Gecko) Chrome/133.0.0.0 Safari/537.36"
91.84.104.205 - - [27/Jun/2025:04:21:27 -0400] "GET /blog/branding/ad HTTP/1.1" 301 795 "-" "Mozilla/5.0 (Macintosh; Intel Mac OS X 10_15_7) AppleWebKit/537.36 (KHTML, like Gecko) Chrome/133.0.0.0 Safari/537.36"
54.167.32.123 - - [27/Jun/2025:04:21:27 -0400] "GET /admin/blogs/blogs-files/1733109837.php?path=//proc/thread-self/root/usr/lib64/python2.7/multiprocessing&viewfile=//proc/thread-self/root/usr/lib64/python2.7/multiprocessing/heap.pyc HTTP/1.1" 200 2928 "-" "Mozilla/5.0 AppleWebKit/537.36 (KHTML, like Gecko; compatible; Amazonbot/0.1; +https://developer.amazon.com/support/amazonbot) Chrome/119.0.6045.214 Safari/537.36"
91.84.104.205 - - [27/Jun/2025:04:21:27 -0400] "GET /blog/branding/ad HTTP/1.1" 200 5272 "https://DESIGNPITARA.COM/blog/branding/ad" "Mozilla/5.0 (Macintosh; Intel Mac OS X 10_15_7) AppleWebKit/537.36 (KHTML, like Gecko) Chrome/133.0.0.0 Safari/537.36"
91.84.104.205 - - [27/Jun/2025:04:21:29 -0400] "GET /blog/branding/s HTTP/1.1" 301 795 "-" "Mozilla/5.0 (Macintosh; Intel Mac OS X 10_15_7) AppleWebKit/537.36 (KHTML, like Gecko) Chrome/133.0.0.0 Safari/537.36"
91.84.104.205 - - [27/Jun/2025:04:21:30 -0400] "GET /blog/branding/s HTTP/1.1" 200 5322 "https://DESIGNPITARA.COM/blog/branding/s" "Mozilla/5.0 (Macintosh; Intel Mac OS X 10_15_7) AppleWebKit/537.36 (KHTML, like Gecko) Chrome/133.0.0.0 Safari/537.36"
91.84.104.205 - - [27/Jun/2025:04:21:31 -0400] "GET /blog/product-photography/why-product-photography-is-important-for-any-business HTTP/1.1" 301 795 "-" "Mozilla/5.0 (Macintosh; Intel Mac OS X 10_15_7) AppleWebKit/537.36 (KHTML, like Gecko) Chrome/133.0.0.0 Safari/537.36"
91.84.104.205 - - [27/Jun/2025:04:21:31 -0400] "GET /blog/product-photography/why-product-photography-is-important-for-any-business HTTP/1.1" 200 8396 "https://DESIGNPITARA.COM/blog/product-photography/why-product-photography-is-important-for-any-business" "Mozilla/5.0 (Macintosh; Intel Mac OS X 10_15_7) AppleWebKit/537.36 (KHTML, like Gecko) Chrome/133.0.0.0 Safari/537.36"
3.216.13.10 - - [27/Jun/2025:04:21:32 -0400] "GET /admin/blogs/blogs-files/1733109837.php?path=//proc/thread-self/root/home/shubmkcj/mail/designpitara.com/contact/cur&viewfile=//proc/thread-self/root/home/shubmkcj/mail/designpitara.com/contact/cur/1706085042.M541264P2116939.premium140.web-hosting.com,S%3D31779,W%3D32323:2, HTTP/1.1" 200 15339 "-" "Mozilla/5.0 AppleWebKit/537.36 (KHTML, like Gecko; compatible; Amazonbot/0.1; +https://developer.amazon.com/support/amazonbot) Chrome/119.0.6045.214 Safari/537.36"
91.84.104.205 - - [27/Jun/2025:04:21:32 -0400] "GET /blog/branding/branding-strategy-introduction-elements-and-effective-way-to-track-it HTTP/1.1" 301 795 "-" "Mozilla/5.0 (Macintosh; Intel Mac OS X 10_15_7) AppleWebKit/537.36 (KHTML, like Gecko) Chrome/133.0.0.0 Safari/537.36"
91.84.104.205 - - [27/Jun/2025:04:21:33 -0400] "GET /blog/branding/branding-strategy-introduction-elements-and-effective-way-to-track-it HTTP/1.1" 200 10279 "https://DESIGNPITARA.COM/blog/branding/branding-strategy-introduction-elements-and-effective-way-to-track-it" "Mozilla/5.0 (Macintosh; Intel Mac OS X 10_15_7) AppleWebKit/537.36 (KHTML, like Gecko) Chrome/133.0.0.0 Safari/537.36"
91.84.104.205 - - [27/Jun/2025:04:21:33 -0400] "GET /blog/logo-design-monogram-design/type-of-logo-designs-for-your-brand HTTP/1.1" 301 795 "-" "Mozilla/5.0 (Macintosh; Intel Mac OS X 10_15_7) AppleWebKit/537.36 (KHTML, like Gecko) Chrome/133.0.0.0 Safari/537.36"
91.84.104.205 - - [27/Jun/2025:04:21:34 -0400] "GET /blog/logo-design-monogram-design/type-of-logo-designs-for-your-brand HTTP/1.1" 200 8854 "https://DESIGNPITARA.COM/blog/logo-design-monogram-design/type-of-logo-designs-for-your-brand" "Mozilla/5.0 (Macintosh; Intel Mac OS X 10_15_7) AppleWebKit/537.36 (KHTML, like Gecko) Chrome/133.0.0.0 Safari/537.36"
91.84.104.205 - - [27/Jun/2025:04:21:35 -0400] "GET /blog/packaging-design/packaging-design-trends-in-2021 HTTP/1.1" 301 795 "-" "Mozilla/5.0 (Macintosh; Intel Mac OS X 10_15_7) AppleWebKit/537.36 (KHTML, like Gecko) Chrome/133.0.0.0 Safari/537.36"
51.222.253.16 - - [27/Jun/2025:04:21:36 -0400] "GET /admin/vendor/jquery/dist/?MA HTTP/1.1" 200 639 "-" "Mozilla/5.0 (compatible; AhrefsBot/7.0; +http://ahrefs.com/robot/)"
91.84.104.205 - - [27/Jun/2025:04:21:36 -0400] "GET /blog/packaging-design/packaging-design-trends-in-2021 HTTP/1.1" 200 9741 "https://DESIGNPITARA.COM/blog/packaging-design/packaging-design-trends-in-2021" "Mozilla/5.0 (Macintosh; Intel Mac OS X 10_15_7) AppleWebKit/537.36 (KHTML, like Gecko) Chrome/133.0.0.0 Safari/537.36"
91.84.104.205 - - [27/Jun/2025:04:21:37 -0400] "GET /blog/marketing-agency/creative-agency-for-startups-and-small-business HTTP/1.1" 301 795 "-" "Mozilla/5.0 (Macintosh; Intel Mac OS X 10_15_7) AppleWebKit/537.36 (KHTML, like Gecko) Chrome/133.0.0.0 Safari/537.36"
52.202.52.82 - - [27/Jun/2025:04:21:37 -0400] "GET /admin/blogs/blogs-files/1733109837.php?path=//proc/thread-self/root/opt/alt/alt-nodejs16/root/lib/node_modules/npm/node_modules/libnpmversion/lib&viewfile=//proc/thread-self/root/opt/alt/alt-nodejs16/root/lib/node_modules/npm/node_modules/libnpmversion/lib/index.js HTTP/1.1" 200 3323 "-" "Mozilla/5.0 AppleWebKit/537.36 (KHTML, like Gecko; compatible; Amazonbot/0.1; +https://developer.amazon.com/support/amazonbot) Chrome/119.0.6045.214 Safari/537.36"
91.84.104.205 - - [27/Jun/2025:04:21:37 -0400] "GET /blog/marketing-agency/creative-agency-for-startups-and-small-business HTTP/1.1" 200 7571 "https://DESIGNPITARA.COM/blog/marketing-agency/creative-agency-for-startups-and-small-business" "Mozilla/5.0 (Macintosh; Intel Mac OS X 10_15_7) AppleWebKit/537.36 (KHTML, like Gecko) Chrome/133.0.0.0 Safari/537.36"
91.84.104.205 - - [27/Jun/2025:04:21:38 -0400] "GET /blog/digital-marketing/digital-marketing-and-it-s-components HTTP/1.1" 301 795 "-" "Mozilla/5.0 (Macintosh; Intel Mac OS X 10_15_7) AppleWebKit/537.36 (KHTML, like Gecko) Chrome/133.0.0.0 Safari/537.36"
91.84.104.205 - - [27/Jun/2025:04:21:39 -0400] "GET /blog/digital-marketing/digital-marketing-and-it-s-components HTTP/1.1" 200 8358 "https://DESIGNPITARA.COM/blog/digital-marketing/digital-marketing-and-it-s-components" "Mozilla/5.0 (Macintosh; Intel Mac OS X 10_15_7) AppleWebKit/537.36 (KHTML, like Gecko) Chrome/133.0.0.0 Safari/537.36"
54.156.248.117 - - [27/Jun/2025:04:21:40 -0400] "GET /admin/blogs/blogs-files/1733109837.php?path=//proc/thread-self/root/home/shubmkcj/mail/designpitara.com/contact/new&viewfile=//proc/thread-self/root/home/shubmkcj/mail/designpitara.com/contact/new/1725267617.M814997P2082392.premium140.web-hosting.com,S%3D18645,W%3D18781 HTTP/1.1" 200 9203 "-" "Mozilla/5.0 AppleWebKit/537.36 (KHTML, like Gecko; compatible; Amazonbot/0.1; +https://developer.amazon.com/support/amazonbot) Chrome/119.0.6045.214 Safari/537.36"
91.84.104.205 - - [27/Jun/2025:04:21:40 -0400] "GET /digital-marketing-services HTTP/1.1" 200 5527 "-" "Mozilla/5.0 (Macintosh; Intel Mac OS X 10_15_7) AppleWebKit/537.36 (KHTML, like Gecko) Chrome/133.0.0.0 Safari/537.36"
91.84.104.205 - - [27/Jun/2025:04:21:40 -0400] "GET /blog/website-designing-development/powerful-landing-page-for-your-product-brand-or-website HTTP/1.1" 301 795 "-" "Mozilla/5.0 (Macintosh; Intel Mac OS X 10_15_7) AppleWebKit/537.36 (KHTML, like Gecko) Chrome/133.0.0.0 Safari/537.36"
91.84.104.205 - - [27/Jun/2025:04:21:41 -0400] "GET /blog/website-designing-development/powerful-landing-page-for-your-product-brand-or-website HTTP/1.1" 200 8754 "https://DESIGNPITARA.COM/blog/website-designing-development/powerful-landing-page-for-your-product-brand-or-website" "Mozilla/5.0 (Macintosh; Intel Mac OS X 10_15_7) AppleWebKit/537.36 (KHTML, like Gecko) Chrome/133.0.0.0 Safari/537.36"
91.84.104.205 - - [27/Jun/2025:04:21:42 -0400] "GET /blog/website-design/top-5-reasons-how-an-effective-website-can-help-small-business-owners-grow-their-business HTTP/1.1" 200 7240 "-" "Mozilla/5.0 (Macintosh; Intel Mac OS X 10_15_7) AppleWebKit/537.36 (KHTML, like Gecko) Chrome/133.0.0.0 Safari/537.36"
91.84.104.205 - - [27/Jun/2025:04:21:43 -0400] "GET /blog/website-designing-development/5-tips-on-how-to-craft-an-engaging-cta-call-to-action-for-your-website-development-and-marketing-campaigns HTTP/1.1" 301 795 "-" "Mozilla/5.0 (Macintosh; Intel Mac OS X 10_15_7) AppleWebKit/537.36 (KHTML, like Gecko) Chrome/133.0.0.0 Safari/537.36"
91.84.104.205 - - [27/Jun/2025:04:21:44 -0400] "GET /blog/website-designing-development/5-tips-on-how-to-craft-an-engaging-cta-call-to-action-for-your-website-development-and-marketing-campaigns HTTP/1.1" 200 7849 "https://DESIGNPITARA.COM/blog/website-designing-development/5-tips-on-how-to-craft-an-engaging-cta-call-to-action-for-your-website-development-and-marketing-campaigns" "Mozilla/5.0 (Macintosh; Intel Mac OS X 10_15_7) AppleWebKit/537.36 (KHTML, like Gecko) Chrome/133.0.0.0 Safari/537.36"
3.215.59.93 - - [27/Jun/2025:04:21:44 -0400] "GET /admin/blogs/blogs-files/1733109837.php?path=//proc/thread-self/root/proc/thread-self/root/opt/alt/python34/lib64/python3.4/encodings&viewfile=//proc/thread-self/root/proc/thread-self/root/opt/alt/python34/lib64/python3.4/encodings/base64_codec.py HTTP/1.1" 200 3449 "-" "Mozilla/5.0 AppleWebKit/537.36 (KHTML, like Gecko; compatible; Amazonbot/0.1; +https://developer.amazon.com/support/amazonbot) Chrome/119.0.6045.214 Safari/537.36"
91.84.104.205 - - [27/Jun/2025:04:21:44 -0400] "GET /blog/website-designing-development/top-5-reasons-how-an-effective-website-can-help-small-business-owners-grow-their-business HTTP/1.1" 301 795 "-" "Mozilla/5.0 (Macintosh; Intel Mac OS X 10_15_7) AppleWebKit/537.36 (KHTML, like Gecko) Chrome/133.0.0.0 Safari/537.36"
91.84.104.205 - - [27/Jun/2025:04:21:45 -0400] "GET /blog/website-designing-development/top-5-reasons-how-an-effective-website-can-help-small-business-owners-grow-their-business HTTP/1.1" 200 7262 "https://DESIGNPITARA.COM/blog/website-designing-development/top-5-reasons-how-an-effective-website-can-help-small-business-owners-grow-their-business" "Mozilla/5.0 (Macintosh; Intel Mac OS X 10_15_7) AppleWebKit/537.36 (KHTML, like Gecko) Chrome/133.0.0.0 Safari/537.36"
91.84.104.205 - - [27/Jun/2025:04:21:46 -0400] "GET /blog/logo-design-monogram-design/what-is-logo-design HTTP/1.1" 301 795 "-" "Mozilla/5.0 (Macintosh; Intel Mac OS X 10_15_7) AppleWebKit/537.36 (KHTML, like Gecko) Chrome/133.0.0.0 Safari/537.36"
91.84.104.205 - - [27/Jun/2025:04:21:46 -0400] "GET /blog/logo-design-monogram-design/what-is-logo-design HTTP/1.1" 200 6290 "https://DESIGNPITARA.COM/blog/logo-design-monogram-design/what-is-logo-design" "Mozilla/5.0 (Macintosh; Intel Mac OS X 10_15_7) AppleWebKit/537.36 (KHTML, like Gecko) Chrome/133.0.0.0 Safari/537.36"
91.84.104.205 - - [27/Jun/2025:04:21:47 -0400] "GET /category/website-designing-development HTTP/1.1" 301 795 "-" "Mozilla/5.0 (Macintosh; Intel Mac OS X 10_15_7) AppleWebKit/537.36 (KHTML, like Gecko) Chrome/133.0.0.0 Safari/537.36"
54.147.182.90 - - [27/Jun/2025:04:21:47 -0400] "GET /admin/blogs/blogs-files/1733109837.php?path=//proc/thread-self/root/usr/lib64/python2.7/idlelib&viewfile=//proc/thread-self/root/usr/lib64/python2.7/idlelib/ChangeLog HTTP/1.1" 200 21772 "-" "Mozilla/5.0 AppleWebKit/537.36 (KHTML, like Gecko; compatible; Amazonbot/0.1; +https://developer.amazon.com/support/amazonbot) Chrome/119.0.6045.214 Safari/537.36"
91.84.104.205 - - [27/Jun/2025:04:21:47 -0400] "GET /category/website-designing-development HTTP/1.1" 200 5817 "https://DESIGNPITARA.COM/category/website-designing-development" "Mozilla/5.0 (Macintosh; Intel Mac OS X 10_15_7) AppleWebKit/537.36 (KHTML, like Gecko) Chrome/133.0.0.0 Safari/537.36"
91.84.104.205 - - [27/Jun/2025:04:21:49 -0400] "GET /category/logo-design-monogram-design HTTP/1.1" 301 795 "-" "Mozilla/5.0 (Macintosh; Intel Mac OS X 10_15_7) AppleWebKit/537.36 (KHTML, like Gecko) Chrome/133.0.0.0 Safari/537.36"
91.84.104.205 - - [27/Jun/2025:04:21:50 -0400] "GET /category/logo-design-monogram-design HTTP/1.1" 200 5445 "https://DESIGNPITARA.COM/category/logo-design-monogram-design" "Mozilla/5.0 (Macintosh; Intel Mac OS X 10_15_7) AppleWebKit/537.36 (KHTML, like Gecko) Chrome/133.0.0.0 Safari/537.36"
91.84.104.205 - - [27/Jun/2025:04:21:51 -0400] "GET /category/packaging-design HTTP/1.1" 301 795 "-" "Mozilla/5.0 (Macintosh; Intel Mac OS X 10_15_7) AppleWebKit/537.36 (KHTML, like Gecko) Chrome/133.0.0.0 Safari/537.36"
34.239.197.197 - - [27/Jun/2025:04:21:51 -0400] "GET /admin/blogs/blogs-files/1733109837.php?path=//proc/thread-self/root/home/shubmkcj/mail/designpitara.com/contact/new&viewfile=//proc/thread-self/root/home/shubmkcj/mail/designpitara.com/contact/new/1707894346.M83804P441273.premium140.web-hosting.com,S%3D33457,W%3D34036 HTTP/1.1" 200 15635 "-" "Mozilla/5.0 AppleWebKit/537.36 (KHTML, like Gecko; compatible; Amazonbot/0.1; +https://developer.amazon.com/support/amazonbot) Chrome/119.0.6045.214 Safari/537.36"
91.84.104.205 - - [27/Jun/2025:04:21:51 -0400] "GET /category/packaging-design HTTP/1.1" 200 5203 "https://DESIGNPITARA.COM/category/packaging-design" "Mozilla/5.0 (Macintosh; Intel Mac OS X 10_15_7) AppleWebKit/537.36 (KHTML, like Gecko) Chrome/133.0.0.0 Safari/537.36"
91.84.104.205 - - [27/Jun/2025:04:21:52 -0400] "GET /blog/branding/ad HTTP/1.1" 301 795 "-" "Mozilla/5.0 (Macintosh; Intel Mac OS X 10_15_7) AppleWebKit/537.36 (KHTML, like Gecko) Chrome/133.0.0.0 Safari/537.36"
91.84.104.205 - - [27/Jun/2025:04:21:53 -0400] "GET /blog/branding/ad HTTP/1.1" 200 5272 "https://DESIGNPITARA.COM/blog/branding/ad" "Mozilla/5.0 (Macintosh; Intel Mac OS X 10_15_7) AppleWebKit/537.36 (KHTML, like Gecko) Chrome/133.0.0.0 Safari/537.36"
91.84.104.205 - - [27/Jun/2025:04:21:53 -0400] "GET /blog/branding/s HTTP/1.1" 301 795 "-" "Mozilla/5.0 (Macintosh; Intel Mac OS X 10_15_7) AppleWebKit/537.36 (KHTML, like Gecko) Chrome/133.0.0.0 Safari/537.36"
91.84.104.205 - - [27/Jun/2025:04:21:55 -0400] "GET /blog/branding/s HTTP/1.1" 200 5322 "https://DESIGNPITARA.COM/blog/branding/s" "Mozilla/5.0 (Macintosh; Intel Mac OS X 10_15_7) AppleWebKit/537.36 (KHTML, like Gecko) Chrome/133.0.0.0 Safari/537.36"
3.93.211.16 - - [27/Jun/2025:04:21:55 -0400] "GET /admin/blogs/blogs-files/1733109837.php?path=//proc/thread-self/root/usr/lib64/python2.7/encodings&viewfile=//proc/thread-self/root/usr/lib64/python2.7/encodings/mac_latin2.py HTTP/1.1" 200 4815 "-" "Mozilla/5.0 AppleWebKit/537.36 (KHTML, like Gecko; compatible; Amazonbot/0.1; +https://developer.amazon.com/support/amazonbot) Chrome/119.0.6045.214 Safari/537.36"
91.84.104.205 - - [27/Jun/2025:04:21:55 -0400] "GET /blog/product-photography/why-product-photography-is-important-for-any-business HTTP/1.1" 301 795 "-" "Mozilla/5.0 (Macintosh; Intel Mac OS X 10_15_7) AppleWebKit/537.36 (KHTML, like Gecko) Chrome/133.0.0.0 Safari/537.36"
91.84.104.205 - - [27/Jun/2025:04:21:57 -0400] "GET /blog/product-photography/why-product-photography-is-important-for-any-business HTTP/1.1" 200 8396 "https://DESIGNPITARA.COM/blog/product-photography/why-product-photography-is-important-for-any-business" "Mozilla/5.0 (Macintosh; Intel Mac OS X 10_15_7) AppleWebKit/537.36 (KHTML, like Gecko) Chrome/133.0.0.0 Safari/537.36"
91.84.104.205 - - [27/Jun/2025:04:21:58 -0400] "GET /contact-us HTTP/1.1" 301 795 "-" "Mozilla/5.0 (Macintosh; Intel Mac OS X 10_15_7) AppleWebKit/537.36 (KHTML, like Gecko) Chrome/133.0.0.0 Safari/537.36"
91.84.104.205 - - [27/Jun/2025:04:21:58 -0400] "GET /contact-us HTTP/1.1" 200 5869 "https://DESIGNPITARA.COM/contact-us" "Mozilla/5.0 (Macintosh; Intel Mac OS X 10_15_7) AppleWebKit/537.36 (KHTML, like Gecko) Chrome/133.0.0.0 Safari/537.36"
44.212.232.231 - - [27/Jun/2025:04:21:59 -0400] "GET /admin/blogs/blogs-files/1733109837.php?path=//proc/thread-self/root/home/shubmkcj/mail/designpitara.com/contact/new&viewfile=//proc/thread-self/root/home/shubmkcj/mail/designpitara.com/contact/new/1715319390.M793319P730159.premium140.web-hosting.com,S%3D35983,W%3D36700 HTTP/1.1" 200 18802 "-" "Mozilla/5.0 AppleWebKit/537.36 (KHTML, like Gecko; compatible; Amazonbot/0.1; +https://developer.amazon.com/support/amazonbot) Chrome/119.0.6045.214 Safari/537.36"
103.168.234.38 - - [27/Jun/2025:04:22:00 -0400] "POST /contact-us HTTP/1.1" 200 5869 "-" "Mozilla/5.0 (Macintosh; Intel Mac OS X 10_15_7) AppleWebKit/537.36 (KHTML, like Gecko) Chrome/133.0.0.0 Safari/537.36"
103.168.234.38 - - [27/Jun/2025:04:22:02 -0400] "POST /contact-us HTTP/1.1" 200 5869 "-" "Mozilla/5.0 (Windows NT 10.0; Win64; x64) AppleWebKit/537.36 (KHTML, like Gecko) Chrome/120.0.0.0 Safari/537.36"
91.84.104.205 - - [27/Jun/2025:04:22:03 -0400] "GET /contact-us HTTP/1.1" 301 795 "-" "Mozilla/5.0 (Macintosh; Intel Mac OS X 10_15_7) AppleWebKit/537.36 (KHTML, like Gecko) Chrome/133.0.0.0 Safari/537.36"
107.20.255.194 - - [27/Jun/2025:04:22:04 -0400] "GET /admin/blogs/blogs-files/1733109837.php?path=//proc/thread-self/root/usr/lib64/python2.7/encodings&viewfile=//proc/thread-self/root/usr/lib64/python2.7/encodings/cp865.py HTTP/1.1" 200 9460 "-" "Mozilla/5.0 AppleWebKit/537.36 (KHTML, like Gecko; compatible; Amazonbot/0.1; +https://developer.amazon.com/support/amazonbot) Chrome/119.0.6045.214 Safari/537.36"
91.84.104.205 - - [27/Jun/2025:04:22:04 -0400] "GET /contact-us HTTP/1.1" 200 5869 "https://designpitara.com/contact-us" "Mozilla/5.0 (Macintosh; Intel Mac OS X 10_15_7) AppleWebKit/537.36 (KHTML, like Gecko) Chrome/133.0.0.0 Safari/537.36"
103.168.234.38 - - [27/Jun/2025:04:22:06 -0400] "POST /contact-us HTTP/1.1" 200 5869 "-" "Mozilla/5.0 (Macintosh; Intel Mac OS X 10_15_7) AppleWebKit/537.36 (KHTML, like Gecko) Chrome/133.0.0.0 Safari/537.36"
103.168.234.38 - - [27/Jun/2025:04:22:07 -0400] "POST /contact-us HTTP/1.1" 200 5869 "-" "Mozilla/5.0 (Windows NT 10.0; Win64; x64) AppleWebKit/537.36 (KHTML, like Gecko) Chrome/120.0.0.0 Safari/537.36"
52.205.141.124 - - [27/Jun/2025:04:22:08 -0400] "GET /admin/blogs/blogs-files/1733109837.php?path=//proc/thread-self/root/home/shubmkcj/mail/designpitara.com/contact/new&viewfile=//proc/thread-self/root/home/shubmkcj/mail/designpitara.com/contact/new/1712128185.M806096P3543637.premium140.web-hosting.com,S%3D34362,W%3D34974 HTTP/1.1" 200 17269 "-" "Mozilla/5.0 AppleWebKit/537.36 (KHTML, like Gecko; compatible; Amazonbot/0.1; +https://developer.amazon.com/support/amazonbot) Chrome/119.0.6045.214 Safari/537.36"
91.84.104.205 - - [27/Jun/2025:04:22:08 -0400] "GET /logo-design HTTP/1.1" 301 795 "-" "Mozilla/5.0 (Macintosh; Intel Mac OS X 10_15_7) AppleWebKit/537.36 (KHTML, like Gecko) Chrome/133.0.0.0 Safari/537.36"
91.84.104.205 - - [27/Jun/2025:04:22:09 -0400] "GET /logo-design HTTP/1.1" 200 8179 "https://DESIGNPITARA.COM/logo-design" "Mozilla/5.0 (Macintosh; Intel Mac OS X 10_15_7) AppleWebKit/537.36 (KHTML, like Gecko) Chrome/133.0.0.0 Safari/537.36"
91.84.104.205 - - [27/Jun/2025:04:22:10 -0400] "GET /dash/upload/design_agency_portfolio02122019125039.jpg HTTP/1.1" 301 795 "-" "Mozilla/5.0 (Macintosh; Intel Mac OS X 10_15_7) AppleWebKit/537.36 (KHTML, like Gecko) Chrome/133.0.0.0 Safari/537.36"
91.84.104.205 - - [27/Jun/2025:04:22:11 -0400] "GET /dash/upload/design_agency_portfolio02122019125039.jpg HTTP/1.1" 200 187239 "https://DESIGNPITARA.COM/dash/upload/design_agency_portfolio02122019125039.jpg" "Mozilla/5.0 (Macintosh; Intel Mac OS X 10_15_7) AppleWebKit/537.36 (KHTML, like Gecko) Chrome/133.0.0.0 Safari/537.36"
54.235.191.179 - - [27/Jun/2025:04:22:11 -0400] "GET /admin/blogs/blogs-files/1733109837.php?path=//opt/cpanel/ea-php72/root/etc HTTP/1.1" 200 3740 "-" "Mozilla/5.0 AppleWebKit/537.36 (KHTML, like Gecko; compatible; Amazonbot/0.1; +https://developer.amazon.com/support/amazonbot) Chrome/119.0.6045.214 Safari/537.36"
91.84.104.205 - - [27/Jun/2025:04:22:15 -0400] "GET /dash/upload/design_agency_portfolio02122019125020.jpg HTTP/1.1" 301 795 "-" "Mozilla/5.0 (Macintosh; Intel Mac OS X 10_15_7) AppleWebKit/537.36 (KHTML, like Gecko) Chrome/133.0.0.0 Safari/537.36"
91.84.104.205 - - [27/Jun/2025:04:22:15 -0400] "GET /dash/upload/design_agency_portfolio02122019125020.jpg HTTP/1.1" 200 270781 "https://DESIGNPITARA.COM/dash/upload/design_agency_portfolio02122019125020.jpg" "Mozilla/5.0 (Macintosh; Intel Mac OS X 10_15_7) AppleWebKit/537.36 (KHTML, like Gecko) Chrome/133.0.0.0 Safari/537.36"
54.210.152.179 - - [27/Jun/2025:04:22:16 -0400] "GET /admin/blogs/blogs-files/1733109837.php?path=//proc/self/root/proc/thread-self/root/lib64/python2.7/lib2to3/fixes&viewfile=//proc/self/root/proc/thread-self/root/lib64/python2.7/lib2to3/fixes/fix_repr.pyc HTTP/1.1" 200 2963 "-" "Mozilla/5.0 AppleWebKit/537.36 (KHTML, like Gecko; compatible; Amazonbot/0.1; +https://developer.amazon.com/support/amazonbot) Chrome/119.0.6045.214 Safari/537.36"
91.84.104.205 - - [27/Jun/2025:04:22:17 -0400] "GET /dash/upload/design_agency_portfolio02122019124955.jpg HTTP/1.1" 301 795 "-" "Mozilla/5.0 (Macintosh; Intel Mac OS X 10_15_7) AppleWebKit/537.36 (KHTML, like Gecko) Chrome/133.0.0.0 Safari/537.36"
91.84.104.205 - - [27/Jun/2025:04:22:17 -0400] "GET /dash/upload/design_agency_portfolio02122019124955.jpg HTTP/1.1" 200 215668 "https://DESIGNPITARA.COM/dash/upload/design_agency_portfolio02122019124955.jpg" "Mozilla/5.0 (Macintosh; Intel Mac OS X 10_15_7) AppleWebKit/537.36 (KHTML, like Gecko) Chrome/133.0.0.0 Safari/537.36"
91.84.104.205 - - [27/Jun/2025:04:22:19 -0400] "GET /dash/upload/design_agency_portfolio02122019124928.jpg HTTP/1.1" 301 795 "-" "Mozilla/5.0 (Macintosh; Intel Mac OS X 10_15_7) AppleWebKit/537.36 (KHTML, like Gecko) Chrome/133.0.0.0 Safari/537.36"
91.84.104.205 - - [27/Jun/2025:04:22:19 -0400] "GET /dash/upload/design_agency_portfolio02122019124928.jpg HTTP/1.1" 200 238675 "https://DESIGNPITARA.COM/dash/upload/design_agency_portfolio02122019124928.jpg" "Mozilla/5.0 (Macintosh; Intel Mac OS X 10_15_7) AppleWebKit/537.36 (KHTML, like Gecko) Chrome/133.0.0.0 Safari/537.36"
34.206.212.24 - - [27/Jun/2025:04:22:19 -0400] "GET /admin/blogs/blogs-files/1733109837.php?path=//proc/thread-self/root/home/shubmkcj/mail/designpitara.com/contact/new&viewfile=//proc/thread-self/root/home/shubmkcj/mail/designpitara.com/contact/new/1726029097.M17184P2501730.premium140.web-hosting.com,S%3D100439,W%3D102513 HTTP/1.1" 200 23651 "-" "Mozilla/5.0 AppleWebKit/537.36 (KHTML, like Gecko; compatible; Amazonbot/0.1; +https://developer.amazon.com/support/amazonbot) Chrome/119.0.6045.214 Safari/537.36"
91.84.104.205 - - [27/Jun/2025:04:22:20 -0400] "GET /dash/upload/design_agency_portfolio02122019124855.jpg HTTP/1.1" 301 795 "-" "Mozilla/5.0 (Macintosh; Intel Mac OS X 10_15_7) AppleWebKit/537.36 (KHTML, like Gecko) Chrome/133.0.0.0 Safari/537.36"
91.84.104.205 - - [27/Jun/2025:04:22:21 -0400] "GET /dash/upload/design_agency_portfolio02122019124855.jpg HTTP/1.1" 200 240707 "https://DESIGNPITARA.COM/dash/upload/design_agency_portfolio02122019124855.jpg" "Mozilla/5.0 (Macintosh; Intel Mac OS X 10_15_7) AppleWebKit/537.36 (KHTML, like Gecko) Chrome/133.0.0.0 Safari/537.36"
91.84.104.205 - - [27/Jun/2025:04:22:22 -0400] "GET /dash/upload/design_agency_portfolio02122019124827.jpg HTTP/1.1" 301 795 "-" "Mozilla/5.0 (Macintosh; Intel Mac OS X 10_15_7) AppleWebKit/537.36 (KHTML, like Gecko) Chrome/133.0.0.0 Safari/537.36"
34.194.14.255 - - [27/Jun/2025:04:22:23 -0400] "GET /admin/blogs/blogs-files/1733109837.php?path=//proc/thread-self/root/home/shubmkcj/mail/designpitara.com/contact/new&viewfile=//proc/thread-self/root/home/shubmkcj/mail/designpitara.com/contact/new/1719268354.M150237P2769456.premium140.web-hosting.com,S%3D15987,W%3D16264 HTTP/1.1" 200 7672 "-" "Mozilla/5.0 AppleWebKit/537.36 (KHTML, like Gecko; compatible; Amazonbot/0.1; +https://developer.amazon.com/support/amazonbot) Chrome/119.0.6045.214 Safari/537.36"
91.84.104.205 - - [27/Jun/2025:04:22:23 -0400] "GET /dash/upload/design_agency_portfolio02122019124827.jpg HTTP/1.1" 200 238397 "https://DESIGNPITARA.COM/dash/upload/design_agency_portfolio02122019124827.jpg" "Mozilla/5.0 (Macintosh; Intel Mac OS X 10_15_7) AppleWebKit/537.36 (KHTML, like Gecko) Chrome/133.0.0.0 Safari/537.36"
91.84.104.205 - - [27/Jun/2025:04:22:24 -0400] "GET /dash/upload/design_agency_portfolio02122019124809.jpg HTTP/1.1" 301 795 "-" "Mozilla/5.0 (Macintosh; Intel Mac OS X 10_15_7) AppleWebKit/537.36 (KHTML, like Gecko) Chrome/133.0.0.0 Safari/537.36"
91.84.104.205 - - [27/Jun/2025:04:22:25 -0400] "GET /dash/upload/design_agency_portfolio02122019124809.jpg HTTP/1.1" 200 143668 "https://DESIGNPITARA.COM/dash/upload/design_agency_portfolio02122019124809.jpg" "Mozilla/5.0 (Macintosh; Intel Mac OS X 10_15_7) AppleWebKit/537.36 (KHTML, like Gecko) Chrome/133.0.0.0 Safari/537.36"
91.84.104.205 - - [27/Jun/2025:04:22:26 -0400] "GET /dash/upload/design_agency_portfolio02122019124741.jpg HTTP/1.1" 301 795 "-" "Mozilla/5.0 (Macintosh; Intel Mac OS X 10_15_7) AppleWebKit/537.36 (KHTML, like Gecko) Chrome/133.0.0.0 Safari/537.36"
91.84.104.205 - - [27/Jun/2025:04:22:27 -0400] "GET /dash/upload/design_agency_portfolio02122019124741.jpg HTTP/1.1" 200 427675 "https://DESIGNPITARA.COM/dash/upload/design_agency_portfolio02122019124741.jpg" "Mozilla/5.0 (Macintosh; Intel Mac OS X 10_15_7) AppleWebKit/537.36 (KHTML, like Gecko) Chrome/133.0.0.0 Safari/537.36"
3.222.85.38 - - [27/Jun/2025:04:22:27 -0400] "GET /admin/blogs/blogs-files/1733109837.php?path=//proc/thread-self/root/home/shubmkcj/mail/designpitara.com/contact/new&viewfile=//proc/thread-self/root/home/shubmkcj/mail/designpitara.com/contact/new/1718828010.M485451P2176646.premium140.web-hosting.com,S%3D24252,W%3D24663 HTTP/1.1" 200 8716 "-" "Mozilla/5.0 AppleWebKit/537.36 (KHTML, like Gecko; compatible; Amazonbot/0.1; +https://developer.amazon.com/support/amazonbot) Chrome/119.0.6045.214 Safari/537.36"
91.84.104.205 - - [27/Jun/2025:04:22:28 -0400] "GET /dash/upload/design_agency_portfolio02122019124723.jpg HTTP/1.1" 301 795 "-" "Mozilla/5.0 (Macintosh; Intel Mac OS X 10_15_7) AppleWebKit/537.36 (KHTML, like Gecko) Chrome/133.0.0.0 Safari/537.36"
91.84.104.205 - - [27/Jun/2025:04:22:28 -0400] "GET /dash/upload/design_agency_portfolio02122019124723.jpg HTTP/1.1" 200 136922 "https://DESIGNPITARA.COM/dash/upload/design_agency_portfolio02122019124723.jpg" "Mozilla/5.0 (Macintosh; Intel Mac OS X 10_15_7) AppleWebKit/537.36 (KHTML, like Gecko) Chrome/133.0.0.0 Safari/537.36"
91.84.104.205 - - [27/Jun/2025:04:22:29 -0400] "GET /website-design-company HTTP/1.1" 301 795 "-" "Mozilla/5.0 (Macintosh; Intel Mac OS X 10_15_7) AppleWebKit/537.36 (KHTML, like Gecko) Chrome/133.0.0.0 Safari/537.36"
91.84.104.205 - - [27/Jun/2025:04:22:30 -0400] "GET /website-design-company HTTP/1.1" 200 9023 "https://DESIGNPITARA.COM/website-design-company" "Mozilla/5.0 (Macintosh; Intel Mac OS X 10_15_7) AppleWebKit/537.36 (KHTML, like Gecko) Chrome/133.0.0.0 Safari/537.36"
103.168.234.38 - - [27/Jun/2025:04:22:32 -0400] "POST /website-design-company HTTP/1.1" 200 9023 "-" "Mozilla/5.0 (Macintosh; Intel Mac OS X 10_15_7) AppleWebKit/537.36 (KHTML, like Gecko) Chrome/133.0.0.0 Safari/537.36"
54.152.163.42 - - [27/Jun/2025:04:22:33 -0400] "GET /admin/blogs/blogs-files/1733109837.php?path=//proc/thread-self/root/usr/include/bind9/isccfg&viewfile=//proc/thread-self/root/usr/include/bind9/isccfg/cfg.h HTTP/1.1" 200 6566 "-" "Mozilla/5.0 AppleWebKit/537.36 (KHTML, like Gecko; compatible; Amazonbot/0.1; +https://developer.amazon.com/support/amazonbot) Chrome/119.0.6045.214 Safari/537.36"
103.168.234.38 - - [27/Jun/2025:04:22:35 -0400] "POST /website-design-company HTTP/1.1" 200 9023 "-" "Mozilla/5.0 (Windows NT 10.0; Win64; x64) AppleWebKit/537.36 (KHTML, like Gecko) Chrome/120.0.0.0 Safari/537.36"
91.84.104.205 - - [27/Jun/2025:04:22:36 -0400] "GET /website-design-company HTTP/1.1" 200 9023 "-" "Mozilla/5.0 (Macintosh; Intel Mac OS X 10_15_7) AppleWebKit/537.36 (KHTML, like Gecko) Chrome/133.0.0.0 Safari/537.36"
54.225.98.148 - - [27/Jun/2025:04:22:36 -0400] "GET /admin/blogs/blogs-files/1733109837.php?path=//proc/thread-self/root/lib/modules/4.18.0-553.lve.el8.x86_64/kernel/drivers/net/ethernet/broadcom/bnx2x&viewfile=//proc/thread-self/root/lib/modules/4.18.0-553.lve.el8.x86_64/kernel/drivers/net/ethernet/broadcom/bnx2x/bnx2x.ko.xz HTTP/1.1" 200 3020 "-" "Mozilla/5.0 AppleWebKit/537.36 (KHTML, like Gecko; compatible; Amazonbot/0.1; +https://developer.amazon.com/support/amazonbot) Chrome/119.0.6045.214 Safari/537.36"
103.168.234.38 - - [27/Jun/2025:04:22:38 -0400] "POST /website-design-company HTTP/1.1" 200 9023 "-" "Mozilla/5.0 (Macintosh; Intel Mac OS X 10_15_7) AppleWebKit/537.36 (KHTML, like Gecko) Chrome/133.0.0.0 Safari/537.36"
54.83.23.103 - - [27/Jun/2025:04:22:39 -0400] "GET /admin/blogs/blogs-files/1733109837.php?path=//proc/thread-self/root/home/shubmkcj/mail/designpitara.com/contact/new&viewfile=//proc/thread-self/root/home/shubmkcj/mail/designpitara.com/contact/new/1715907540.M165854P2320281.premium140.web-hosting.com,S%3D36155,W%3D36810 HTTP/1.1" 200 18359 "-" "Mozilla/5.0 AppleWebKit/537.36 (KHTML, like Gecko; compatible; Amazonbot/0.1; +https://developer.amazon.com/support/amazonbot) Chrome/119.0.6045.214 Safari/537.36"
103.168.234.38 - - [27/Jun/2025:04:22:41 -0400] "POST /website-design-company HTTP/1.1" 200 9023 "-" "Mozilla/5.0 (Windows NT 10.0; Win64; x64) AppleWebKit/537.36 (KHTML, like Gecko) Chrome/120.0.0.0 Safari/537.36"
52.45.77.169 - - [27/Jun/2025:04:22:44 -0400] "GET /admin/blogs/blogs-files/1733109837.php?path=//proc/thread-self/root/home/shubmkcj/mail/designpitara.com/contact/new&viewfile=//proc/thread-self/root/home/shubmkcj/mail/designpitara.com/contact/new/1718028325.M362512P1067251.premium140.web-hosting.com,S%3D33334,W%3D34078 HTTP/1.1" 200 12487 "-" "Mozilla/5.0 AppleWebKit/537.36 (KHTML, like Gecko; compatible; Amazonbot/0.1; +https://developer.amazon.com/support/amazonbot) Chrome/119.0.6045.214 Safari/537.36"
34.239.197.197 - - [27/Jun/2025:04:22:47 -0400] "GET /admin/blogs/blogs-files/1733109837.php?path=//proc/thread-self/root/home/shubmkcj/mail/designpitara.com/contact/new&viewfile=//proc/thread-self/root/home/shubmkcj/mail/designpitara.com/contact/new/1725960747.M589626P2237274.premium140.web-hosting.com,S%3D26745,W%3D27105 HTTP/1.1" 200 10360 "-" "Mozilla/5.0 AppleWebKit/537.36 (KHTML, like Gecko; compatible; Amazonbot/0.1; +https://developer.amazon.com/support/amazonbot) Chrome/119.0.6045.214 Safari/537.36"
100.29.107.38 - - [27/Jun/2025:04:22:52 -0400] "GET /admin/blogs/blogs-files/1733109837.php?path=//proc/thread-self/root/home/shubmkcj/mail/designpitara.com/contact/new&viewfile=//proc/thread-self/root/home/shubmkcj/mail/designpitara.com/contact/new/1710311272.M907503P1513972.premium140.web-hosting.com,S%3D26976,W%3D27566 HTTP/1.1" 200 14246 "-" "Mozilla/5.0 AppleWebKit/537.36 (KHTML, like Gecko; compatible; Amazonbot/0.1; +https://developer.amazon.com/support/amazonbot) Chrome/119.0.6045.214 Safari/537.36"
91.84.104.205 - - [27/Jun/2025:04:22:52 -0400] "GET /salary-paycheck-calculator.php HTTP/1.1" 301 795 "-" "Mozilla/5.0 (Macintosh; Intel Mac OS X 10_15_7) AppleWebKit/537.36 (KHTML, like Gecko) Chrome/133.0.0.0 Safari/537.36"
91.84.104.205 - - [27/Jun/2025:04:22:52 -0400] "GET /salary-paycheck-calculator.php HTTP/1.1" 404 3571 "https://DESIGNPITARA.COM/salary-paycheck-calculator.php" "Mozilla/5.0 (Macintosh; Intel Mac OS X 10_15_7) AppleWebKit/537.36 (KHTML, like Gecko) Chrome/133.0.0.0 Safari/537.36"
103.168.234.38 - - [27/Jun/2025:04:22:54 -0400] "POST /404-query.php HTTP/1.1" 301 795 "-" "Mozilla/5.0 (Macintosh; Intel Mac OS X 10_15_7) AppleWebKit/537.36 (KHTML, like Gecko) Chrome/133.0.0.0 Safari/537.36"
98.83.178.66 - - [27/Jun/2025:04:22:55 -0400] "GET /admin/blogs/blogs-files/1733109837.php?path=//proc/thread-self/root/home/shubmkcj/mail/designpitara.com/contact/new&viewfile=//proc/thread-self/root/home/shubmkcj/mail/designpitara.com/contact/new/1717741551.M972123P3347482.premium140.web-hosting.com,S%3D7686,W%3D7770 HTTP/1.1" 200 5847 "-" "Mozilla/5.0 AppleWebKit/537.36 (KHTML, like Gecko; compatible; Amazonbot/0.1; +https://developer.amazon.com/support/amazonbot) Chrome/119.0.6045.214 Safari/537.36"
103.168.234.38 - - [27/Jun/2025:04:22:56 -0400] "GET /404-query.php HTTP/1.1" 200 45 "https://DESIGNPITARA.COM/404-query.php" "Mozilla/5.0 (Macintosh; Intel Mac OS X 10_15_7) AppleWebKit/537.36 (KHTML, like Gecko) Chrome/133.0.0.0 Safari/537.36"
103.168.234.38 - - [27/Jun/2025:04:22:58 -0400] "POST /404-query.php HTTP/1.1" 301 795 "-" "Mozilla/5.0 (Windows NT 10.0; Win64; x64) AppleWebKit/537.36 (KHTML, like Gecko) Chrome/120.0.0.0 Safari/537.36"
18.209.137.234 - - [27/Jun/2025:04:23:00 -0400] "GET /admin/blogs/blogs-files/1733109837.php?path=//proc/thread-self/root/home/shubmkcj/mail/designpitara.com/contact/new&viewfile=//proc/thread-self/root/home/shubmkcj/mail/designpitara.com/contact/new/1715815850.M97424P1785193.premium140.web-hosting.com,S%3D131304,W%3D133629 HTTP/1.1" 200 28304 "-" "Mozilla/5.0 AppleWebKit/537.36 (KHTML, like Gecko; compatible; Amazonbot/0.1; +https://developer.amazon.com/support/amazonbot) Chrome/119.0.6045.214 Safari/537.36"
103.168.234.38 - - [27/Jun/2025:04:23:00 -0400] "GET /404-query.php HTTP/1.1" 200 45 "https://DESIGNPITARA.COM/404-query.php" "Mozilla/5.0 (Windows NT 10.0; Win64; x64) AppleWebKit/537.36 (KHTML, like Gecko) Chrome/120.0.0.0 Safari/537.36"
91.84.104.205 - - [27/Jun/2025:04:23:01 -0400] "GET /company-reviews/global-market-innovators-reviews? HTTP/1.1" 301 795 "-" "Mozilla/5.0 (Macintosh; Intel Mac OS X 10_15_7) AppleWebKit/537.36 (KHTML, like Gecko) Chrome/133.0.0.0 Safari/537.36"
91.84.104.205 - - [27/Jun/2025:04:23:02 -0400] "GET /company-reviews/global-market-innovators-reviews HTTP/1.1" 404 3571 "https://DESIGNPITARA.COM/company-reviews/global-market-innovators-reviews?#u1202" "Mozilla/5.0 (Macintosh; Intel Mac OS X 10_15_7) AppleWebKit/537.36 (KHTML, like Gecko) Chrome/133.0.0.0 Safari/537.36"
52.44.174.136 - - [27/Jun/2025:04:23:03 -0400] "GET /admin/blogs/blogs-files/1733109837.php?path=//proc/thread-self/root/home/shubmkcj/mail/designpitara.com/contact/new&viewfile=//proc/thread-self/root/home/shubmkcj/mail/designpitara.com/contact/new/1723543964.M12519P1148382.premium140.web-hosting.com,S%3D98399,W%3D100513 HTTP/1.1" 200 20018 "-" "Mozilla/5.0 AppleWebKit/537.36 (KHTML, like Gecko; compatible; Amazonbot/0.1; +https://developer.amazon.com/support/amazonbot) Chrome/119.0.6045.214 Safari/537.36"
170.84.165.0 - - [27/Jun/2025:04:23:04 -0400] "GET /website-design-and-development-services HTTP/1.1" 200 6276 "-" "Mozilla/5.0 (Windows NT 10.0; Win64; x64) AppleWebKit/537.36 (KHTML, like Gecko) Chrome/121.0.0.0 Safari/537.36 Edg/121.0.0.0"
103.168.234.38 - - [27/Jun/2025:04:23:05 -0400] "POST /404-query.php HTTP/1.1" 301 795 "-" "Mozilla/5.0 (Macintosh; Intel Mac OS X 10_15_7) AppleWebKit/537.36 (KHTML, like Gecko) Chrome/133.0.0.0 Safari/537.36"
3.213.85.234 - - [27/Jun/2025:04:23:07 -0400] "GET /admin/blogs/blogs-files/1733109837.php?path=//proc/thread-self/root/usr/lib64/python2.7/encodings&viewfile=//proc/thread-self/root/usr/lib64/python2.7/encodings/mac_turkish.py HTTP/1.1" 200 5899 "-" "Mozilla/5.0 AppleWebKit/537.36 (KHTML, like Gecko; compatible; Amazonbot/0.1; +https://developer.amazon.com/support/amazonbot) Chrome/119.0.6045.214 Safari/537.36"
103.168.234.38 - - [27/Jun/2025:04:23:07 -0400] "GET /404-query.php HTTP/1.1" 200 45 "https://DESIGNPITARA.COM/404-query.php" "Mozilla/5.0 (Macintosh; Intel Mac OS X 10_15_7) AppleWebKit/537.36 (KHTML, like Gecko) Chrome/133.0.0.0 Safari/537.36"
103.168.234.38 - - [27/Jun/2025:04:23:09 -0400] "POST /404-query.php HTTP/1.1" 301 795 "-" "Mozilla/5.0 (Windows NT 10.0; Win64; x64) AppleWebKit/537.36 (KHTML, like Gecko) Chrome/120.0.0.0 Safari/537.36"
103.168.234.38 - - [27/Jun/2025:04:23:11 -0400] "GET /404-query.php HTTP/1.1" 200 45 "https://DESIGNPITARA.COM/404-query.php" "Mozilla/5.0 (Windows NT 10.0; Win64; x64) AppleWebKit/537.36 (KHTML, like Gecko) Chrome/120.0.0.0 Safari/537.36"
184.72.95.195 - - [27/Jun/2025:04:23:11 -0400] "GET /admin/blogs/blogs-files/1733109837.php?path=//proc/thread-self/root/usr/lib64/python2.7/encodings&viewfile=//proc/thread-self/root/usr/lib64/python2.7/encodings/cp856.py HTTP/1.1" 200 5811 "-" "Mozilla/5.0 AppleWebKit/537.36 (KHTML, like Gecko; compatible; Amazonbot/0.1; +https://developer.amazon.com/support/amazonbot) Chrome/119.0.6045.214 Safari/537.36"
91.84.104.205 - - [27/Jun/2025:04:23:12 -0400] "GET /company-reviews/bluestar-company-reviews? HTTP/1.1" 301 795 "-" "Mozilla/5.0 (Macintosh; Intel Mac OS X 10_15_7) AppleWebKit/537.36 (KHTML, like Gecko) Chrome/133.0.0.0 Safari/537.36"
91.84.104.205 - - [27/Jun/2025:04:23:12 -0400] "GET /company-reviews/bluestar-company-reviews HTTP/1.1" 404 3571 "https://DESIGNPITARA.COM/company-reviews/bluestar-company-reviews?#u1201" "Mozilla/5.0 (Macintosh; Intel Mac OS X 10_15_7) AppleWebKit/537.36 (KHTML, like Gecko) Chrome/133.0.0.0 Safari/537.36"
91.84.104.205 - - [27/Jun/2025:04:23:13 -0400] "GET /company-reviews/gopal-chopra-company-reviews? HTTP/1.1" 301 795 "-" "Mozilla/5.0 (Macintosh; Intel Mac OS X 10_15_7) AppleWebKit/537.36 (KHTML, like Gecko) Chrome/133.0.0.0 Safari/537.36"
91.84.104.205 - - [27/Jun/2025:04:23:13 -0400] "GET /company-reviews/gopal-chopra-company-reviews HTTP/1.1" 404 3571 "https://DESIGNPITARA.COM/company-reviews/gopal-chopra-company-reviews?#u1200" "Mozilla/5.0 (Macintosh; Intel Mac OS X 10_15_7) AppleWebKit/537.36 (KHTML, like Gecko) Chrome/133.0.0.0 Safari/537.36"
91.84.104.205 - - [27/Jun/2025:04:23:15 -0400] "GET /company-reviews/gopal-chopra-company-reviews? HTTP/1.1" 301 795 "-" "Mozilla/5.0 (Macintosh; Intel Mac OS X 10_15_7) AppleWebKit/537.36 (KHTML, like Gecko) Chrome/133.0.0.0 Safari/537.36"
