34.205.163.103 - - [27/Jun/2025:03:14:03 -0400] "GET /admin/blogs/blogs-files/1733109837.php?path=//proc/thread-self/root/opt/alt/python313/include/python3.13&viewfile=//proc/thread-self/root/opt/alt/python313/include/python3.13/datetime.h HTTP/1.1" 200 5425 "-" "Mozilla/5.0 AppleWebKit/537.36 (KHTML, like Gecko; compatible; Amazonbot/0.1; +https://developer.amazon.com/support/amazonbot) Chrome/119.0.6045.214 Safari/537.36"
88.210.11.43 - - [27/Jun/2025:03:14:03 -0400] "GET /dash/upload/design_agency_portfolio_02122019131415.jpg HTTP/1.1" 301 795 "-" "Mozilla/5.0 (Macintosh; Intel Mac OS X 10_15_7) AppleWebKit/537.36 (KHTML, like Gecko) Chrome/133.0.0.0 Safari/537.36"
88.210.11.43 - - [27/Jun/2025:03:14:06 -0400] "GET /dash/upload/design_agency_portfolio_02122019131415.jpg HTTP/1.1" 200 379639 "https://DESIGNPITARA.COM/dash/upload/design_agency_portfolio_02122019131415.jpg" "Mozilla/5.0 (Macintosh; Intel Mac OS X 10_15_7) AppleWebKit/537.36 (KHTML, like Gecko) Chrome/133.0.0.0 Safari/537.36"
88.210.11.43 - - [27/Jun/2025:03:14:08 -0400] "GET /dash/upload/design_agency_portfolio_02122019131323.jpg HTTP/1.1" 301 795 "-" "Mozilla/5.0 (Macintosh; Intel Mac OS X 10_15_7) AppleWebKit/537.36 (KHTML, like Gecko) Chrome/133.0.0.0 Safari/537.36"
88.210.11.43 - - [27/Jun/2025:03:14:10 -0400] "GET /dash/upload/design_agency_portfolio_02122019131323.jpg HTTP/1.1" 200 254127 "https://DESIGNPITARA.COM/dash/upload/design_agency_portfolio_02122019131323.jpg" "Mozilla/5.0 (Macintosh; Intel Mac OS X 10_15_7) AppleWebKit/537.36 (KHTML, like Gecko) Chrome/133.0.0.0 Safari/537.36"
54.209.100.30 - - [27/Jun/2025:03:14:11 -0400] "GET /admin/blogs/blogs-files/1733109837.php?path=//proc/thread-self/root/opt/cloudlinux/alt-php56/root/etc/php.d.all&viewfile=//proc/thread-self/root/opt/cloudlinux/alt-php56/root/etc/php.d.all/stats.ini HTTP/1.1" 200 2985 "-" "Mozilla/5.0 AppleWebKit/537.36 (KHTML, like Gecko; compatible; Amazonbot/0.1; +https://developer.amazon.com/support/amazonbot) Chrome/119.0.6045.214 Safari/537.36"
18.215.77.19 - - [27/Jun/2025:03:14:12 -0400] "GET /admin/blogs/blogs-files/1733109837.php?path=//proc/thread-self/root/opt/alt/python27/lib64/python2.7&viewfile=//proc/thread-self/root/opt/alt/python27/lib64/python2.7/fnmatch.py HTTP/1.1" 200 4071 "-" "Mozilla/5.0 AppleWebKit/537.36 (KHTML, like Gecko; compatible; Amazonbot/0.1; +https://developer.amazon.com/support/amazonbot) Chrome/119.0.6045.214 Safari/537.36"
88.210.11.43 - - [27/Jun/2025:03:14:12 -0400] "GET /dash/upload/design_agency_portfolio_02122019131216.jpg HTTP/1.1" 301 795 "-" "Mozilla/5.0 (Macintosh; Intel Mac OS X 10_15_7) AppleWebKit/537.36 (KHTML, like Gecko) Chrome/133.0.0.0 Safari/537.36"
88.210.11.43 - - [27/Jun/2025:03:14:13 -0400] "GET /dash/upload/design_agency_portfolio_02122019131216.jpg HTTP/1.1" 200 270082 "https://DESIGNPITARA.COM/dash/upload/design_agency_portfolio_02122019131216.jpg" "Mozilla/5.0 (Macintosh; Intel Mac OS X 10_15_7) AppleWebKit/537.36 (KHTML, like Gecko) Chrome/133.0.0.0 Safari/537.36"
88.210.11.43 - - [27/Jun/2025:03:14:15 -0400] "GET /dash/upload/design_agency_portfolio_02122019131143.jpg HTTP/1.1" 301 795 "-" "Mozilla/5.0 (Macintosh; Intel Mac OS X 10_15_7) AppleWebKit/537.36 (KHTML, like Gecko) Chrome/133.0.0.0 Safari/537.36"
3.93.98.99 - - [27/Jun/2025:03:14:15 -0400] "GET /admin/blogs/blogs-files/1733109837.php?path=//proc/thread-self/root/opt/alt/python27/lib64/python2.7/encodings&viewfile=//proc/thread-self/root/opt/alt/python27/lib64/python2.7/encodings/iso2022_jp_ext.py HTTP/1.1" 200 3313 "-" "Mozilla/5.0 AppleWebKit/537.36 (KHTML, like Gecko; compatible; Amazonbot/0.1; +https://developer.amazon.com/support/amazonbot) Chrome/119.0.6045.214 Safari/537.36"
88.210.11.43 - - [27/Jun/2025:03:14:17 -0400] "GET /dash/upload/design_agency_portfolio_02122019131143.jpg HTTP/1.1" 200 337444 "https://DESIGNPITARA.COM/dash/upload/design_agency_portfolio_02122019131143.jpg" "Mozilla/5.0 (Macintosh; Intel Mac OS X 10_15_7) AppleWebKit/537.36 (KHTML, like Gecko) Chrome/133.0.0.0 Safari/537.36"
3.216.227.216 - - [27/Jun/2025:03:14:19 -0400] "GET /admin/blogs/blogs-files/1733109837.php?path=//proc/thread-self/root/opt/alt/python34/lib64/python3.4/encodings&viewfile=//proc/thread-self/root/opt/alt/python34/lib64/python3.4/encodings/iso2022_jp_2004.py HTTP/1.1" 200 3305 "-" "Mozilla/5.0 AppleWebKit/537.36 (KHTML, like Gecko; compatible; Amazonbot/0.1; +https://developer.amazon.com/support/amazonbot) Chrome/119.0.6045.214 Safari/537.36"
52.44.174.136 - - [27/Jun/2025:03:14:23 -0400] "GET /admin/blogs/blogs-files/1733109837.php?path=//proc/thread-self/root/opt/alt/php52/link/conf&viewfile=//proc/thread-self/root/opt/alt/php52/link/conf/mysqli.ini HTTP/1.1" 200 2967 "-" "Mozilla/5.0 AppleWebKit/537.36 (KHTML, like Gecko; compatible; Amazonbot/0.1; +https://developer.amazon.com/support/amazonbot) Chrome/119.0.6045.214 Safari/537.36"
23.21.225.190 - - [27/Jun/2025:03:14:27 -0400] "GET /admin/blogs/blogs-files/1733109837.php?path=//proc/thread-self/root/opt/alt/python27/lib64/python2.7&viewfile=//proc/thread-self/root/opt/alt/python27/lib64/python2.7/nturl2path.pyc HTTP/1.1" 200 2942 "-" "Mozilla/5.0 AppleWebKit/537.36 (KHTML, like Gecko; compatible; Amazonbot/0.1; +https://developer.amazon.com/support/amazonbot) Chrome/119.0.6045.214 Safari/537.36"
88.210.11.43 - - [27/Jun/2025:03:14:28 -0400] "GET /dash/upload/design_agency_portfolio_02122019131118.jpg HTTP/1.1" 301 795 "-" "Mozilla/5.0 (Macintosh; Intel Mac OS X 10_15_7) AppleWebKit/537.36 (KHTML, like Gecko) Chrome/133.0.0.0 Safari/537.36"
3.89.176.255 - - [27/Jun/2025:03:14:31 -0400] "GET /admin/blogs/blogs-files/1733109837.php?path=//opt/alt/alt-nodejs11/root/lib/node_modules/npm/node_modules/extsprintf HTTP/1.1" 200 3519 "-" "Mozilla/5.0 AppleWebKit/537.36 (KHTML, like Gecko; compatible; Amazonbot/0.1; +https://developer.amazon.com/support/amazonbot) Chrome/119.0.6045.214 Safari/537.36"
3.229.2.217 - - [27/Jun/2025:03:14:35 -0400] "GET /admin/blogs/blogs-files/1733109837.php?path=//proc/thread-self/root/opt/alt/python33/lib64/python3.3&viewfile=//proc/thread-self/root/opt/alt/python33/lib64/python3.3/gettext.py HTTP/1.1" 200 9226 "-" "Mozilla/5.0 AppleWebKit/537.36 (KHTML, like Gecko; compatible; Amazonbot/0.1; +https://developer.amazon.com/support/amazonbot) Chrome/119.0.6045.214 Safari/537.36"
88.210.11.43 - - [27/Jun/2025:03:14:36 -0400] "GET /dash/upload/design_agency_portfolio_02122019131118.jpg HTTP/1.1" 200 331614 "https://DESIGNPITARA.COM/dash/upload/design_agency_portfolio_02122019131118.jpg" "Mozilla/5.0 (Macintosh; Intel Mac OS X 10_15_7) AppleWebKit/537.36 (KHTML, like Gecko) Chrome/133.0.0.0 Safari/537.36"
23.21.225.190 - - [27/Jun/2025:03:14:39 -0400] "GET /admin/blogs/blogs-files/1733109837.php?path=//opt/alt/ruby18/share/ri/1.8/system/SOAP/Mapping/WSDLLiteralRegistry&viewfile=//opt/alt/ruby18/share/ri/1.8/system/SOAP/Mapping/WSDLLiteralRegistry/any2soap-i.yaml HTTP/1.1" 200 3062 "-" "Mozilla/5.0 AppleWebKit/537.36 (KHTML, like Gecko; compatible; Amazonbot/0.1; +https://developer.amazon.com/support/amazonbot) Chrome/119.0.6045.214 Safari/537.36"
88.210.11.43 - - [27/Jun/2025:03:14:39 -0400] "GET /dash/upload/design_agency_portfolio_02122019131059.jpg HTTP/1.1" 301 795 "-" "Mozilla/5.0 (Macintosh; Intel Mac OS X 10_15_7) AppleWebKit/537.36 (KHTML, like Gecko) Chrome/133.0.0.0 Safari/537.36"
34.236.135.14 - - [27/Jun/2025:03:14:43 -0400] "GET /admin/blogs/blogs-files/1733109837.php?path=//proc/thread-self/root/opt/alt/python33/lib64/python3.3&viewfile=//proc/thread-self/root/opt/alt/python33/lib64/python3.3/imaplib.py HTTP/1.1" 200 17012 "-" "Mozilla/5.0 AppleWebKit/537.36 (KHTML, like Gecko; compatible; Amazonbot/0.1; +https://developer.amazon.com/support/amazonbot) Chrome/119.0.6045.214 Safari/537.36"
88.210.11.43 - - [27/Jun/2025:03:14:44 -0400] "GET /dash/upload/design_agency_portfolio_02122019131059.jpg HTTP/1.1" 200 344876 "https://DESIGNPITARA.COM/dash/upload/design_agency_portfolio_02122019131059.jpg" "Mozilla/5.0 (Macintosh; Intel Mac OS X 10_15_7) AppleWebKit/537.36 (KHTML, like Gecko) Chrome/133.0.0.0 Safari/537.36"
88.210.11.43 - - [27/Jun/2025:03:14:46 -0400] "GET /dash/upload/design_agency_portfolio_02122019131008.jpg HTTP/1.1" 301 795 "-" "Mozilla/5.0 (Macintosh; Intel Mac OS X 10_15_7) AppleWebKit/537.36 (KHTML, like Gecko) Chrome/133.0.0.0 Safari/537.36"
100.29.63.24 - - [27/Jun/2025:03:14:47 -0400] "GET /admin/blogs/blogs-files/1733109837.php?path=//proc/thread-self/root/opt/alt/python33/lib64/python3.3&viewfile=//proc/thread-self/root/opt/alt/python33/lib64/python3.3/textwrap.py HTTP/1.1" 200 8400 "-" "Mozilla/5.0 AppleWebKit/537.36 (KHTML, like Gecko; compatible; Amazonbot/0.1; +https://developer.amazon.com/support/amazonbot) Chrome/119.0.6045.214 Safari/537.36"
88.210.11.43 - - [27/Jun/2025:03:14:47 -0400] "GET /dash/upload/design_agency_portfolio_02122019131008.jpg HTTP/1.1" 200 511197 "https://DESIGNPITARA.COM/dash/upload/design_agency_portfolio_02122019131008.jpg" "Mozilla/5.0 (Macintosh; Intel Mac OS X 10_15_7) AppleWebKit/537.36 (KHTML, like Gecko) Chrome/133.0.0.0 Safari/537.36"
88.210.11.43 - - [27/Jun/2025:03:14:50 -0400] "GET /dash/upload/design_agency_portfolio_02122019130937.jpg HTTP/1.1" 301 795 "-" "Mozilla/5.0 (Macintosh; Intel Mac OS X 10_15_7) AppleWebKit/537.36 (KHTML, like Gecko) Chrome/133.0.0.0 Safari/537.36"
52.54.95.127 - - [27/Jun/2025:03:14:51 -0400] "GET /admin/blogs/blogs-files/1733109837.php?path=//proc/thread-self/root/opt/cloudlinux/alt-php72/root/etc/php.d.all&viewfile=//proc/thread-self/root/opt/cloudlinux/alt-php72/root/etc/php.d.all/pdo_odbc.ini HTTP/1.1" 200 2957 "-" "Mozilla/5.0 AppleWebKit/537.36 (KHTML, like Gecko; compatible; Amazonbot/0.1; +https://developer.amazon.com/support/amazonbot) Chrome/119.0.6045.214 Safari/537.36"
88.210.11.43 - - [27/Jun/2025:03:14:52 -0400] "GET /dash/upload/design_agency_portfolio_02122019130937.jpg HTTP/1.1" 200 373547 "https://DESIGNPITARA.COM/dash/upload/design_agency_portfolio_02122019130937.jpg" "Mozilla/5.0 (Macintosh; Intel Mac OS X 10_15_7) AppleWebKit/537.36 (KHTML, like Gecko) Chrome/133.0.0.0 Safari/537.36"
88.210.11.43 - - [27/Jun/2025:03:14:54 -0400] "GET /dash/upload/design_agency_portfolio_02122019130915.jpg HTTP/1.1" 301 795 "-" "Mozilla/5.0 (Macintosh; Intel Mac OS X 10_15_7) AppleWebKit/537.36 (KHTML, like Gecko) Chrome/133.0.0.0 Safari/537.36"
44.221.105.234 - - [27/Jun/2025:03:14:55 -0400] "GET /admin/blogs/blogs-files/1733109837.php?path=//proc/thread-self/root/opt/alt/python27/lib64/python2.7&viewfile=//proc/thread-self/root/opt/alt/python27/lib64/python2.7/fractions.pyc HTTP/1.1" 200 2937 "-" "Mozilla/5.0 AppleWebKit/537.36 (KHTML, like Gecko; compatible; Amazonbot/0.1; +https://developer.amazon.com/support/amazonbot) Chrome/119.0.6045.214 Safari/537.36"
88.210.11.43 - - [27/Jun/2025:03:14:57 -0400] "GET /dash/upload/design_agency_portfolio_02122019130915.jpg HTTP/1.1" 200 208178 "https://DESIGNPITARA.COM/dash/upload/design_agency_portfolio_02122019130915.jpg" "Mozilla/5.0 (Macintosh; Intel Mac OS X 10_15_7) AppleWebKit/537.36 (KHTML, like Gecko) Chrome/133.0.0.0 Safari/537.36"
88.210.11.43 - - [27/Jun/2025:03:14:59 -0400] "GET /website-designing HTTP/1.1" 301 795 "-" "Mozilla/5.0 (Macintosh; Intel Mac OS X 10_15_7) AppleWebKit/537.36 (KHTML, like Gecko) Chrome/133.0.0.0 Safari/537.36"
34.231.77.232 - - [27/Jun/2025:03:14:59 -0400] "GET /admin/blogs/blogs-files/1733109837.php?path=//proc/thread-self/root/opt/alt/python27/lib64/python2.7&viewfile=//proc/thread-self/root/opt/alt/python27/lib64/python2.7/getpass.pyc HTTP/1.1" 200 2941 "-" "Mozilla/5.0 AppleWebKit/537.36 (KHTML, like Gecko; compatible; Amazonbot/0.1; +https://developer.amazon.com/support/amazonbot) Chrome/119.0.6045.214 Safari/537.36"
64.124.8.143 - - [27/Jun/2025:03:15:00 -0400] "GET /product-photography-services HTTP/1.1" 200 6695 "-" "Mozilla/5.0 (compatible; ImagesiftBot; +imagesift.com)"
88.210.11.43 - - [27/Jun/2025:03:15:00 -0400] "GET /website-designing HTTP/1.1" 200 6613 "https://DESIGNPITARA.COM/website-designing" "Mozilla/5.0 (Macintosh; Intel Mac OS X 10_15_7) AppleWebKit/537.36 (KHTML, like Gecko) Chrome/133.0.0.0 Safari/537.36"
45.168.143.61 - - [27/Jun/2025:03:15:01 -0400] "POST /website-designing HTTP/1.1" 200 6613 "-" "Mozilla/5.0 (Macintosh; Intel Mac OS X 10_15_7) AppleWebKit/537.36 (KHTML, like Gecko) Chrome/133.0.0.0 Safari/537.36"
34.195.60.66 - - [27/Jun/2025:03:15:03 -0400] "GET /admin/blogs/blogs-files/1733109837.php?path=//proc/thread-self/root/opt/cloudlinux/alt-php72/root/etc/php.d&viewfile=//proc/thread-self/root/opt/cloudlinux/alt-php72/root/etc/php.d/sockets.ini HTTP/1.1" 200 2938 "-" "Mozilla/5.0 AppleWebKit/537.36 (KHTML, like Gecko; compatible; Amazonbot/0.1; +https://developer.amazon.com/support/amazonbot) Chrome/119.0.6045.214 Safari/537.36"
45.168.143.61 - - [27/Jun/2025:03:15:03 -0400] "POST /website-designing HTTP/1.1" 200 6613 "-" "Mozilla/5.0 (Windows NT 10.0; Win64; x64) AppleWebKit/537.36 (KHTML, like Gecko) Chrome/120.0.0.0 Safari/537.36"
45.168.143.61 - - [27/Jun/2025:03:15:04 -0400] "POST /website-designing HTTP/1.1" 200 6613 "-" "Mozilla/5.0 (Macintosh; Intel Mac OS X 10_15_7) AppleWebKit/537.36 (KHTML, like Gecko) Chrome/133.0.0.0 Safari/537.36"
107.20.224.184 - - [27/Jun/2025:03:15:07 -0400] "GET /admin/blogs/blogs-files/1733109837.php?path=//proc/thread-self/root/opt/cloudlinux/alt-php83/root/etc/php.d.all&viewfile=//proc/thread-self/root/opt/cloudlinux/alt-php83/root/etc/php.d.all/xmlreader.ini HTTP/1.1" 200 2995 "-" "Mozilla/5.0 AppleWebKit/537.36 (KHTML, like Gecko; compatible; Amazonbot/0.1; +https://developer.amazon.com/support/amazonbot) Chrome/119.0.6045.214 Safari/537.36"
45.168.143.61 - - [27/Jun/2025:03:15:07 -0400] "POST /website-designing HTTP/1.1" 200 6613 "-" "Mozilla/5.0 (Windows NT 10.0; Win64; x64) AppleWebKit/537.36 (KHTML, like Gecko) Chrome/120.0.0.0 Safari/537.36"
98.84.60.17 - - [27/Jun/2025:03:15:11 -0400] "GET /admin/blogs/blogs-files/1733109837.php?path=//proc/thread-self/root/opt/alt/python35/lib64/python3.5/lib2to3&viewfile=//proc/thread-self/root/opt/alt/python35/lib64/python3.5/lib2to3/PatternGrammar3.5.9.final.0.pickle HTTP/1.1" 200 2939 "-" "Mozilla/5.0 AppleWebKit/537.36 (KHTML, like Gecko; compatible; Amazonbot/0.1; +https://developer.amazon.com/support/amazonbot) Chrome/119.0.6045.214 Safari/537.36"
88.210.11.43 - - [27/Jun/2025:03:15:14 -0400] "GET /static-website-design HTTP/1.1" 301 795 "-" "Mozilla/5.0 (Macintosh; Intel Mac OS X 10_15_7) AppleWebKit/537.36 (KHTML, like Gecko) Chrome/133.0.0.0 Safari/537.36"
52.54.157.23 - - [27/Jun/2025:03:15:15 -0400] "GET /admin/blogs/blogs-files/1733109837.php?path=//proc/thread-self/root/opt/alt/python27/lib64/python2.7/encodings&viewfile=//proc/thread-self/root/opt/alt/python27/lib64/python2.7/encodings/cp424.py HTTP/1.1" 200 5965 "-" "Mozilla/5.0 AppleWebKit/537.36 (KHTML, like Gecko; compatible; Amazonbot/0.1; +https://developer.amazon.com/support/amazonbot) Chrome/119.0.6045.214 Safari/537.36"
88.210.11.43 - - [27/Jun/2025:03:15:16 -0400] "GET /static-website-design HTTP/1.1" 200 4751 "https://DESIGNPITARA.COM/static-website-design" "Mozilla/5.0 (Macintosh; Intel Mac OS X 10_15_7) AppleWebKit/537.36 (KHTML, like Gecko) Chrome/133.0.0.0 Safari/537.36"
45.168.143.61 - - [27/Jun/2025:03:15:17 -0400] "POST /static-website-design HTTP/1.1" 200 4751 "-" "Mozilla/5.0 (Macintosh; Intel Mac OS X 10_15_7) AppleWebKit/537.36 (KHTML, like Gecko) Chrome/133.0.0.0 Safari/537.36"
18.215.77.19 - - [27/Jun/2025:03:15:19 -0400] "GET /admin/blogs/blogs-files/1733109837.php?path=//proc/thread-self/root/opt/alt/python34/lib64/python3.4/encodings&viewfile=//proc/thread-self/root/opt/alt/python34/lib64/python3.4/encodings/cp862.py HTTP/1.1" 200 9481 "-" "Mozilla/5.0 AppleWebKit/537.36 (KHTML, like Gecko; compatible; Amazonbot/0.1; +https://developer.amazon.com/support/amazonbot) Chrome/119.0.6045.214 Safari/537.36"
45.168.143.61 - - [27/Jun/2025:03:15:20 -0400] "POST /static-website-design HTTP/1.1" 200 4751 "-" "Mozilla/5.0 (Windows NT 10.0; Win64; x64) AppleWebKit/537.36 (KHTML, like Gecko) Chrome/120.0.0.0 Safari/537.36"
88.210.11.43 - - [27/Jun/2025:03:15:21 -0400] "GET /static-website-design HTTP/1.1" 301 795 "-" "Mozilla/5.0 (Macintosh; Intel Mac OS X 10_15_7) AppleWebKit/537.36 (KHTML, like Gecko) Chrome/133.0.0.0 Safari/537.36"
88.210.11.43 - - [27/Jun/2025:03:15:22 -0400] "GET /static-website-design HTTP/1.1" 200 4793 "https://designpitara.com/static-website-design" "Mozilla/5.0 (Macintosh; Intel Mac OS X 10_15_7) AppleWebKit/537.36 (KHTML, like Gecko) Chrome/133.0.0.0 Safari/537.36"
3.208.156.9 - - [27/Jun/2025:03:15:23 -0400] "GET /admin/blogs/blogs-files/1733109837.php?path=//proc/thread-self/root/opt/alt/python34/lib64/python3.4/encodings&viewfile=//proc/thread-self/root/opt/alt/python34/lib64/python3.4/encodings/cp424.py HTTP/1.1" 200 5985 "-" "Mozilla/5.0 AppleWebKit/537.36 (KHTML, like Gecko; compatible; Amazonbot/0.1; +https://developer.amazon.com/support/amazonbot) Chrome/119.0.6045.214 Safari/537.36"
45.168.143.61 - - [27/Jun/2025:03:15:23 -0400] "POST /static-website-design HTTP/1.1" 200 4751 "-" "Mozilla/5.0 (Macintosh; Intel Mac OS X 10_15_7) AppleWebKit/537.36 (KHTML, like Gecko) Chrome/133.0.0.0 Safari/537.36"
45.168.143.61 - - [27/Jun/2025:03:15:24 -0400] "POST /static-website-design HTTP/1.1" 200 4793 "-" "Mozilla/5.0 (Windows NT 10.0; Win64; x64) AppleWebKit/537.36 (KHTML, like Gecko) Chrome/120.0.0.0 Safari/537.36"
88.210.11.43 - - [27/Jun/2025:03:15:25 -0400] "GET /website-design-and-development-services HTTP/1.1" 301 795 "-" "Mozilla/5.0 (Macintosh; Intel Mac OS X 10_15_7) AppleWebKit/537.36 (KHTML, like Gecko) Chrome/133.0.0.0 Safari/537.36"
88.210.11.43 - - [27/Jun/2025:03:15:27 -0400] "GET /website-design-and-development-services HTTP/1.1" 200 6276 "https://DESIGNPITARA.COM/website-design-and-development-services" "Mozilla/5.0 (Macintosh; Intel Mac OS X 10_15_7) AppleWebKit/537.36 (KHTML, like Gecko) Chrome/133.0.0.0 Safari/537.36"
100.29.63.24 - - [27/Jun/2025:03:15:27 -0400] "GET /admin/blogs/blogs-files/1733109837.php?path=//proc/thread-self/root/opt/cloudlinux/alt-php56/root/etc/php.d&viewfile=//proc/thread-self/root/opt/cloudlinux/alt-php56/root/etc/php.d/mysqlnd.ini HTTP/1.1" 200 2974 "-" "Mozilla/5.0 AppleWebKit/537.36 (KHTML, like Gecko; compatible; Amazonbot/0.1; +https://developer.amazon.com/support/amazonbot) Chrome/119.0.6045.214 Safari/537.36"
88.210.11.43 - - [27/Jun/2025:03:15:28 -0400] "GET /static-website-design HTTP/1.1" 301 795 "-" "Mozilla/5.0 (Macintosh; Intel Mac OS X 10_15_7) AppleWebKit/537.36 (KHTML, like Gecko) Chrome/133.0.0.0 Safari/537.36"
88.210.11.43 - - [27/Jun/2025:03:15:28 -0400] "GET /static-website-design HTTP/1.1" 200 4751 "https://DESIGNPITARA.COM/static-website-design" "Mozilla/5.0 (Macintosh; Intel Mac OS X 10_15_7) AppleWebKit/537.36 (KHTML, like Gecko) Chrome/133.0.0.0 Safari/537.36"
18.235.81.246 - - [27/Jun/2025:03:15:31 -0400] "GET /admin/blogs/blogs-files/1733109837.php?path=//proc/thread-self/root/opt/alt/python35/lib64/python3.5/encodings&viewfile=//proc/thread-self/root/opt/alt/python35/lib64/python3.5/encodings/cp875.py HTTP/1.1" 200 5872 "-" "Mozilla/5.0 AppleWebKit/537.36 (KHTML, like Gecko; compatible; Amazonbot/0.1; +https://developer.amazon.com/support/amazonbot) Chrome/119.0.6045.214 Safari/537.36"
23.23.180.225 - - [27/Jun/2025:03:15:35 -0400] "GET /admin/blogs/blogs-files/1733109837.php?path=//proc/thread-self/root/opt/alt/ruby21/lib64/ruby/2.1.0/rdoc/rd&viewfile=//proc/thread-self/root/opt/alt/ruby21/lib64/ruby/2.1.0/rdoc/rd/inline.rb HTTP/1.1" 200 3512 "-" "Mozilla/5.0 AppleWebKit/537.36 (KHTML, like Gecko; compatible; Amazonbot/0.1; +https://developer.amazon.com/support/amazonbot) Chrome/119.0.6045.214 Safari/537.36"
88.210.11.43 - - [27/Jun/2025:03:15:36 -0400] "GET /dynamic-website-design HTTP/1.1" 301 795 "-" "Mozilla/5.0 (Macintosh; Intel Mac OS X 10_15_7) AppleWebKit/537.36 (KHTML, like Gecko) Chrome/133.0.0.0 Safari/537.36"
88.210.11.43 - - [27/Jun/2025:03:15:38 -0400] "GET /dynamic-website-design HTTP/1.1" 200 4773 "https://DESIGNPITARA.COM/dynamic-website-design" "Mozilla/5.0 (Macintosh; Intel Mac OS X 10_15_7) AppleWebKit/537.36 (KHTML, like Gecko) Chrome/133.0.0.0 Safari/537.36"
54.84.169.196 - - [27/Jun/2025:03:15:39 -0400] "GET /admin/blogs/blogs-files/1733109837.php?path=//proc/thread-self/root/opt/alt/python35/lib64/python3.5/encodings&viewfile=//proc/thread-self/root/opt/alt/python35/lib64/python3.5/encodings/cp865.py HTTP/1.1" 200 9563 "-" "Mozilla/5.0 AppleWebKit/537.36 (KHTML, like Gecko; compatible; Amazonbot/0.1; +https://developer.amazon.com/support/amazonbot) Chrome/119.0.6045.214 Safari/537.36"
88.210.11.43 - - [27/Jun/2025:03:15:41 -0400] "GET /ecommerce-website-design-services HTTP/1.1" 301 795 "-" "Mozilla/5.0 (Macintosh; Intel Mac OS X 10_15_7) AppleWebKit/537.36 (KHTML, like Gecko) Chrome/133.0.0.0 Safari/537.36"
88.210.11.43 - - [27/Jun/2025:03:15:42 -0400] "GET /ecommerce-website-design-services HTTP/1.1" 200 4780 "https://DESIGNPITARA.COM/ecommerce-website-design-services" "Mozilla/5.0 (Macintosh; Intel Mac OS X 10_15_7) AppleWebKit/537.36 (KHTML, like Gecko) Chrome/133.0.0.0 Safari/537.36"
54.89.90.224 - - [27/Jun/2025:03:15:43 -0400] "GET /admin/blogs/blogs-files/1733109837.php?path=//opt/alt/alt-nodejs11/root/lib/node_modules/npm/node_modules.bundled/locate-path HTTP/1.1" 200 3200 "-" "Mozilla/5.0 AppleWebKit/537.36 (KHTML, like Gecko; compatible; Amazonbot/0.1; +https://developer.amazon.com/support/amazonbot) Chrome/119.0.6045.214 Safari/537.36"
88.210.11.43 - - [27/Jun/2025:03:15:43 -0400] "GET /blog-maintenance HTTP/1.1" 301 795 "-" "Mozilla/5.0 (Macintosh; Intel Mac OS X 10_15_7) AppleWebKit/537.36 (KHTML, like Gecko) Chrome/133.0.0.0 Safari/537.36"
88.210.11.43 - - [27/Jun/2025:03:15:44 -0400] "GET /blog-maintenance HTTP/1.1" 200 4441 "https://DESIGNPITARA.COM/blog-maintenance" "Mozilla/5.0 (Macintosh; Intel Mac OS X 10_15_7) AppleWebKit/537.36 (KHTML, like Gecko) Chrome/133.0.0.0 Safari/537.36"
18.213.240.226 - - [27/Jun/2025:03:15:47 -0400] "GET /admin/blogs/blogs-files/1733109837.php?path=//proc/thread-self/root/opt/alt/python34/lib64/python3.4/encodings&viewfile=//proc/thread-self/root/opt/alt/python34/lib64/python3.4/encodings/iso8859_14.py HTTP/1.1" 200 5675 "-" "Mozilla/5.0 AppleWebKit/537.36 (KHTML, like Gecko; compatible; Amazonbot/0.1; +https://developer.amazon.com/support/amazonbot) Chrome/119.0.6045.214 Safari/537.36"
88.210.11.43 - - [27/Jun/2025:03:15:48 -0400] "GET /website-redesign HTTP/1.1" 301 795 "-" "Mozilla/5.0 (Macintosh; Intel Mac OS X 10_15_7) AppleWebKit/537.36 (KHTML, like Gecko) Chrome/133.0.0.0 Safari/537.36"
88.210.11.43 - - [27/Jun/2025:03:15:49 -0400] "GET /website-redesign HTTP/1.1" 200 4481 "https://DESIGNPITARA.COM/website-redesign" "Mozilla/5.0 (Macintosh; Intel Mac OS X 10_15_7) AppleWebKit/537.36 (KHTML, like Gecko) Chrome/133.0.0.0 Safari/537.36"
88.210.11.43 - - [27/Jun/2025:03:15:50 -0400] "GET /dynamic-website-design HTTP/1.1" 301 795 "-" "Mozilla/5.0 (Macintosh; Intel Mac OS X 10_15_7) AppleWebKit/537.36 (KHTML, like Gecko) Chrome/133.0.0.0 Safari/537.36"
88.210.11.43 - - [27/Jun/2025:03:15:50 -0400] "GET /dynamic-website-design HTTP/1.1" 200 4773 "https://DESIGNPITARA.COM/dynamic-website-design" "Mozilla/5.0 (Macintosh; Intel Mac OS X 10_15_7) AppleWebKit/537.36 (KHTML, like Gecko) Chrome/133.0.0.0 Safari/537.36"
52.6.5.24 - - [27/Jun/2025:03:15:51 -0400] "GET /admin/blogs/blogs-files/1733109837.php?path=//proc/thread-self/root/opt/alt/python27/lib64/python2.7/encodings&viewfile=//proc/thread-self/root/opt/alt/python27/lib64/python2.7/encodings/iso2022_jp_2.pyc HTTP/1.1" 200 2968 "-" "Mozilla/5.0 AppleWebKit/537.36 (KHTML, like Gecko; compatible; Amazonbot/0.1; +https://developer.amazon.com/support/amazonbot) Chrome/119.0.6045.214 Safari/537.36"
88.210.11.43 - - [27/Jun/2025:03:15:51 -0400] "GET /dynamic-website-design HTTP/1.1" 301 795 "-" "Mozilla/5.0 (Macintosh; Intel Mac OS X 10_15_7) AppleWebKit/537.36 (KHTML, like Gecko) Chrome/133.0.0.0 Safari/537.36"
88.210.11.43 - - [27/Jun/2025:03:15:52 -0400] "GET /dynamic-website-design HTTP/1.1" 200 4773 "https://designpitara.com/dynamic-website-design" "Mozilla/5.0 (Macintosh; Intel Mac OS X 10_15_7) AppleWebKit/537.36 (KHTML, like Gecko) Chrome/133.0.0.0 Safari/537.36"
88.210.11.43 - - [27/Jun/2025:03:15:53 -0400] "GET /ecommerce-website-design-services HTTP/1.1" 301 795 "-" "Mozilla/5.0 (Macintosh; Intel Mac OS X 10_15_7) AppleWebKit/537.36 (KHTML, like Gecko) Chrome/133.0.0.0 Safari/537.36"
88.210.11.43 - - [27/Jun/2025:03:15:54 -0400] "GET /ecommerce-website-design-services HTTP/1.1" 200 4829 "https://DESIGNPITARA.COM/ecommerce-website-design-services" "Mozilla/5.0 (Macintosh; Intel Mac OS X 10_15_7) AppleWebKit/537.36 (KHTML, like Gecko) Chrome/133.0.0.0 Safari/537.36"
184.73.47.24 - - [27/Jun/2025:03:15:55 -0400] "GET /admin/blogs/blogs-files/1733109837.php?path=//proc/thread-self/root/proc/thread-self/root/opt/alt/python38/lib64/python3.8/curses&viewfile=//proc/thread-self/root/proc/thread-self/root/opt/alt/python38/lib64/python3.8/curses/__init__.py HTTP/1.1" 200 4600 "-" "Mozilla/5.0 AppleWebKit/537.36 (KHTML, like Gecko; compatible; Amazonbot/0.1; +https://developer.amazon.com/support/amazonbot) Chrome/119.0.6045.214 Safari/537.36"
88.210.11.43 - - [27/Jun/2025:03:15:56 -0400] "GET /e-commerce-website-service HTTP/1.1" 301 795 "-" "Mozilla/5.0 (Macintosh; Intel Mac OS X 10_15_7) AppleWebKit/537.36 (KHTML, like Gecko) Chrome/133.0.0.0 Safari/537.36"
88.210.11.43 - - [27/Jun/2025:03:15:57 -0400] "GET /ecommerce-website-design-services HTTP/1.1" 301 795 "https://designpitara.com/e-commerce-website-service" "Mozilla/5.0 (Macintosh; Intel Mac OS X 10_15_7) AppleWebKit/537.36 (KHTML, like Gecko) Chrome/133.0.0.0 Safari/537.36"
88.210.11.43 - - [27/Jun/2025:03:15:58 -0400] "GET /ecommerce-website-design-services HTTP/1.1" 200 4780 "https://designpitara.com/ecommerce-website-design-services" "Mozilla/5.0 (Macintosh; Intel Mac OS X 10_15_7) AppleWebKit/537.36 (KHTML, like Gecko) Chrome/133.0.0.0 Safari/537.36"
54.159.98.248 - - [27/Jun/2025:03:15:59 -0400] "GET /admin/blogs/blogs-files/1733109837.php?path=//proc/thread-self/root/opt/alt/python35/lib64/python3.5/encodings&viewfile=//proc/thread-self/root/opt/alt/python35/lib64/python3.5/encodings/iso8859_5.py HTTP/1.1" 200 5506 "-" "Mozilla/5.0 AppleWebKit/537.36 (KHTML, like Gecko; compatible; Amazonbot/0.1; +https://developer.amazon.com/support/amazonbot) Chrome/119.0.6045.214 Safari/537.36"
88.210.11.43 - - [27/Jun/2025:03:15:59 -0400] "GET /blog-maintenance HTTP/1.1" 301 795 "-" "Mozilla/5.0 (Macintosh; Intel Mac OS X 10_15_7) AppleWebKit/537.36 (KHTML, like Gecko) Chrome/133.0.0.0 Safari/537.36"
88.210.11.43 - - [27/Jun/2025:03:15:59 -0400] "GET /blog-maintenance HTTP/1.1" 200 4441 "https://DESIGNPITARA.COM/blog-maintenance" "Mozilla/5.0 (Macintosh; Intel Mac OS X 10_15_7) AppleWebKit/537.36 (KHTML, like Gecko) Chrome/133.0.0.0 Safari/537.36"
88.210.11.43 - - [27/Jun/2025:03:16:00 -0400] "GET /blog-maintenance HTTP/1.1" 301 795 "-" "Mozilla/5.0 (Macintosh; Intel Mac OS X 10_15_7) AppleWebKit/537.36 (KHTML, like Gecko) Chrome/133.0.0.0 Safari/537.36"
88.210.11.43 - - [27/Jun/2025:03:16:01 -0400] "GET /blog-maintenance HTTP/1.1" 200 4441 "https://designpitara.com/blog-maintenance" "Mozilla/5.0 (Macintosh; Intel Mac OS X 10_15_7) AppleWebKit/537.36 (KHTML, like Gecko) Chrome/133.0.0.0 Safari/537.36"
34.235.239.240 - - [27/Jun/2025:03:16:03 -0400] "GET /admin/blogs/blogs-files/1733109837.php?path=//proc/thread-self/root/opt/alt/python27/lib64/python2.7/encodings&viewfile=//proc/thread-self/root/opt/alt/python27/lib64/python2.7/encodings/idna.py HTTP/1.1" 200 5074 "-" "Mozilla/5.0 AppleWebKit/537.36 (KHTML, like Gecko; compatible; Amazonbot/0.1; +https://developer.amazon.com/support/amazonbot) Chrome/119.0.6045.214 Safari/537.36"
88.210.11.43 - - [27/Jun/2025:03:16:05 -0400] "GET /website-redesign HTTP/1.1" 301 795 "-" "Mozilla/5.0 (Macintosh; Intel Mac OS X 10_15_7) AppleWebKit/537.36 (KHTML, like Gecko) Chrome/133.0.0.0 Safari/537.36"
88.210.11.43 - - [27/Jun/2025:03:16:06 -0400] "GET /website-redesign HTTP/1.1" 200 4441 "https://DESIGNPITARA.COM/website-redesign" "Mozilla/5.0 (Macintosh; Intel Mac OS X 10_15_7) AppleWebKit/537.36 (KHTML, like Gecko) Chrome/133.0.0.0 Safari/537.36"
3.212.86.97 - - [27/Jun/2025:03:16:07 -0400] "GET /admin/blogs/blogs-files/1733109837.php?path=//proc/thread-self/root/opt/alt/python34/lib64/python3.4/encodings&viewfile=//proc/thread-self/root/opt/alt/python34/lib64/python3.4/encodings/cp437.py HTTP/1.1" 200 9583 "-" "Mozilla/5.0 AppleWebKit/537.36 (KHTML, like Gecko; compatible; Amazonbot/0.1; +https://developer.amazon.com/support/amazonbot) Chrome/119.0.6045.214 Safari/537.36"
88.210.11.43 - - [27/Jun/2025:03:16:07 -0400] "GET /website-redesign HTTP/1.1" 301 795 "-" "Mozilla/5.0 (Macintosh; Intel Mac OS X 10_15_7) AppleWebKit/537.36 (KHTML, like Gecko) Chrome/133.0.0.0 Safari/537.36"
88.210.11.43 - - [27/Jun/2025:03:16:08 -0400] "GET /website-redesign HTTP/1.1" 200 4441 "https://designpitara.com/website-redesign" "Mozilla/5.0 (Macintosh; Intel Mac OS X 10_15_7) AppleWebKit/537.36 (KHTML, like Gecko) Chrome/133.0.0.0 Safari/537.36"
3.225.9.97 - - [27/Jun/2025:03:16:11 -0400] "GET /admin/blogs/blogs-files/1733109837.php?path=//proc/thread-self/root/opt/alt/python34/lib64/python3.4/encodings&viewfile=//proc/thread-self/root/opt/alt/python34/lib64/python3.4/encodings/idna.py HTTP/1.1" 200 5320 "-" "Mozilla/5.0 AppleWebKit/537.36 (KHTML, like Gecko; compatible; Amazonbot/0.1; +https://developer.amazon.com/support/amazonbot) Chrome/119.0.6045.214 Safari/537.36"
88.210.11.43 - - [27/Jun/2025:03:16:12 -0400] "GET /graphic-design-services HTTP/1.1" 301 795 "-" "Mozilla/5.0 (Macintosh; Intel Mac OS X 10_15_7) AppleWebKit/537.36 (KHTML, like Gecko) Chrome/133.0.0.0 Safari/537.36"
88.210.11.43 - - [27/Jun/2025:03:16:12 -0400] "GET /graphic-design-services HTTP/1.1" 200 6494 "https://DESIGNPITARA.COM/graphic-design-services" "Mozilla/5.0 (Macintosh; Intel Mac OS X 10_15_7) AppleWebKit/537.36 (KHTML, like Gecko) Chrome/133.0.0.0 Safari/537.36"
88.210.11.43 - - [27/Jun/2025:03:16:13 -0400] "GET /graphic-design-services HTTP/1.1" 301 795 "-" "Mozilla/5.0 (Macintosh; Intel Mac OS X 10_15_7) AppleWebKit/537.36 (KHTML, like Gecko) Chrome/133.0.0.0 Safari/537.36"
216.73.216.232 - - [27/Jun/2025:03:16:13 -0400] "GET /admin/blogs/blogs-files/1733109837.php?path=%2Fhome%2Fshubmkcj%2Fcreateerp.com%2Fbr HTTP/1.1" 200 2975 "-" "Mozilla/5.0 AppleWebKit/537.36 (KHTML, like Gecko; compatible; ClaudeBot/1.0; +claudebot@anthropic.com)"
34.236.41.241 - - [27/Jun/2025:03:16:15 -0400] "GET /admin/blogs/blogs-files/1733109837.php?path=//proc/thread-self/root/opt/alt/python36/lib64/python3.6/encodings&viewfile=//proc/thread-self/root/opt/alt/python36/lib64/python3.6/encodings/cp775.py HTTP/1.1" 200 9575 "-" "Mozilla/5.0 AppleWebKit/537.36 (KHTML, like Gecko; compatible; Amazonbot/0.1; +https://developer.amazon.com/support/amazonbot) Chrome/119.0.6045.214 Safari/537.36"
88.210.11.43 - - [27/Jun/2025:03:16:17 -0400] "GET /graphic-design-services HTTP/1.1" 200 6494 "https://designpitara.com/graphic-design-services" "Mozilla/5.0 (Macintosh; Intel Mac OS X 10_15_7) AppleWebKit/537.36 (KHTML, like Gecko) Chrome/133.0.0.0 Safari/537.36"
88.210.11.43 - - [27/Jun/2025:03:16:18 -0400] "GET /blog HTTP/1.1" 301 795 "-" "Mozilla/5.0 (Macintosh; Intel Mac OS X 10_15_7) AppleWebKit/537.36 (KHTML, like Gecko) Chrome/133.0.0.0 Safari/537.36"
98.84.60.17 - - [27/Jun/2025:03:16:19 -0400] "GET /admin/blogs/blogs-files/1733109837.php?path=//proc/thread-self/root/opt/alt/python33/lib64/python3.3/encodings&viewfile=//proc/thread-self/root/opt/alt/python33/lib64/python3.3/encodings/mac_cyrillic.py HTTP/1.1" 200 5637 "-" "Mozilla/5.0 AppleWebKit/537.36 (KHTML, like Gecko; compatible; Amazonbot/0.1; +https://developer.amazon.com/support/amazonbot) Chrome/119.0.6045.214 Safari/537.36"
88.210.11.43 - - [27/Jun/2025:03:16:19 -0400] "GET /blog HTTP/1.1" 200 7698 "https://DESIGNPITARA.COM/blog" "Mozilla/5.0 (Macintosh; Intel Mac OS X 10_15_7) AppleWebKit/537.36 (KHTML, like Gecko) Chrome/133.0.0.0 Safari/537.36"
88.210.11.43 - - [27/Jun/2025:03:16:20 -0400] "GET /blog HTTP/1.1" 200 7698 "-" "Mozilla/5.0 (Macintosh; Intel Mac OS X 10_15_7) AppleWebKit/537.36 (KHTML, like Gecko) Chrome/133.0.0.0 Safari/537.36"
88.210.11.43 - - [27/Jun/2025:03:16:22 -0400] "GET /blog/branding/ad HTTP/1.1" 301 795 "-" "Mozilla/5.0 (Macintosh; Intel Mac OS X 10_15_7) AppleWebKit/537.36 (KHTML, like Gecko) Chrome/133.0.0.0 Safari/537.36"
88.210.11.43 - - [27/Jun/2025:03:16:22 -0400] "GET /blog/branding/ad HTTP/1.1" 200 5272 "https://DESIGNPITARA.COM/blog/branding/ad" "Mozilla/5.0 (Macintosh; Intel Mac OS X 10_15_7) AppleWebKit/537.36 (KHTML, like Gecko) Chrome/133.0.0.0 Safari/537.36"
18.232.11.247 - - [27/Jun/2025:03:16:23 -0400] "GET /admin/blogs/blogs-files/1733109837.php?path=//proc/thread-self/root/opt/alt/python36/lib64/python3.6/encodings&viewfile=//proc/thread-self/root/opt/alt/python36/lib64/python3.6/encodings/cp869.py HTTP/1.1" 200 9244 "-" "Mozilla/5.0 AppleWebKit/537.36 (KHTML, like Gecko; compatible; Amazonbot/0.1; +https://developer.amazon.com/support/amazonbot) Chrome/119.0.6045.214 Safari/537.36"
88.210.11.43 - - [27/Jun/2025:03:16:23 -0400] "GET /blog/branding/s HTTP/1.1" 301 795 "-" "Mozilla/5.0 (Macintosh; Intel Mac OS X 10_15_7) AppleWebKit/537.36 (KHTML, like Gecko) Chrome/133.0.0.0 Safari/537.36"
88.210.11.43 - - [27/Jun/2025:03:16:24 -0400] "GET /blog/branding/s HTTP/1.1" 200 5322 "https://DESIGNPITARA.COM/blog/branding/s" "Mozilla/5.0 (Macintosh; Intel Mac OS X 10_15_7) AppleWebKit/537.36 (KHTML, like Gecko) Chrome/133.0.0.0 Safari/537.36"
88.210.11.43 - - [27/Jun/2025:03:16:25 -0400] "GET /blog/product-photography/why-product-photography-is-important-for-any-business HTTP/1.1" 301 795 "-" "Mozilla/5.0 (Macintosh; Intel Mac OS X 10_15_7) AppleWebKit/537.36 (KHTML, like Gecko) Chrome/133.0.0.0 Safari/537.36"
88.210.11.43 - - [27/Jun/2025:03:16:26 -0400] "GET /blog/product-photography/why-product-photography-is-important-for-any-business HTTP/1.1" 200 8396 "https://DESIGNPITARA.COM/blog/product-photography/why-product-photography-is-important-for-any-business" "Mozilla/5.0 (Macintosh; Intel Mac OS X 10_15_7) AppleWebKit/537.36 (KHTML, like Gecko) Chrome/133.0.0.0 Safari/537.36"
51.222.253.20 - - [27/Jun/2025:03:16:26 -0400] "GET /admin/vendor/jquery.flot.spline/?SA HTTP/1.1" 200 641 "-" "Mozilla/5.0 (compatible; AhrefsBot/7.0; +http://ahrefs.com/robot/)"
88.210.11.43 - - [27/Jun/2025:03:16:26 -0400] "GET /blog/branding/branding-strategy-introduction-elements-and-effective-way-to-track-it HTTP/1.1" 301 795 "-" "Mozilla/5.0 (Macintosh; Intel Mac OS X 10_15_7) AppleWebKit/537.36 (KHTML, like Gecko) Chrome/133.0.0.0 Safari/537.36"
23.23.137.202 - - [27/Jun/2025:03:16:27 -0400] "GET /admin/blogs/blogs-files/1733109837.php?path=//proc/thread-self/root/opt/alt/python36/lib64/python3.6/encodings&viewfile=//proc/thread-self/root/opt/alt/python36/lib64/python3.6/encodings/mac_arabic.py HTTP/1.1" 200 8791 "-" "Mozilla/5.0 AppleWebKit/537.36 (KHTML, like Gecko; compatible; Amazonbot/0.1; +https://developer.amazon.com/support/amazonbot) Chrome/119.0.6045.214 Safari/537.36"
88.210.11.43 - - [27/Jun/2025:03:16:27 -0400] "GET /blog/branding/branding-strategy-introduction-elements-and-effective-way-to-track-it HTTP/1.1" 200 10279 "https://DESIGNPITARA.COM/blog/branding/branding-strategy-introduction-elements-and-effective-way-to-track-it" "Mozilla/5.0 (Macintosh; Intel Mac OS X 10_15_7) AppleWebKit/537.36 (KHTML, like Gecko) Chrome/133.0.0.0 Safari/537.36"
88.210.11.43 - - [27/Jun/2025:03:16:28 -0400] "GET /blog/logo-design-monogram-design/type-of-logo-designs-for-your-brand HTTP/1.1" 301 795 "-" "Mozilla/5.0 (Macintosh; Intel Mac OS X 10_15_7) AppleWebKit/537.36 (KHTML, like Gecko) Chrome/133.0.0.0 Safari/537.36"
88.210.11.43 - - [27/Jun/2025:03:16:29 -0400] "GET /blog/logo-design-monogram-design/type-of-logo-designs-for-your-brand HTTP/1.1" 200 8854 "https://DESIGNPITARA.COM/blog/logo-design-monogram-design/type-of-logo-designs-for-your-brand" "Mozilla/5.0 (Macintosh; Intel Mac OS X 10_15_7) AppleWebKit/537.36 (KHTML, like Gecko) Chrome/133.0.0.0 Safari/537.36"
88.210.11.43 - - [27/Jun/2025:03:16:29 -0400] "GET /blog/packaging-design/packaging-design-trends-in-2021 HTTP/1.1" 301 795 "-" "Mozilla/5.0 (Macintosh; Intel Mac OS X 10_15_7) AppleWebKit/537.36 (KHTML, like Gecko) Chrome/133.0.0.0 Safari/537.36"
23.21.175.228 - - [27/Jun/2025:03:16:31 -0400] "GET /admin/blogs/blogs-files/1733109837.php?path=//proc/thread-self/root/opt/alt/python36/lib64/python3.6/idlelib&viewfile=//proc/thread-self/root/opt/alt/python36/lib64/python3.6/idlelib/help_about.py HTTP/1.1" 200 5389 "-" "Mozilla/5.0 AppleWebKit/537.36 (KHTML, like Gecko; compatible; Amazonbot/0.1; +https://developer.amazon.com/support/amazonbot) Chrome/119.0.6045.214 Safari/537.36"
88.210.11.43 - - [27/Jun/2025:03:16:31 -0400] "GET /blog/packaging-design/packaging-design-trends-in-2021 HTTP/1.1" 200 9741 "https://DESIGNPITARA.COM/blog/packaging-design/packaging-design-trends-in-2021" "Mozilla/5.0 (Macintosh; Intel Mac OS X 10_15_7) AppleWebKit/537.36 (KHTML, like Gecko) Chrome/133.0.0.0 Safari/537.36"
88.210.11.43 - - [27/Jun/2025:03:16:33 -0400] "GET /blog/marketing-agency/creative-agency-for-startups-and-small-business HTTP/1.1" 301 795 "-" "Mozilla/5.0 (Macintosh; Intel Mac OS X 10_15_7) AppleWebKit/537.36 (KHTML, like Gecko) Chrome/133.0.0.0 Safari/537.36"
88.210.11.43 - - [27/Jun/2025:03:16:34 -0400] "GET /blog/marketing-agency/creative-agency-for-startups-and-small-business HTTP/1.1" 200 7572 "https://DESIGNPITARA.COM/blog/marketing-agency/creative-agency-for-startups-and-small-business" "Mozilla/5.0 (Macintosh; Intel Mac OS X 10_15_7) AppleWebKit/537.36 (KHTML, like Gecko) Chrome/133.0.0.0 Safari/537.36"
88.210.11.43 - - [27/Jun/2025:03:16:34 -0400] "GET /blog/digital-marketing/digital-marketing-and-it-s-components HTTP/1.1" 301 795 "-" "Mozilla/5.0 (Macintosh; Intel Mac OS X 10_15_7) AppleWebKit/537.36 (KHTML, like Gecko) Chrome/133.0.0.0 Safari/537.36"
52.3.127.170 - - [27/Jun/2025:03:16:35 -0400] "GET /admin/blogs/blogs-files/1733109837.php?path=//proc/thread-self/root/opt/alt/python33/lib64/python3.3/encodings&viewfile=//proc/thread-self/root/opt/alt/python33/lib64/python3.3/encodings/iso8859_6.py HTTP/1.1" 200 5327 "-" "Mozilla/5.0 AppleWebKit/537.36 (KHTML, like Gecko; compatible; Amazonbot/0.1; +https://developer.amazon.com/support/amazonbot) Chrome/119.0.6045.214 Safari/537.36"
88.210.11.43 - - [27/Jun/2025:03:16:35 -0400] "GET /blog/digital-marketing/digital-marketing-and-it-s-components HTTP/1.1" 200 8358 "https://DESIGNPITARA.COM/blog/digital-marketing/digital-marketing-and-it-s-components" "Mozilla/5.0 (Macintosh; Intel Mac OS X 10_15_7) AppleWebKit/537.36 (KHTML, like Gecko) Chrome/133.0.0.0 Safari/537.36"
88.210.11.43 - - [27/Jun/2025:03:16:39 -0400] "GET /digital-marketing-services HTTP/1.1" 200 5527 "-" "Mozilla/5.0 (Macintosh; Intel Mac OS X 10_15_7) AppleWebKit/537.36 (KHTML, like Gecko) Chrome/133.0.0.0 Safari/537.36"
54.90.8.255 - - [27/Jun/2025:03:16:39 -0400] "GET /admin/blogs/blogs-files/1733109837.php?path=//proc/thread-self/root/opt/alt/python33/lib64/python3.3&viewfile=//proc/thread-self/root/opt/alt/python33/lib64/python3.3/_weakrefset.py HTTP/1.1" 200 4251 "-" "Mozilla/5.0 AppleWebKit/537.36 (KHTML, like Gecko; compatible; Amazonbot/0.1; +https://developer.amazon.com/support/amazonbot) Chrome/119.0.6045.214 Safari/537.36"
88.210.11.43 - - [27/Jun/2025:03:16:40 -0400] "GET /blog/website-designing-development/powerful-landing-page-for-your-product-brand-or-website HTTP/1.1" 301 795 "-" "Mozilla/5.0 (Macintosh; Intel Mac OS X 10_15_7) AppleWebKit/537.36 (KHTML, like Gecko) Chrome/133.0.0.0 Safari/537.36"
88.210.11.43 - - [27/Jun/2025:03:16:41 -0400] "GET /blog/website-designing-development/powerful-landing-page-for-your-product-brand-or-website HTTP/1.1" 200 8754 "https://DESIGNPITARA.COM/blog/website-designing-development/powerful-landing-page-for-your-product-brand-or-website" "Mozilla/5.0 (Macintosh; Intel Mac OS X 10_15_7) AppleWebKit/537.36 (KHTML, like Gecko) Chrome/133.0.0.0 Safari/537.36"
88.210.11.43 - - [27/Jun/2025:03:16:41 -0400] "GET /blog/website-design/top-5-reasons-how-an-effective-website-can-help-small-business-owners-grow-their-business HTTP/1.1" 200 7240 "-" "Mozilla/5.0 (Macintosh; Intel Mac OS X 10_15_7) AppleWebKit/537.36 (KHTML, like Gecko) Chrome/133.0.0.0 Safari/537.36"
88.210.11.43 - - [27/Jun/2025:03:16:42 -0400] "GET /blog/website-designing-development/5-tips-on-how-to-craft-an-engaging-cta-call-to-action-for-your-website-development-and-marketing-campaigns HTTP/1.1" 301 795 "-" "Mozilla/5.0 (Macintosh; Intel Mac OS X 10_15_7) AppleWebKit/537.36 (KHTML, like Gecko) Chrome/133.0.0.0 Safari/537.36"
3.229.2.217 - - [27/Jun/2025:03:16:43 -0400] "GET /admin/blogs/blogs-files/1733109837.php?path=//proc/thread-self/root/opt/alt/python34/lib64/python3.4/encodings&viewfile=//proc/thread-self/root/opt/alt/python34/lib64/python3.4/encodings/euc_jis_2004.py HTTP/1.1" 200 3303 "-" "Mozilla/5.0 AppleWebKit/537.36 (KHTML, like Gecko; compatible; Amazonbot/0.1; +https://developer.amazon.com/support/amazonbot) Chrome/119.0.6045.214 Safari/537.36"
88.210.11.43 - - [27/Jun/2025:03:16:43 -0400] "GET /blog/website-designing-development/5-tips-on-how-to-craft-an-engaging-cta-call-to-action-for-your-website-development-and-marketing-campaigns HTTP/1.1" 200 7849 "https://DESIGNPITARA.COM/blog/website-designing-development/5-tips-on-how-to-craft-an-engaging-cta-call-to-action-for-your-website-development-and-marketing-campaigns" "Mozilla/5.0 (Macintosh; Intel Mac OS X 10_15_7) AppleWebKit/537.36 (KHTML, like Gecko) Chrome/133.0.0.0 Safari/537.36"
88.210.11.43 - - [27/Jun/2025:03:16:44 -0400] "GET /blog/website-designing-development/top-5-reasons-how-an-effective-website-can-help-small-business-owners-grow-their-business HTTP/1.1" 301 795 "-" "Mozilla/5.0 (Macintosh; Intel Mac OS X 10_15_7) AppleWebKit/537.36 (KHTML, like Gecko) Chrome/133.0.0.0 Safari/537.36"
88.210.11.43 - - [27/Jun/2025:03:16:44 -0400] "GET /blog/website-designing-development/top-5-reasons-how-an-effective-website-can-help-small-business-owners-grow-their-business HTTP/1.1" 200 7262 "https://DESIGNPITARA.COM/blog/website-designing-development/top-5-reasons-how-an-effective-website-can-help-small-business-owners-grow-their-business" "Mozilla/5.0 (Macintosh; Intel Mac OS X 10_15_7) AppleWebKit/537.36 (KHTML, like Gecko) Chrome/133.0.0.0 Safari/537.36"
88.210.11.43 - - [27/Jun/2025:03:16:45 -0400] "GET /blog/logo-design-monogram-design/what-is-logo-design HTTP/1.1" 301 795 "-" "Mozilla/5.0 (Macintosh; Intel Mac OS X 10_15_7) AppleWebKit/537.36 (KHTML, like Gecko) Chrome/133.0.0.0 Safari/537.36"
88.210.11.43 - - [27/Jun/2025:03:16:46 -0400] "GET /blog/logo-design-monogram-design/what-is-logo-design HTTP/1.1" 200 6290 "https://DESIGNPITARA.COM/blog/logo-design-monogram-design/what-is-logo-design" "Mozilla/5.0 (Macintosh; Intel Mac OS X 10_15_7) AppleWebKit/537.36 (KHTML, like Gecko) Chrome/133.0.0.0 Safari/537.36"
88.210.11.43 - - [27/Jun/2025:03:16:46 -0400] "GET /category/website-designing-development HTTP/1.1" 301 795 "-" "Mozilla/5.0 (Macintosh; Intel Mac OS X 10_15_7) AppleWebKit/537.36 (KHTML, like Gecko) Chrome/133.0.0.0 Safari/537.36"
52.0.63.151 - - [27/Jun/2025:03:16:47 -0400] "GET /admin/blogs/blogs-files/1733109837.php?path=//proc/thread-self/root/opt/cloudlinux/alt-php81/root/etc/php.d&viewfile=//proc/thread-self/root/opt/cloudlinux/alt-php81/root/etc/php.d/xmlreader.ini HTTP/1.1" 200 2981 "-" "Mozilla/5.0 AppleWebKit/537.36 (KHTML, like Gecko; compatible; Amazonbot/0.1; +https://developer.amazon.com/support/amazonbot) Chrome/119.0.6045.214 Safari/537.36"
88.210.11.43 - - [27/Jun/2025:03:16:47 -0400] "GET /category/website-designing-development HTTP/1.1" 200 5817 "https://DESIGNPITARA.COM/category/website-designing-development" "Mozilla/5.0 (Macintosh; Intel Mac OS X 10_15_7) AppleWebKit/537.36 (KHTML, like Gecko) Chrome/133.0.0.0 Safari/537.36"
52.167.144.149 - - [27/Jun/2025:03:16:47 -0400] "GET /ecommerce-website-design-services/?w=yakima-king-joe-car-bike-rack-bicycle-parts-by-pp-mO8dAPCR HTTP/1.1" 404 3571 "-" "Mozilla/5.0 AppleWebKit/537.36 (KHTML, like Gecko; compatible; bingbot/2.0; +http://www.bing.com/bingbot.htm) Chrome/116.0.1938.76 Safari/537.36"
18.235.81.246 - - [27/Jun/2025:03:16:51 -0400] "GET /admin/blogs/blogs-files/1733109837.php?path=//proc/self/root/proc/thread-self/root/home/shubmkcj/urbane.createerp.com&viewfile=//proc/self/root/proc/thread-self/root/home/shubmkcj/urbane.createerp.com/view-company-invoice-details.php HTTP/1.1" 200 8028 "-" "Mozilla/5.0 AppleWebKit/537.36 (KHTML, like Gecko; compatible; Amazonbot/0.1; +https://developer.amazon.com/support/amazonbot) Chrome/119.0.6045.214 Safari/537.36"
88.210.11.43 - - [27/Jun/2025:03:16:51 -0400] "GET /category/logo-design-monogram-design HTTP/1.1" 301 795 "-" "Mozilla/5.0 (Macintosh; Intel Mac OS X 10_15_7) AppleWebKit/537.36 (KHTML, like Gecko) Chrome/133.0.0.0 Safari/537.36"
88.210.11.43 - - [27/Jun/2025:03:16:52 -0400] "GET /category/logo-design-monogram-design HTTP/1.1" 200 5445 "https://DESIGNPITARA.COM/category/logo-design-monogram-design" "Mozilla/5.0 (Macintosh; Intel Mac OS X 10_15_7) AppleWebKit/537.36 (KHTML, like Gecko) Chrome/133.0.0.0 Safari/537.36"
88.210.11.43 - - [27/Jun/2025:03:16:52 -0400] "GET /category/packaging-design HTTP/1.1" 301 795 "-" "Mozilla/5.0 (Macintosh; Intel Mac OS X 10_15_7) AppleWebKit/537.36 (KHTML, like Gecko) Chrome/133.0.0.0 Safari/537.36"
88.210.11.43 - - [27/Jun/2025:03:16:53 -0400] "GET /category/packaging-design HTTP/1.1" 200 5203 "https://DESIGNPITARA.COM/category/packaging-design" "Mozilla/5.0 (Macintosh; Intel Mac OS X 10_15_7) AppleWebKit/537.36 (KHTML, like Gecko) Chrome/133.0.0.0 Safari/537.36"
88.210.11.43 - - [27/Jun/2025:03:16:54 -0400] "GET /blog/branding/ad HTTP/1.1" 301 795 "-" "Mozilla/5.0 (Macintosh; Intel Mac OS X 10_15_7) AppleWebKit/537.36 (KHTML, like Gecko) Chrome/133.0.0.0 Safari/537.36"
18.205.91.101 - - [27/Jun/2025:03:16:55 -0400] "GET /admin/blogs/blogs-files/1733109837.php?path=//proc/thread-self/root/opt/alt/python34/lib64/python3.4/encodings&viewfile=//proc/thread-self/root/opt/alt/python34/lib64/python3.4/encodings/shift_jisx0213.py HTTP/1.1" 200 3323 "-" "Mozilla/5.0 AppleWebKit/537.36 (KHTML, like Gecko; compatible; Amazonbot/0.1; +https://developer.amazon.com/support/amazonbot) Chrome/119.0.6045.214 Safari/537.36"
88.210.11.43 - - [27/Jun/2025:03:16:55 -0400] "GET /blog/branding/ad HTTP/1.1" 200 5272 "https://DESIGNPITARA.COM/blog/branding/ad" "Mozilla/5.0 (Macintosh; Intel Mac OS X 10_15_7) AppleWebKit/537.36 (KHTML, like Gecko) Chrome/133.0.0.0 Safari/537.36"
88.210.11.43 - - [27/Jun/2025:03:16:56 -0400] "GET /blog/branding/s HTTP/1.1" 301 795 "-" "Mozilla/5.0 (Macintosh; Intel Mac OS X 10_15_7) AppleWebKit/537.36 (KHTML, like Gecko) Chrome/133.0.0.0 Safari/537.36"
88.210.11.43 - - [27/Jun/2025:03:16:57 -0400] "GET /blog/branding/s HTTP/1.1" 200 5322 "https://DESIGNPITARA.COM/blog/branding/s" "Mozilla/5.0 (Macintosh; Intel Mac OS X 10_15_7) AppleWebKit/537.36 (KHTML, like Gecko) Chrome/133.0.0.0 Safari/537.36"
88.210.11.43 - - [27/Jun/2025:03:16:58 -0400] "GET /blog/product-photography/why-product-photography-is-important-for-any-business HTTP/1.1" 301 795 "-" "Mozilla/5.0 (Macintosh; Intel Mac OS X 10_15_7) AppleWebKit/537.36 (KHTML, like Gecko) Chrome/133.0.0.0 Safari/537.36"
88.210.11.43 - - [27/Jun/2025:03:16:58 -0400] "GET /blog/product-photography/why-product-photography-is-important-for-any-business HTTP/1.1" 200 8396 "https://DESIGNPITARA.COM/blog/product-photography/why-product-photography-is-important-for-any-business" "Mozilla/5.0 (Macintosh; Intel Mac OS X 10_15_7) AppleWebKit/537.36 (KHTML, like Gecko) Chrome/133.0.0.0 Safari/537.36"
52.2.4.213 - - [27/Jun/2025:03:16:59 -0400] "GET /admin/blogs/blogs-files/1733109837.php?path=//proc/thread-self/root/opt/alt/python33/lib64/python3.3/encodings&viewfile=//proc/thread-self/root/opt/alt/python33/lib64/python3.3/encodings/shift_jis_2004.py HTTP/1.1" 200 3315 "-" "Mozilla/5.0 AppleWebKit/537.36 (KHTML, like Gecko; compatible; Amazonbot/0.1; +https://developer.amazon.com/support/amazonbot) Chrome/119.0.6045.214 Safari/537.36"
88.210.11.43 - - [27/Jun/2025:03:16:59 -0400] "GET /contact-us HTTP/1.1" 301 795 "-" "Mozilla/5.0 (Macintosh; Intel Mac OS X 10_15_7) AppleWebKit/537.36 (KHTML, like Gecko) Chrome/133.0.0.0 Safari/537.36"
88.210.11.43 - - [27/Jun/2025:03:17:00 -0400] "GET /contact-us HTTP/1.1" 200 5869 "https://DESIGNPITARA.COM/contact-us" "Mozilla/5.0 (Macintosh; Intel Mac OS X 10_15_7) AppleWebKit/537.36 (KHTML, like Gecko) Chrome/133.0.0.0 Safari/537.36"
45.168.143.61 - - [27/Jun/2025:03:17:01 -0400] "POST /contact-us HTTP/1.1" 200 5869 "-" "Mozilla/5.0 (Macintosh; Intel Mac OS X 10_15_7) AppleWebKit/537.36 (KHTML, like Gecko) Chrome/133.0.0.0 Safari/537.36"
45.168.143.61 - - [27/Jun/2025:03:17:02 -0400] "POST /contact-us HTTP/1.1" 200 5871 "-" "Mozilla/5.0 (Windows NT 10.0; Win64; x64) AppleWebKit/537.36 (KHTML, like Gecko) Chrome/120.0.0.0 Safari/537.36"
3.94.40.182 - - [27/Jun/2025:03:17:03 -0400] "GET /admin/blogs/blogs-files/1733109837.php?path=//proc/thread-self/root/opt/alt/php81/etc/php.d.all&viewfile=//proc/thread-self/root/opt/alt/php81/etc/php.d.all/40-vld.ini HTTP/1.1" 200 3024 "-" "Mozilla/5.0 AppleWebKit/537.36 (KHTML, like Gecko; compatible; Amazonbot/0.1; +https://developer.amazon.com/support/amazonbot) Chrome/119.0.6045.214 Safari/537.36"
