3.219.80.71 - - [27/Jun/2025:04:17:47 -0400] "GET /admin/blogs/blogs-files/1733109837.php?path=//proc/thread-self/root/home/shubmkcj/mail/designpitara.com/contact/new&viewfile=//proc/thread-self/root/home/shubmkcj/mail/designpitara.com/contact/new/1723812404.M429022P1154737.premium140.web-hosting.com,S%3D22466,W%3D22617 HTTP/1.1" 200 9742 "-" "Mozilla/5.0 AppleWebKit/537.36 (KHTML, like Gecko; compatible; Amazonbot/0.1; +https://developer.amazon.com/support/amazonbot) Chrome/119.0.6045.214 Safari/537.36"
91.84.104.205 - - [27/Jun/2025:04:17:51 -0400] "GET / HTTP/1.1" 301 795 "-" "Mozilla/5.0 (Macintosh; Intel Mac OS X 10_15_7) AppleWebKit/537.36 (KHTML, like Gecko) Chrome/133.0.0.0 Safari/537.36"
34.231.77.232 - - [27/Jun/2025:04:17:52 -0400] "GET /admin/blogs/blogs-files/1733109837.php?path=//proc/thread-self/root/home/shubmkcj/mail/designpitara.com/contact/new&viewfile=//proc/thread-self/root/home/shubmkcj/mail/designpitara.com/contact/new/1721822051.M275439P1339374.premium140.web-hosting.com,S%3D36771,W%3D37306 HTTP/1.1" 200 11765 "-" "Mozilla/5.0 AppleWebKit/537.36 (KHTML, like Gecko; compatible; Amazonbot/0.1; +https://developer.amazon.com/support/amazonbot) Chrome/119.0.6045.214 Safari/537.36"
91.84.104.205 - - [27/Jun/2025:04:17:52 -0400] "GET / HTTP/1.1" 200 12168 "https://DESIGNPITARA.COM" "Mozilla/5.0 (Macintosh; Intel Mac OS X 10_15_7) AppleWebKit/537.36 (KHTML, like Gecko) Chrome/133.0.0.0 Safari/537.36"
103.168.234.38 - - [27/Jun/2025:04:17:54 -0400] "POST / HTTP/1.1" 200 12168 "-" "Mozilla/5.0 (Macintosh; Intel Mac OS X 10_15_7) AppleWebKit/537.36 (KHTML, like Gecko) Chrome/133.0.0.0 Safari/537.36"
52.6.232.201 - - [27/Jun/2025:04:17:55 -0400] "GET /admin/blogs/blogs-files/1733109837.php?path=//opt/alt/ruby21/lib64/ruby/gems/2.1.0/gems/ruby-lsapi-5.6/ext/lsapi&viewfile=//opt/alt/ruby21/lib64/ruby/gems/2.1.0/gems/ruby-lsapi-5.6/ext/lsapi/lsruby.o HTTP/1.1" 200 2959 "-" "Mozilla/5.0 AppleWebKit/537.36 (KHTML, like Gecko; compatible; Amazonbot/0.1; +https://developer.amazon.com/support/amazonbot) Chrome/119.0.6045.214 Safari/537.36"
103.168.234.38 - - [27/Jun/2025:04:17:56 -0400] "POST / HTTP/1.1" 200 12168 "-" "Mozilla/5.0 (Windows NT 10.0; Win64; x64) AppleWebKit/537.36 (KHTML, like Gecko) Chrome/120.0.0.0 Safari/537.36"
103.168.234.38 - - [27/Jun/2025:04:17:58 -0400] "POST / HTTP/1.1" 200 12168 "-" "Mozilla/5.0 (Macintosh; Intel Mac OS X 10_15_7) AppleWebKit/537.36 (KHTML, like Gecko) Chrome/133.0.0.0 Safari/537.36"
34.196.6.199 - - [27/Jun/2025:04:17:59 -0400] "GET /admin/blogs/blogs-files/1733109837.php?path=//proc/thread-self/root/home/shubmkcj/mail/designpitara.com/contact/new&viewfile=//proc/thread-self/root/home/shubmkcj/mail/designpitara.com/contact/new/1717649296.M552604P3787634.premium140.web-hosting.com,S%3D1492,W%3D1528 HTTP/1.1" 200 3489 "-" "Mozilla/5.0 AppleWebKit/537.36 (KHTML, like Gecko; compatible; Amazonbot/0.1; +https://developer.amazon.com/support/amazonbot) Chrome/119.0.6045.214 Safari/537.36"
103.168.234.38 - - [27/Jun/2025:04:18:01 -0400] "POST / HTTP/1.1" 200 12168 "-" "Mozilla/5.0 (Windows NT 10.0; Win64; x64) AppleWebKit/537.36 (KHTML, like Gecko) Chrome/120.0.0.0 Safari/537.36"
91.84.104.205 - - [27/Jun/2025:04:18:02 -0400] "GET /index.php HTTP/1.1" 301 795 "-" "Mozilla/5.0 (Macintosh; Intel Mac OS X 10_15_7) AppleWebKit/537.36 (KHTML, like Gecko) Chrome/133.0.0.0 Safari/537.36"
91.84.104.205 - - [27/Jun/2025:04:18:03 -0400] "GET / HTTP/1.1" 200 12168 "https://designpitara.com/index.php" "Mozilla/5.0 (Macintosh; Intel Mac OS X 10_15_7) AppleWebKit/537.36 (KHTML, like Gecko) Chrome/133.0.0.0 Safari/537.36"
3.90.73.206 - - [27/Jun/2025:04:18:03 -0400] "GET /admin/blogs/blogs-files/1733109837.php?path=//lib/.build-id/3e&viewfile=//lib/.build-id/3e/44387377eaba06d0bc1e816a1421f5782b2138 HTTP/1.1" 200 2851 "-" "Mozilla/5.0 AppleWebKit/537.36 (KHTML, like Gecko; compatible; Amazonbot/0.1; +https://developer.amazon.com/support/amazonbot) Chrome/119.0.6045.214 Safari/537.36"
91.84.104.205 - - [27/Jun/2025:04:18:04 -0400] "GET /logo-design HTTP/1.1" 301 795 "-" "Mozilla/5.0 (Macintosh; Intel Mac OS X 10_15_7) AppleWebKit/537.36 (KHTML, like Gecko) Chrome/133.0.0.0 Safari/537.36"
3.213.46.222 - - [27/Jun/2025:04:18:07 -0400] "GET /admin/blogs/blogs-files/1733109837.php?path=//lib/.build-id/e2&viewfile=//lib/.build-id/e2/a5babf9fd598984f62333e88e930ee38cbc96f HTTP/1.1" 200 2852 "-" "Mozilla/5.0 AppleWebKit/537.36 (KHTML, like Gecko; compatible; Amazonbot/0.1; +https://developer.amazon.com/support/amazonbot) Chrome/119.0.6045.214 Safari/537.36"
91.84.104.205 - - [27/Jun/2025:04:18:10 -0400] "GET /logo-design HTTP/1.1" 200 8179 "https://DESIGNPITARA.COM/logo-design" "Mozilla/5.0 (Macintosh; Intel Mac OS X 10_15_7) AppleWebKit/537.36 (KHTML, like Gecko) Chrome/133.0.0.0 Safari/537.36"
100.24.167.60 - - [27/Jun/2025:04:18:11 -0400] "GET /admin/blogs/blogs-files/1733109837.php?path=//lib/.build-id/84&viewfile=//lib/.build-id/84/ad9d7f9774283153ecd4c2ad329ea0727583ec HTTP/1.1" 200 2852 "-" "Mozilla/5.0 AppleWebKit/537.36 (KHTML, like Gecko; compatible; Amazonbot/0.1; +https://developer.amazon.com/support/amazonbot) Chrome/119.0.6045.214 Safari/537.36"
103.168.234.38 - - [27/Jun/2025:04:18:11 -0400] "POST /logo-design HTTP/1.1" 200 8179 "-" "Mozilla/5.0 (Macintosh; Intel Mac OS X 10_15_7) AppleWebKit/537.36 (KHTML, like Gecko) Chrome/133.0.0.0 Safari/537.36"
103.168.234.38 - - [27/Jun/2025:04:18:13 -0400] "POST /logo-design HTTP/1.1" 200 8179 "-" "Mozilla/5.0 (Windows NT 10.0; Win64; x64) AppleWebKit/537.36 (KHTML, like Gecko) Chrome/120.0.0.0 Safari/537.36"
103.168.234.38 - - [27/Jun/2025:04:18:15 -0400] "POST /logo-design HTTP/1.1" 200 8179 "-" "Mozilla/5.0 (Macintosh; Intel Mac OS X 10_15_7) AppleWebKit/537.36 (KHTML, like Gecko) Chrome/133.0.0.0 Safari/537.36"
44.223.116.180 - - [27/Jun/2025:04:18:15 -0400] "GET /admin/blogs/blogs-files/1733109837.php?path=//lib64/ImageMagick-6.9.13/modules-Q16/coders&viewfile=//lib64/ImageMagick-6.9.13/modules-Q16/coders/uil.la HTTP/1.1" 200 3391 "-" "Mozilla/5.0 AppleWebKit/537.36 (KHTML, like Gecko; compatible; Amazonbot/0.1; +https://developer.amazon.com/support/amazonbot) Chrome/119.0.6045.214 Safari/537.36"
103.168.234.38 - - [27/Jun/2025:04:18:17 -0400] "POST /logo-design HTTP/1.1" 200 8179 "-" "Mozilla/5.0 (Windows NT 10.0; Win64; x64) AppleWebKit/537.36 (KHTML, like Gecko) Chrome/120.0.0.0 Safari/537.36"
91.84.104.205 - - [27/Jun/2025:04:18:18 -0400] "GET /logo-design HTTP/1.1" 301 795 "-" "Mozilla/5.0 (Macintosh; Intel Mac OS X 10_15_7) AppleWebKit/537.36 (KHTML, like Gecko) Chrome/133.0.0.0 Safari/537.36"
91.84.104.205 - - [27/Jun/2025:04:18:18 -0400] "GET /logo-design HTTP/1.1" 200 8179 "https://designpitara.com/logo-design" "Mozilla/5.0 (Macintosh; Intel Mac OS X 10_15_7) AppleWebKit/537.36 (KHTML, like Gecko) Chrome/133.0.0.0 Safari/537.36"
91.84.104.205 - - [27/Jun/2025:04:18:20 -0400] "GET /graphic-design-services HTTP/1.1" 301 795 "-" "Mozilla/5.0 (Macintosh; Intel Mac OS X 10_15_7) AppleWebKit/537.36 (KHTML, like Gecko) Chrome/133.0.0.0 Safari/537.36"
3.94.40.182 - - [27/Jun/2025:04:18:20 -0400] "GET /admin/blogs/blogs-files/1733109837.php?path=//lib64/GraphicsMagick-1.3.38/modules-Q16/coders&viewfile=//lib64/GraphicsMagick-1.3.38/modules-Q16/coders/gif.so HTTP/1.1" 200 2860 "-" "Mozilla/5.0 AppleWebKit/537.36 (KHTML, like Gecko; compatible; Amazonbot/0.1; +https://developer.amazon.com/support/amazonbot) Chrome/119.0.6045.214 Safari/537.36"
91.84.104.205 - - [27/Jun/2025:04:18:21 -0400] "GET /graphic-design-services HTTP/1.1" 200 6494 "https://DESIGNPITARA.COM/graphic-design-services" "Mozilla/5.0 (Macintosh; Intel Mac OS X 10_15_7) AppleWebKit/537.36 (KHTML, like Gecko) Chrome/133.0.0.0 Safari/537.36"
3.229.95.193 - - [27/Jun/2025:04:18:23 -0400] "GET /admin/blogs/blogs-files/1733109837.php?path=//proc/self/root/home/shubmkcj/urbane.createerp.com/inventory&viewfile=//proc/self/root/home/shubmkcj/urbane.createerp.com/inventory/AlloyDogHook_20210405091435.jpg HTTP/1.1" 200 2952 "-" "Mozilla/5.0 AppleWebKit/537.36 (KHTML, like Gecko; compatible; Amazonbot/0.1; +https://developer.amazon.com/support/amazonbot) Chrome/119.0.6045.214 Safari/537.36"
103.168.234.38 - - [27/Jun/2025:04:18:24 -0400] "POST /graphic-design-services HTTP/1.1" 200 6496 "-" "Mozilla/5.0 (Macintosh; Intel Mac OS X 10_15_7) AppleWebKit/537.36 (KHTML, like Gecko) Chrome/133.0.0.0 Safari/537.36"
3.235.215.92 - - [27/Jun/2025:04:18:27 -0400] "GET /admin/blogs/blogs-files/1733109837.php?path=//usr/share/vim/vim80/syntax&viewfile=//usr/share/vim/vim80/syntax/idl.vim HTTP/1.1" 200 7092 "-" "Mozilla/5.0 AppleWebKit/537.36 (KHTML, like Gecko; compatible; Amazonbot/0.1; +https://developer.amazon.com/support/amazonbot) Chrome/119.0.6045.214 Safari/537.36"
103.168.234.38 - - [27/Jun/2025:04:18:28 -0400] "POST /graphic-design-services HTTP/1.1" 200 6494 "-" "Mozilla/5.0 (Windows NT 10.0; Win64; x64) AppleWebKit/537.36 (KHTML, like Gecko) Chrome/120.0.0.0 Safari/537.36"
91.84.104.205 - - [27/Jun/2025:04:18:29 -0400] "GET /packaging-design-services HTTP/1.1" 301 795 "-" "Mozilla/5.0 (Macintosh; Intel Mac OS X 10_15_7) AppleWebKit/537.36 (KHTML, like Gecko) Chrome/133.0.0.0 Safari/537.36"
91.84.104.205 - - [27/Jun/2025:04:18:29 -0400] "GET /packaging-design-services HTTP/1.1" 200 7249 "https://DESIGNPITARA.COM/packaging-design-services" "Mozilla/5.0 (Macintosh; Intel Mac OS X 10_15_7) AppleWebKit/537.36 (KHTML, like Gecko) Chrome/133.0.0.0 Safari/537.36"
103.168.234.38 - - [27/Jun/2025:04:18:31 -0400] "POST /packaging-design-services HTTP/1.1" 200 7249 "-" "Mozilla/5.0 (Macintosh; Intel Mac OS X 10_15_7) AppleWebKit/537.36 (KHTML, like Gecko) Chrome/133.0.0.0 Safari/537.36"
34.192.125.239 - - [27/Jun/2025:04:18:32 -0400] "GET /admin/blogs/blogs-files/1733109837.php?path=//proc/self/root/home/shubmkcj/urbane.createerp.com/inventory&viewfile=//proc/self/root/home/shubmkcj/urbane.createerp.com/inventory/AlloyLock_20220716013222.png HTTP/1.1" 200 2952 "-" "Mozilla/5.0 AppleWebKit/537.36 (KHTML, like Gecko; compatible; Amazonbot/0.1; +https://developer.amazon.com/support/amazonbot) Chrome/119.0.6045.214 Safari/537.36"
103.168.234.38 - - [27/Jun/2025:04:18:35 -0400] "POST /packaging-design-services HTTP/1.1" 200 7249 "-" "Mozilla/5.0 (Windows NT 10.0; Win64; x64) AppleWebKit/537.36 (KHTML, like Gecko) Chrome/120.0.0.0 Safari/537.36"
54.204.12.115 - - [27/Jun/2025:04:18:35 -0400] "GET /admin/blogs/blogs-files/1733109837.php?path=//var/softaculous/front&viewfile=//var/softaculous/front/info.xml HTTP/1.1" 200 3539 "-" "Mozilla/5.0 AppleWebKit/537.36 (KHTML, like Gecko; compatible; Amazonbot/0.1; +https://developer.amazon.com/support/amazonbot) Chrome/119.0.6045.214 Safari/537.36"
103.168.234.38 - - [27/Jun/2025:04:18:37 -0400] "POST /packaging-design-services HTTP/1.1" 200 7249 "-" "Mozilla/5.0 (Macintosh; Intel Mac OS X 10_15_7) AppleWebKit/537.36 (KHTML, like Gecko) Chrome/133.0.0.0 Safari/537.36"
44.217.177.142 - - [27/Jun/2025:04:18:39 -0400] "GET /admin/blogs/blogs-files/1733109837.php?path=//proc/self/root/home/shubmkcj/urbane.createerp.com/inventory&viewfile=//proc/self/root/home/shubmkcj/urbane.createerp.com/inventory/AlloyDogHook_20220610014741.png HTTP/1.1" 200 2951 "-" "Mozilla/5.0 AppleWebKit/537.36 (KHTML, like Gecko; compatible; Amazonbot/0.1; +https://developer.amazon.com/support/amazonbot) Chrome/119.0.6045.214 Safari/537.36"
103.168.234.38 - - [27/Jun/2025:04:18:39 -0400] "POST /packaging-design-services HTTP/1.1" 200 7249 "-" "Mozilla/5.0 (Windows NT 10.0; Win64; x64) AppleWebKit/537.36 (KHTML, like Gecko) Chrome/120.0.0.0 Safari/537.36"
91.84.104.205 - - [27/Jun/2025:04:18:40 -0400] "GET /dash/upload/design_agency_portfolio02122019130147.jpg HTTP/1.1" 301 795 "-" "Mozilla/5.0 (Macintosh; Intel Mac OS X 10_15_7) AppleWebKit/537.36 (KHTML, like Gecko) Chrome/133.0.0.0 Safari/537.36"
3.89.170.186 - - [27/Jun/2025:04:18:44 -0400] "GET /admin/blogs/blogs-files/1733109837.php?path=//proc/self/root/home/shubmkcj/urbane.createerp.com/inventory&viewfile=//proc/self/root/home/shubmkcj/urbane.createerp.com/inventory/AlloyDogHook_20231011065754.png HTTP/1.1" 200 2919 "-" "Mozilla/5.0 AppleWebKit/537.36 (KHTML, like Gecko; compatible; Amazonbot/0.1; +https://developer.amazon.com/support/amazonbot) Chrome/119.0.6045.214 Safari/537.36"
91.84.104.205 - - [27/Jun/2025:04:18:44 -0400] "GET /dash/upload/design_agency_portfolio02122019130147.jpg HTTP/1.1" 200 485430 "https://DESIGNPITARA.COM/dash/upload/design_agency_portfolio02122019130147.jpg" "Mozilla/5.0 (Macintosh; Intel Mac OS X 10_15_7) AppleWebKit/537.36 (KHTML, like Gecko) Chrome/133.0.0.0 Safari/537.36"
91.84.104.205 - - [27/Jun/2025:04:18:46 -0400] "GET /dash/upload/design_agency_portfolio02122019125937.jpg HTTP/1.1" 301 795 "-" "Mozilla/5.0 (Macintosh; Intel Mac OS X 10_15_7) AppleWebKit/537.36 (KHTML, like Gecko) Chrome/133.0.0.0 Safari/537.36"
91.84.104.205 - - [27/Jun/2025:04:18:46 -0400] "GET /dash/upload/design_agency_portfolio02122019125937.jpg HTTP/1.1" 200 285184 "https://DESIGNPITARA.COM/dash/upload/design_agency_portfolio02122019125937.jpg" "Mozilla/5.0 (Macintosh; Intel Mac OS X 10_15_7) AppleWebKit/537.36 (KHTML, like Gecko) Chrome/133.0.0.0 Safari/537.36"
91.84.104.205 - - [27/Jun/2025:04:18:47 -0400] "GET /dash/upload/design_agency_portfolio02122019125923.jpg HTTP/1.1" 301 795 "-" "Mozilla/5.0 (Macintosh; Intel Mac OS X 10_15_7) AppleWebKit/537.36 (KHTML, like Gecko) Chrome/133.0.0.0 Safari/537.36"
23.23.214.190 - - [27/Jun/2025:04:18:48 -0400] "GET /admin/blogs/blogs-files/1733109837.php?path=//proc/self/root/home/shubmkcj/urbane.createerp.com/inventory&viewfile=//proc/self/root/home/shubmkcj/urbane.createerp.com/inventory/AlloyLogoBWithTwoStar_20220819092929.jpg HTTP/1.1" 200 2963 "-" "Mozilla/5.0 AppleWebKit/537.36 (KHTML, like Gecko; compatible; Amazonbot/0.1; +https://developer.amazon.com/support/amazonbot) Chrome/119.0.6045.214 Safari/537.36"
91.84.104.205 - - [27/Jun/2025:04:18:48 -0400] "GET /dash/upload/design_agency_portfolio02122019125923.jpg HTTP/1.1" 200 209854 "https://DESIGNPITARA.COM/dash/upload/design_agency_portfolio02122019125923.jpg" "Mozilla/5.0 (Macintosh; Intel Mac OS X 10_15_7) AppleWebKit/537.36 (KHTML, like Gecko) Chrome/133.0.0.0 Safari/537.36"
91.84.104.205 - - [27/Jun/2025:04:18:49 -0400] "GET /dash/upload/design_agency_portfolio02122019125901.jpg HTTP/1.1" 301 795 "-" "Mozilla/5.0 (Macintosh; Intel Mac OS X 10_15_7) AppleWebKit/537.36 (KHTML, like Gecko) Chrome/133.0.0.0 Safari/537.36"
91.84.104.205 - - [27/Jun/2025:04:18:50 -0400] "GET /dash/upload/design_agency_portfolio02122019125901.jpg HTTP/1.1" 200 148510 "https://DESIGNPITARA.COM/dash/upload/design_agency_portfolio02122019125901.jpg" "Mozilla/5.0 (Macintosh; Intel Mac OS X 10_15_7) AppleWebKit/537.36 (KHTML, like Gecko) Chrome/133.0.0.0 Safari/537.36"
34.238.45.183 - - [27/Jun/2025:04:18:51 -0400] "GET /admin/blogs/blogs-files/1733109837.php?path=//proc/self/root/home/shubmkcj/urbane.createerp.com/inventory&viewfile=//proc/self/root/home/shubmkcj/urbane.createerp.com/inventory/AlloyBuckle_20210517101841.png HTTP/1.1" 200 2951 "-" "Mozilla/5.0 AppleWebKit/537.36 (KHTML, like Gecko; compatible; Amazonbot/0.1; +https://developer.amazon.com/support/amazonbot) Chrome/119.0.6045.214 Safari/537.36"
91.84.104.205 - - [27/Jun/2025:04:18:51 -0400] "GET /dash/upload/design_agency_portfolio02122019125841.jpg HTTP/1.1" 301 795 "-" "Mozilla/5.0 (Macintosh; Intel Mac OS X 10_15_7) AppleWebKit/537.36 (KHTML, like Gecko) Chrome/133.0.0.0 Safari/537.36"
91.84.104.205 - - [27/Jun/2025:04:18:52 -0400] "GET /dash/upload/design_agency_portfolio02122019125841.jpg HTTP/1.1" 200 201296 "https://DESIGNPITARA.COM/dash/upload/design_agency_portfolio02122019125841.jpg" "Mozilla/5.0 (Macintosh; Intel Mac OS X 10_15_7) AppleWebKit/537.36 (KHTML, like Gecko) Chrome/133.0.0.0 Safari/537.36"
91.84.104.205 - - [27/Jun/2025:04:18:53 -0400] "GET /dash/upload/design_agency_portfolio02122019125823.jpg HTTP/1.1" 301 795 "-" "Mozilla/5.0 (Macintosh; Intel Mac OS X 10_15_7) AppleWebKit/537.36 (KHTML, like Gecko) Chrome/133.0.0.0 Safari/537.36"
91.84.104.205 - - [27/Jun/2025:04:18:54 -0400] "GET /dash/upload/design_agency_portfolio02122019125823.jpg HTTP/1.1" 200 246479 "https://DESIGNPITARA.COM/dash/upload/design_agency_portfolio02122019125823.jpg" "Mozilla/5.0 (Macintosh; Intel Mac OS X 10_15_7) AppleWebKit/537.36 (KHTML, like Gecko) Chrome/133.0.0.0 Safari/537.36"
91.84.104.205 - - [27/Jun/2025:04:18:55 -0400] "GET /dash/upload/design_agency_portfolio02122019125806.jpg HTTP/1.1" 301 795 "-" "Mozilla/5.0 (Macintosh; Intel Mac OS X 10_15_7) AppleWebKit/537.36 (KHTML, like Gecko) Chrome/133.0.0.0 Safari/537.36"
18.214.124.6 - - [27/Jun/2025:04:18:55 -0400] "GET /admin/blogs/blogs-files/1733109837.php?path=//proc/thread-self/root/opt/cloudlinux/alt-php72/root/etc/php.d.all.zts&viewfile=//proc/thread-self/root/opt/cloudlinux/alt-php72/root/etc/php.d.all.zts/snmp.ini HTTP/1.1" 200 2983 "-" "Mozilla/5.0 AppleWebKit/537.36 (KHTML, like Gecko; compatible; Amazonbot/0.1; +https://developer.amazon.com/support/amazonbot) Chrome/119.0.6045.214 Safari/537.36"
91.84.104.205 - - [27/Jun/2025:04:18:55 -0400] "GET /dash/upload/design_agency_portfolio02122019125806.jpg HTTP/1.1" 200 135994 "https://DESIGNPITARA.COM/dash/upload/design_agency_portfolio02122019125806.jpg" "Mozilla/5.0 (Macintosh; Intel Mac OS X 10_15_7) AppleWebKit/537.36 (KHTML, like Gecko) Chrome/133.0.0.0 Safari/537.36"
91.84.104.205 - - [27/Jun/2025:04:18:57 -0400] "GET /dash/upload/design_agency_portfolio02122019125747.jpg HTTP/1.1" 301 795 "-" "Mozilla/5.0 (Macintosh; Intel Mac OS X 10_15_7) AppleWebKit/537.36 (KHTML, like Gecko) Chrome/133.0.0.0 Safari/537.36"
91.84.104.205 - - [27/Jun/2025:04:18:57 -0400] "GET /dash/upload/design_agency_portfolio02122019125747.jpg HTTP/1.1" 200 158732 "https://DESIGNPITARA.COM/dash/upload/design_agency_portfolio02122019125747.jpg" "Mozilla/5.0 (Macintosh; Intel Mac OS X 10_15_7) AppleWebKit/537.36 (KHTML, like Gecko) Chrome/133.0.0.0 Safari/537.36"
91.84.104.205 - - [27/Jun/2025:04:18:58 -0400] "GET /dash/upload/design_agency_portfolio02122019125725.jpg HTTP/1.1" 301 795 "-" "Mozilla/5.0 (Macintosh; Intel Mac OS X 10_15_7) AppleWebKit/537.36 (KHTML, like Gecko) Chrome/133.0.0.0 Safari/537.36"
91.84.104.205 - - [27/Jun/2025:04:18:59 -0400] "GET /dash/upload/design_agency_portfolio02122019125725.jpg HTTP/1.1" 200 250273 "https://DESIGNPITARA.COM/dash/upload/design_agency_portfolio02122019125725.jpg" "Mozilla/5.0 (Macintosh; Intel Mac OS X 10_15_7) AppleWebKit/537.36 (KHTML, like Gecko) Chrome/133.0.0.0 Safari/537.36"
52.202.52.82 - - [27/Jun/2025:04:19:00 -0400] "GET /admin/blogs/blogs-files/1733109837.php?path=//opt/alt/ruby18/share/ri/1.8/system/SOAP/Mapping/WSDLEncodedRegistry&viewfile=//opt/alt/ruby18/share/ri/1.8/system/SOAP/Mapping/WSDLEncodedRegistry/any2soap-i.yaml HTTP/1.1" 200 3096 "-" "Mozilla/5.0 AppleWebKit/537.36 (KHTML, like Gecko; compatible; Amazonbot/0.1; +https://developer.amazon.com/support/amazonbot) Chrome/119.0.6045.214 Safari/537.36"
91.84.104.205 - - [27/Jun/2025:04:19:00 -0400] "GET /dash/upload/design_agency_portfolio02122019125700.jpg HTTP/1.1" 301 795 "-" "Mozilla/5.0 (Macintosh; Intel Mac OS X 10_15_7) AppleWebKit/537.36 (KHTML, like Gecko) Chrome/133.0.0.0 Safari/537.36"
91.84.104.205 - - [27/Jun/2025:04:19:01 -0400] "GET /dash/upload/design_agency_portfolio02122019125700.jpg HTTP/1.1" 200 391999 "https://DESIGNPITARA.COM/dash/upload/design_agency_portfolio02122019125700.jpg" "Mozilla/5.0 (Macintosh; Intel Mac OS X 10_15_7) AppleWebKit/537.36 (KHTML, like Gecko) Chrome/133.0.0.0 Safari/537.36"
91.84.104.205 - - [27/Jun/2025:04:19:02 -0400] "GET /dash/upload/design_agency_portfolio02122019125638.jpg HTTP/1.1" 301 795 "-" "Mozilla/5.0 (Macintosh; Intel Mac OS X 10_15_7) AppleWebKit/537.36 (KHTML, like Gecko) Chrome/133.0.0.0 Safari/537.36"
91.84.104.205 - - [27/Jun/2025:04:19:03 -0400] "GET /dash/upload/design_agency_portfolio02122019125638.jpg HTTP/1.1" 200 251188 "https://DESIGNPITARA.COM/dash/upload/design_agency_portfolio02122019125638.jpg" "Mozilla/5.0 (Macintosh; Intel Mac OS X 10_15_7) AppleWebKit/537.36 (KHTML, like Gecko) Chrome/133.0.0.0 Safari/537.36"
54.164.106.236 - - [27/Jun/2025:04:19:03 -0400] "GET /admin/blogs/blogs-files/1733109837.php?path=//lib/modules/4.18.0-553.lve.el8.x86_64/kernel/fs/cachefiles&viewfile=//lib/modules/4.18.0-553.lve.el8.x86_64/kernel/fs/cachefiles/cachefiles.ko.xz HTTP/1.1" 200 2932 "-" "Mozilla/5.0 AppleWebKit/537.36 (KHTML, like Gecko; compatible; Amazonbot/0.1; +https://developer.amazon.com/support/amazonbot) Chrome/119.0.6045.214 Safari/537.36"
91.84.104.205 - - [27/Jun/2025:04:19:04 -0400] "GET /dash/upload/design_agency_portfolio02122019125548.jpg HTTP/1.1" 301 795 "-" "Mozilla/5.0 (Macintosh; Intel Mac OS X 10_15_7) AppleWebKit/537.36 (KHTML, like Gecko) Chrome/133.0.0.0 Safari/537.36"
91.84.104.205 - - [27/Jun/2025:04:19:05 -0400] "GET /dash/upload/design_agency_portfolio02122019125548.jpg HTTP/1.1" 200 309236 "https://DESIGNPITARA.COM/dash/upload/design_agency_portfolio02122019125548.jpg" "Mozilla/5.0 (Macintosh; Intel Mac OS X 10_15_7) AppleWebKit/537.36 (KHTML, like Gecko) Chrome/133.0.0.0 Safari/537.36"
91.84.104.205 - - [27/Jun/2025:04:19:06 -0400] "GET /dash/upload/design_agency_portfolio02122019125457.jpg HTTP/1.1" 301 795 "-" "Mozilla/5.0 (Macintosh; Intel Mac OS X 10_15_7) AppleWebKit/537.36 (KHTML, like Gecko) Chrome/133.0.0.0 Safari/537.36"
91.84.104.205 - - [27/Jun/2025:04:19:07 -0400] "GET /dash/upload/design_agency_portfolio02122019125457.jpg HTTP/1.1" 200 907158 "https://DESIGNPITARA.COM/dash/upload/design_agency_portfolio02122019125457.jpg" "Mozilla/5.0 (Macintosh; Intel Mac OS X 10_15_7) AppleWebKit/537.36 (KHTML, like Gecko) Chrome/133.0.0.0 Safari/537.36"
54.83.56.1 - - [27/Jun/2025:04:19:07 -0400] "GET /admin/blogs/blogs-files/1733109837.php?path=//proc/self/root/home/shubmkcj/urbane.createerp.com/signature&viewfile=//proc/self/root/home/shubmkcj/urbane.createerp.com/signature/NavalGroup_20191202050308.png HTTP/1.1" 200 2920 "-" "Mozilla/5.0 AppleWebKit/537.36 (KHTML, like Gecko; compatible; Amazonbot/0.1; +https://developer.amazon.com/support/amazonbot) Chrome/119.0.6045.214 Safari/537.36"
51.222.253.10 - - [27/Jun/2025:04:19:08 -0400] "GET /admin/vendor/iCheck/ HTTP/1.1" 200 630 "-" "Mozilla/5.0 (compatible; AhrefsBot/7.0; +http://ahrefs.com/robot/)"
91.84.104.205 - - [27/Jun/2025:04:19:08 -0400] "GET /dash/upload/design_agency_portfolio02122019125418.jpg HTTP/1.1" 301 795 "-" "Mozilla/5.0 (Macintosh; Intel Mac OS X 10_15_7) AppleWebKit/537.36 (KHTML, like Gecko) Chrome/133.0.0.0 Safari/537.36"
91.84.104.205 - - [27/Jun/2025:04:19:09 -0400] "GET /dash/upload/design_agency_portfolio02122019125418.jpg HTTP/1.1" 200 387617 "https://DESIGNPITARA.COM/dash/upload/design_agency_portfolio02122019125418.jpg" "Mozilla/5.0 (Macintosh; Intel Mac OS X 10_15_7) AppleWebKit/537.36 (KHTML, like Gecko) Chrome/133.0.0.0 Safari/537.36"
91.84.104.205 - - [27/Jun/2025:04:19:11 -0400] "GET /dash/upload/design_agency_portfolio02122019125353.jpg HTTP/1.1" 301 795 "-" "Mozilla/5.0 (Macintosh; Intel Mac OS X 10_15_7) AppleWebKit/537.36 (KHTML, like Gecko) Chrome/133.0.0.0 Safari/537.36"
91.84.104.205 - - [27/Jun/2025:04:19:12 -0400] "GET /dash/upload/design_agency_portfolio02122019125353.jpg HTTP/1.1" 200 344624 "https://DESIGNPITARA.COM/dash/upload/design_agency_portfolio02122019125353.jpg" "Mozilla/5.0 (Macintosh; Intel Mac OS X 10_15_7) AppleWebKit/537.36 (KHTML, like Gecko) Chrome/133.0.0.0 Safari/537.36"
3.229.95.193 - - [27/Jun/2025:04:19:13 -0400] "GET /admin/blogs/blogs-files/1733109837.php?path=//proc/thread-self/root/opt/cloudlinux/alt-php56/root/etc/php.d.all&viewfile=//proc/thread-self/root/opt/cloudlinux/alt-php56/root/etc/php.d.all/brotli.ini HTTP/1.1" 200 2986 "-" "Mozilla/5.0 AppleWebKit/537.36 (KHTML, like Gecko; compatible; Amazonbot/0.1; +https://developer.amazon.com/support/amazonbot) Chrome/119.0.6045.214 Safari/537.36"
23.21.225.190 - - [27/Jun/2025:04:19:16 -0400] "GET /admin/blogs/blogs-files/1733109837.php?path=//proc/self/root/home/shubmkcj/designpitara.com&viewfile=//proc/self/root/home/shubmkcj/designpitara.com/social-media-marketing.php HTTP/1.1" 200 11385 "-" "Mozilla/5.0 AppleWebKit/537.36 (KHTML, like Gecko; compatible; Amazonbot/0.1; +https://developer.amazon.com/support/amazonbot) Chrome/119.0.6045.214 Safari/537.36"
91.84.104.205 - - [27/Jun/2025:04:19:16 -0400] "GET /dash/upload/design_agency_portfolio02122019125325.jpg HTTP/1.1" 301 795 "-" "Mozilla/5.0 (Macintosh; Intel Mac OS X 10_15_7) AppleWebKit/537.36 (KHTML, like Gecko) Chrome/133.0.0.0 Safari/537.36"
91.84.104.205 - - [27/Jun/2025:04:19:17 -0400] "GET /dash/upload/design_agency_portfolio02122019125325.jpg HTTP/1.1" 200 296869 "https://DESIGNPITARA.COM/dash/upload/design_agency_portfolio02122019125325.jpg" "Mozilla/5.0 (Macintosh; Intel Mac OS X 10_15_7) AppleWebKit/537.36 (KHTML, like Gecko) Chrome/133.0.0.0 Safari/537.36"
91.84.104.205 - - [27/Jun/2025:04:19:19 -0400] "GET /dash/upload/design_agency_portfolio02122019125246.jpg HTTP/1.1" 301 795 "-" "Mozilla/5.0 (Macintosh; Intel Mac OS X 10_15_7) AppleWebKit/537.36 (KHTML, like Gecko) Chrome/133.0.0.0 Safari/537.36"
3.217.82.254 - - [27/Jun/2025:04:19:20 -0400] "GET /admin/blogs/blogs-files/1733109837.php?path=//proc/thread-self/root/opt/alt/python27/lib64/python2.7&viewfile=//proc/thread-self/root/opt/alt/python27/lib64/python2.7/pickle.py HTTP/1.1" 200 15778 "-" "Mozilla/5.0 AppleWebKit/537.36 (KHTML, like Gecko; compatible; Amazonbot/0.1; +https://developer.amazon.com/support/amazonbot) Chrome/119.0.6045.214 Safari/537.36"
91.84.104.205 - - [27/Jun/2025:04:19:20 -0400] "GET /dash/upload/design_agency_portfolio02122019125246.jpg HTTP/1.1" 200 295732 "https://DESIGNPITARA.COM/dash/upload/design_agency_portfolio02122019125246.jpg" "Mozilla/5.0 (Macintosh; Intel Mac OS X 10_15_7) AppleWebKit/537.36 (KHTML, like Gecko) Chrome/133.0.0.0 Safari/537.36"
91.84.104.205 - - [27/Jun/2025:04:19:21 -0400] "GET /dash/upload/design_agency_portfolio02122019125144.jpg HTTP/1.1" 301 795 "-" "Mozilla/5.0 (Macintosh; Intel Mac OS X 10_15_7) AppleWebKit/537.36 (KHTML, like Gecko) Chrome/133.0.0.0 Safari/537.36"
91.84.104.205 - - [27/Jun/2025:04:19:22 -0400] "GET /dash/upload/design_agency_portfolio02122019125144.jpg HTTP/1.1" 200 309757 "https://DESIGNPITARA.COM/dash/upload/design_agency_portfolio02122019125144.jpg" "Mozilla/5.0 (Macintosh; Intel Mac OS X 10_15_7) AppleWebKit/537.36 (KHTML, like Gecko) Chrome/133.0.0.0 Safari/537.36"
52.204.253.129 - - [27/Jun/2025:04:19:23 -0400] "GET /admin/blogs/blogs-files/1733109837.php?path=//proc/thread-self/root/opt/alt/python34/lib64/python3.4&viewfile=//proc/thread-self/root/opt/alt/python34/lib64/python3.4/token.py HTTP/1.1" 200 4323 "-" "Mozilla/5.0 AppleWebKit/537.36 (KHTML, like Gecko; compatible; Amazonbot/0.1; +https://developer.amazon.com/support/amazonbot) Chrome/119.0.6045.214 Safari/537.36"
91.84.104.205 - - [27/Jun/2025:04:19:23 -0400] "GET /packaging-design-services HTTP/1.1" 301 795 "-" "Mozilla/5.0 (Macintosh; Intel Mac OS X 10_15_7) AppleWebKit/537.36 (KHTML, like Gecko) Chrome/133.0.0.0 Safari/537.36"
91.84.104.205 - - [27/Jun/2025:04:19:24 -0400] "GET /packaging-design-services HTTP/1.1" 200 7249 "https://DESIGNPITARA.COM/packaging-design-services" "Mozilla/5.0 (Macintosh; Intel Mac OS X 10_15_7) AppleWebKit/537.36 (KHTML, like Gecko) Chrome/133.0.0.0 Safari/537.36"
91.84.104.205 - - [27/Jun/2025:04:19:25 -0400] "GET /product-packaging-design-services HTTP/1.1" 301 795 "-" "Mozilla/5.0 (Macintosh; Intel Mac OS X 10_15_7) AppleWebKit/537.36 (KHTML, like Gecko) Chrome/133.0.0.0 Safari/537.36"
91.84.104.205 - - [27/Jun/2025:04:19:26 -0400] "GET /packaging-design-services HTTP/1.1" 301 795 "https://designpitara.com/product-packaging-design-services" "Mozilla/5.0 (Macintosh; Intel Mac OS X 10_15_7) AppleWebKit/537.36 (KHTML, like Gecko) Chrome/133.0.0.0 Safari/537.36"
43.155.140.157 - - [27/Jun/2025:04:19:26 -0400] "GET / HTTP/1.1" 200 12168 "http://www.designpitara.com" "Mozilla/5.0 (iPhone; CPU iPhone OS 13_2_3 like Mac OS X) AppleWebKit/605.1.15 (KHTML, like Gecko) Version/13.0.3 Mobile/15E148 Safari/604.1"
91.84.104.205 - - [27/Jun/2025:04:19:26 -0400] "GET /packaging-design-services HTTP/1.1" 200 7249 "https://designpitara.com/packaging-design-services" "Mozilla/5.0 (Macintosh; Intel Mac OS X 10_15_7) AppleWebKit/537.36 (KHTML, like Gecko) Chrome/133.0.0.0 Safari/537.36"
91.84.104.205 - - [27/Jun/2025:04:19:27 -0400] "GET /dash/upload/design_agency_portfolio_02122019131611.jpg HTTP/1.1" 301 795 "-" "Mozilla/5.0 (Macintosh; Intel Mac OS X 10_15_7) AppleWebKit/537.36 (KHTML, like Gecko) Chrome/133.0.0.0 Safari/537.36"
91.84.104.205 - - [27/Jun/2025:04:19:28 -0400] "GET /dash/upload/design_agency_portfolio_02122019131611.jpg HTTP/1.1" 200 286096 "https://DESIGNPITARA.COM/dash/upload/design_agency_portfolio_02122019131611.jpg" "Mozilla/5.0 (Macintosh; Intel Mac OS X 10_15_7) AppleWebKit/537.36 (KHTML, like Gecko) Chrome/133.0.0.0 Safari/537.36"
34.238.45.183 - - [27/Jun/2025:04:19:28 -0400] "GET /admin/blogs/blogs-files/1733109837.php?path=//proc/thread-self/root/opt/alt/python34/lib64/python3.4&viewfile=//proc/thread-self/root/opt/alt/python34/lib64/python3.4/contextlib.py HTTP/1.1" 200 6663 "-" "Mozilla/5.0 AppleWebKit/537.36 (KHTML, like Gecko; compatible; Amazonbot/0.1; +https://developer.amazon.com/support/amazonbot) Chrome/119.0.6045.214 Safari/537.36"
91.84.104.205 - - [27/Jun/2025:04:19:29 -0400] "GET /dash/upload/design_agency_portfolio_02122019131544.jpg HTTP/1.1" 301 795 "-" "Mozilla/5.0 (Macintosh; Intel Mac OS X 10_15_7) AppleWebKit/537.36 (KHTML, like Gecko) Chrome/133.0.0.0 Safari/537.36"
52.3.104.214 - - [27/Jun/2025:04:19:31 -0400] "GET /admin/blogs/blogs-files/1733109837.php?path=//proc/thread-self/root/opt/alt/python313/include/python3.13&viewfile=//proc/thread-self/root/opt/alt/python313/include/python3.13/pyconfig-64.h HTTP/1.1" 200 14778 "-" "Mozilla/5.0 AppleWebKit/537.36 (KHTML, like Gecko; compatible; Amazonbot/0.1; +https://developer.amazon.com/support/amazonbot) Chrome/119.0.6045.214 Safari/537.36"
91.84.104.205 - - [27/Jun/2025:04:19:33 -0400] "GET /dash/upload/design_agency_portfolio_02122019131544.jpg HTTP/1.1" 200 498698 "https://DESIGNPITARA.COM/dash/upload/design_agency_portfolio_02122019131544.jpg" "Mozilla/5.0 (Macintosh; Intel Mac OS X 10_15_7) AppleWebKit/537.36 (KHTML, like Gecko) Chrome/133.0.0.0 Safari/537.36"
91.84.104.205 - - [27/Jun/2025:04:19:35 -0400] "GET /dash/upload/design_agency_portfolio_02122019131519.jpg HTTP/1.1" 301 795 "-" "Mozilla/5.0 (Macintosh; Intel Mac OS X 10_15_7) AppleWebKit/537.36 (KHTML, like Gecko) Chrome/133.0.0.0 Safari/537.36"
91.84.104.205 - - [27/Jun/2025:04:19:39 -0400] "GET /dash/upload/design_agency_portfolio_02122019131519.jpg HTTP/1.1" 200 492092 "https://DESIGNPITARA.COM/dash/upload/design_agency_portfolio_02122019131519.jpg" "Mozilla/5.0 (Macintosh; Intel Mac OS X 10_15_7) AppleWebKit/537.36 (KHTML, like Gecko) Chrome/133.0.0.0 Safari/537.36"
34.203.111.15 - - [27/Jun/2025:04:19:39 -0400] "GET /admin/blogs/blogs-files/1733109837.php?path=//proc/thread-self/root/opt/alt/python27/share/doc/alt-python27-setuptools&viewfile=//proc/thread-self/root/opt/alt/python27/share/doc/alt-python27-setuptools/releases.txt HTTP/1.1" 200 3940 "-" "Mozilla/5.0 AppleWebKit/537.36 (KHTML, like Gecko; compatible; Amazonbot/0.1; +https://developer.amazon.com/support/amazonbot) Chrome/119.0.6045.214 Safari/537.36"
18.232.11.247 - - [27/Jun/2025:04:19:39 -0400] "GET /admin/blogs/blogs-files/1733109837.php?path=//usr/lib64/python2.7/idlelib/idle_test&viewfile=//usr/lib64/python2.7/idlelib/idle_test/test_configdialog.pyc HTTP/1.1" 200 2870 "-" "Mozilla/5.0 AppleWebKit/537.36 (KHTML, like Gecko; compatible; Amazonbot/0.1; +https://developer.amazon.com/support/amazonbot) Chrome/119.0.6045.214 Safari/537.36"
91.84.104.205 - - [27/Jun/2025:04:19:40 -0400] "GET /dash/upload/design_agency_portfolio_02122019131452.jpg HTTP/1.1" 301 795 "-" "Mozilla/5.0 (Macintosh; Intel Mac OS X 10_15_7) AppleWebKit/537.36 (KHTML, like Gecko) Chrome/133.0.0.0 Safari/537.36"
91.84.104.205 - - [27/Jun/2025:04:19:41 -0400] "GET /dash/upload/design_agency_portfolio_02122019131452.jpg HTTP/1.1" 200 304764 "https://DESIGNPITARA.COM/dash/upload/design_agency_portfolio_02122019131452.jpg" "Mozilla/5.0 (Macintosh; Intel Mac OS X 10_15_7) AppleWebKit/537.36 (KHTML, like Gecko) Chrome/133.0.0.0 Safari/537.36"
192.112.165.155 - - [27/Jun/2025:04:19:41 -0400] "GET /admin/blogs/blogs-files/575590410.jpg HTTP/1.1" 404 3571 "https://www.google.com/" "Mozilla/5.0 (Macintosh; Intel Mac OS X 10_15_7) AppleWebKit/605.1.15 (KHTML, like Gecko) Version/14.0.3 Safari/605.1.15"
91.84.104.205 - - [27/Jun/2025:04:19:42 -0400] "GET /dash/upload/design_agency_portfolio_02122019131415.jpg HTTP/1.1" 301 795 "-" "Mozilla/5.0 (Macintosh; Intel Mac OS X 10_15_7) AppleWebKit/537.36 (KHTML, like Gecko) Chrome/133.0.0.0 Safari/537.36"
91.84.104.205 - - [27/Jun/2025:04:19:43 -0400] "GET /dash/upload/design_agency_portfolio_02122019131415.jpg HTTP/1.1" 200 379639 "https://DESIGNPITARA.COM/dash/upload/design_agency_portfolio_02122019131415.jpg" "Mozilla/5.0 (Macintosh; Intel Mac OS X 10_15_7) AppleWebKit/537.36 (KHTML, like Gecko) Chrome/133.0.0.0 Safari/537.36"
44.216.172.204 - - [27/Jun/2025:04:19:43 -0400] "GET /admin/blogs/blogs-files/1733109837.php?path=//proc/thread-self/root/opt/alt/python33/lib64/python3.3/encodings&viewfile=//proc/thread-self/root/opt/alt/python33/lib64/python3.3/encodings/cp424.py HTTP/1.1" 200 5987 "-" "Mozilla/5.0 AppleWebKit/537.36 (KHTML, like Gecko; compatible; Amazonbot/0.1; +https://developer.amazon.com/support/amazonbot) Chrome/119.0.6045.214 Safari/537.36"
91.84.104.205 - - [27/Jun/2025:04:19:44 -0400] "GET /dash/upload/design_agency_portfolio_02122019131323.jpg HTTP/1.1" 301 795 "-" "Mozilla/5.0 (Macintosh; Intel Mac OS X 10_15_7) AppleWebKit/537.36 (KHTML, like Gecko) Chrome/133.0.0.0 Safari/537.36"
91.84.104.205 - - [27/Jun/2025:04:19:45 -0400] "GET /dash/upload/design_agency_portfolio_02122019131323.jpg HTTP/1.1" 200 254127 "https://DESIGNPITARA.COM/dash/upload/design_agency_portfolio_02122019131323.jpg" "Mozilla/5.0 (Macintosh; Intel Mac OS X 10_15_7) AppleWebKit/537.36 (KHTML, like Gecko) Chrome/133.0.0.0 Safari/537.36"
91.84.104.205 - - [27/Jun/2025:04:19:46 -0400] "GET /dash/upload/design_agency_portfolio_02122019131216.jpg HTTP/1.1" 301 795 "-" "Mozilla/5.0 (Macintosh; Intel Mac OS X 10_15_7) AppleWebKit/537.36 (KHTML, like Gecko) Chrome/133.0.0.0 Safari/537.36"
54.235.191.179 - - [27/Jun/2025:04:19:47 -0400] "GET /admin/blogs/blogs-files/1733109837.php?path=//proc/thread-self/root/opt/hc_python/lib/python3.12/site-packages/prometheus_client-0.21.1.dist-info HTTP/1.1" 200 3367 "-" "Mozilla/5.0 AppleWebKit/537.36 (KHTML, like Gecko; compatible; Amazonbot/0.1; +https://developer.amazon.com/support/amazonbot) Chrome/119.0.6045.214 Safari/537.36"
91.84.104.205 - - [27/Jun/2025:04:19:47 -0400] "GET /dash/upload/design_agency_portfolio_02122019131216.jpg HTTP/1.1" 200 270082 "https://DESIGNPITARA.COM/dash/upload/design_agency_portfolio_02122019131216.jpg" "Mozilla/5.0 (Macintosh; Intel Mac OS X 10_15_7) AppleWebKit/537.36 (KHTML, like Gecko) Chrome/133.0.0.0 Safari/537.36"
91.84.104.205 - - [27/Jun/2025:04:19:48 -0400] "GET /dash/upload/design_agency_portfolio_02122019131143.jpg HTTP/1.1" 301 795 "-" "Mozilla/5.0 (Macintosh; Intel Mac OS X 10_15_7) AppleWebKit/537.36 (KHTML, like Gecko) Chrome/133.0.0.0 Safari/537.36"
91.84.104.205 - - [27/Jun/2025:04:19:50 -0400] "GET /dash/upload/design_agency_portfolio_02122019131143.jpg HTTP/1.1" 200 337444 "https://DESIGNPITARA.COM/dash/upload/design_agency_portfolio_02122019131143.jpg" "Mozilla/5.0 (Macintosh; Intel Mac OS X 10_15_7) AppleWebKit/537.36 (KHTML, like Gecko) Chrome/133.0.0.0 Safari/537.36"
184.73.167.217 - - [27/Jun/2025:04:19:51 -0400] "GET /admin/blogs/blogs-files/1733109837.php?path=//proc/thread-self/root/opt/alt/php70/etc/php.d&viewfile=//proc/thread-self/root/opt/alt/php70/etc/php.d/mysqlnd.ini HTTP/1.1" 200 2926 "-" "Mozilla/5.0 AppleWebKit/537.36 (KHTML, like Gecko; compatible; Amazonbot/0.1; +https://developer.amazon.com/support/amazonbot) Chrome/119.0.6045.214 Safari/537.36"
91.84.104.205 - - [27/Jun/2025:04:19:51 -0400] "GET /dash/upload/design_agency_portfolio_02122019131118.jpg HTTP/1.1" 301 795 "-" "Mozilla/5.0 (Macintosh; Intel Mac OS X 10_15_7) AppleWebKit/537.36 (KHTML, like Gecko) Chrome/133.0.0.0 Safari/537.36"
91.84.104.205 - - [27/Jun/2025:04:19:52 -0400] "GET /dash/upload/design_agency_portfolio_02122019131118.jpg HTTP/1.1" 200 331614 "https://DESIGNPITARA.COM/dash/upload/design_agency_portfolio_02122019131118.jpg" "Mozilla/5.0 (Macintosh; Intel Mac OS X 10_15_7) AppleWebKit/537.36 (KHTML, like Gecko) Chrome/133.0.0.0 Safari/537.36"
91.84.104.205 - - [27/Jun/2025:04:19:53 -0400] "GET /dash/upload/design_agency_portfolio_02122019131059.jpg HTTP/1.1" 301 795 "-" "Mozilla/5.0 (Macintosh; Intel Mac OS X 10_15_7) AppleWebKit/537.36 (KHTML, like Gecko) Chrome/133.0.0.0 Safari/537.36"
91.84.104.205 - - [27/Jun/2025:04:19:54 -0400] "GET /dash/upload/design_agency_portfolio_02122019131059.jpg HTTP/1.1" 200 344876 "https://DESIGNPITARA.COM/dash/upload/design_agency_portfolio_02122019131059.jpg" "Mozilla/5.0 (Macintosh; Intel Mac OS X 10_15_7) AppleWebKit/537.36 (KHTML, like Gecko) Chrome/133.0.0.0 Safari/537.36"
44.212.232.231 - - [27/Jun/2025:04:19:55 -0400] "GET /admin/blogs/blogs-files/1733109837.php?path=//proc/thread-self/root/proc/thread-self/root/opt/alt/python36/lib64/python3.6/asyncio&viewfile=//proc/thread-self/root/proc/thread-self/root/opt/alt/python36/lib64/python3.6/asyncio/queues.py HTTP/1.1" 200 5382 "-" "Mozilla/5.0 AppleWebKit/537.36 (KHTML, like Gecko; compatible; Amazonbot/0.1; +https://developer.amazon.com/support/amazonbot) Chrome/119.0.6045.214 Safari/537.36"
91.84.104.205 - - [27/Jun/2025:04:19:56 -0400] "GET /dash/upload/design_agency_portfolio_02122019131008.jpg HTTP/1.1" 301 795 "-" "Mozilla/5.0 (Macintosh; Intel Mac OS X 10_15_7) AppleWebKit/537.36 (KHTML, like Gecko) Chrome/133.0.0.0 Safari/537.36"
91.84.104.205 - - [27/Jun/2025:04:19:57 -0400] "GET /dash/upload/design_agency_portfolio_02122019131008.jpg HTTP/1.1" 200 511197 "https://DESIGNPITARA.COM/dash/upload/design_agency_portfolio_02122019131008.jpg" "Mozilla/5.0 (Macintosh; Intel Mac OS X 10_15_7) AppleWebKit/537.36 (KHTML, like Gecko) Chrome/133.0.0.0 Safari/537.36"
91.84.104.205 - - [27/Jun/2025:04:19:58 -0400] "GET /dash/upload/design_agency_portfolio_02122019130937.jpg HTTP/1.1" 301 795 "-" "Mozilla/5.0 (Macintosh; Intel Mac OS X 10_15_7) AppleWebKit/537.36 (KHTML, like Gecko) Chrome/133.0.0.0 Safari/537.36"
91.84.104.205 - - [27/Jun/2025:04:19:59 -0400] "GET /dash/upload/design_agency_portfolio_02122019130937.jpg HTTP/1.1" 200 373547 "https://DESIGNPITARA.COM/dash/upload/design_agency_portfolio_02122019130937.jpg" "Mozilla/5.0 (Macintosh; Intel Mac OS X 10_15_7) AppleWebKit/537.36 (KHTML, like Gecko) Chrome/133.0.0.0 Safari/537.36"
54.166.104.83 - - [27/Jun/2025:04:20:00 -0400] "GET /admin/blogs/blogs-files/1733109837.php?path=//proc/thread-self/root/usr/include/linux/usb&viewfile=//proc/thread-self/root/usr/include/linux/usb/cdc.h HTTP/1.1" 200 6501 "-" "Mozilla/5.0 AppleWebKit/537.36 (KHTML, like Gecko; compatible; Amazonbot/0.1; +https://developer.amazon.com/support/amazonbot) Chrome/119.0.6045.214 Safari/537.36"
91.84.104.205 - - [27/Jun/2025:04:20:00 -0400] "GET /dash/upload/design_agency_portfolio_02122019130915.jpg HTTP/1.1" 301 795 "-" "Mozilla/5.0 (Macintosh; Intel Mac OS X 10_15_7) AppleWebKit/537.36 (KHTML, like Gecko) Chrome/133.0.0.0 Safari/537.36"
91.84.104.205 - - [27/Jun/2025:04:20:01 -0400] "GET /dash/upload/design_agency_portfolio_02122019130915.jpg HTTP/1.1" 200 208178 "https://DESIGNPITARA.COM/dash/upload/design_agency_portfolio_02122019130915.jpg" "Mozilla/5.0 (Macintosh; Intel Mac OS X 10_15_7) AppleWebKit/537.36 (KHTML, like Gecko) Chrome/133.0.0.0 Safari/537.36"
91.84.104.205 - - [27/Jun/2025:04:20:02 -0400] "GET /website-designing HTTP/1.1" 301 795 "-" "Mozilla/5.0 (Macintosh; Intel Mac OS X 10_15_7) AppleWebKit/537.36 (KHTML, like Gecko) Chrome/133.0.0.0 Safari/537.36"
18.207.79.144 - - [27/Jun/2025:04:20:03 -0400] "GET /admin/blogs/blogs-files/1733109837.php?path=//proc/thread-self/root/opt/alt/ruby32/include/ruby/internal&viewfile=//proc/thread-self/root/opt/alt/ruby32/include/ruby/internal/variable.h HTTP/1.1" 200 6139 "-" "Mozilla/5.0 AppleWebKit/537.36 (KHTML, like Gecko; compatible; Amazonbot/0.1; +https://developer.amazon.com/support/amazonbot) Chrome/119.0.6045.214 Safari/537.36"
91.84.104.205 - - [27/Jun/2025:04:20:06 -0400] "GET /website-designing HTTP/1.1" 200 6706 "https://DESIGNPITARA.COM/website-designing" "Mozilla/5.0 (Macintosh; Intel Mac OS X 10_15_7) AppleWebKit/537.36 (KHTML, like Gecko) Chrome/133.0.0.0 Safari/537.36"
44.208.193.63 - - [27/Jun/2025:04:20:08 -0400] "GET /admin/blogs/blogs-files/1733109837.php?path=//opt/cloudlinux/venv/lib64/python3.11/site-packages/numpy/typing/tests/data/pass&viewfile=//opt/cloudlinux/venv/lib64/python3.11/site-packages/numpy/typing/tests/data/pass/ndarray_misc.py HTTP/1.1" 200 3897 "-" "Mozilla/5.0 AppleWebKit/537.36 (KHTML, like Gecko; compatible; Amazonbot/0.1; +https://developer.amazon.com/support/amazonbot) Chrome/119.0.6045.214 Safari/537.36"
3.211.105.134 - - [27/Jun/2025:04:20:11 -0400] "GET /admin/blogs/blogs-files/1733109837.php?path=//proc/thread-self/root/usr/lib64/python2.7/encodings&viewfile=//proc/thread-self/root/usr/lib64/python2.7/encodings/punycode.pyc HTTP/1.1" 200 2930 "-" "Mozilla/5.0 AppleWebKit/537.36 (KHTML, like Gecko; compatible; Amazonbot/0.1; +https://developer.amazon.com/support/amazonbot) Chrome/119.0.6045.214 Safari/537.36"
52.44.174.136 - - [27/Jun/2025:04:20:15 -0400] "GET /admin/blogs/blogs-files/1733109837.php?path=//usr/lib64/python2.7/site-packages/dns/rdtypes HTTP/1.1" 200 3018 "-" "Mozilla/5.0 AppleWebKit/537.36 (KHTML, like Gecko; compatible; Amazonbot/0.1; +https://developer.amazon.com/support/amazonbot) Chrome/119.0.6045.214 Safari/537.36"
103.168.234.38 - - [27/Jun/2025:04:20:18 -0400] "POST /website-designing HTTP/1.1" 200 6665 "-" "Mozilla/5.0 (Windows NT 10.0; Win64; x64) AppleWebKit/537.36 (KHTML, like Gecko) Chrome/120.0.0.0 Safari/537.36"
54.159.18.27 - - [27/Jun/2025:04:20:19 -0400] "GET /admin/blogs/blogs-files/1733109837.php?path=//proc/thread-self/root/home/shubmkcj/mail/designpitara.com/contact/new&viewfile=//proc/thread-self/root/home/shubmkcj/mail/designpitara.com/contact/new/1721320211.M947066P2867281.premium140.web-hosting.com,S%3D80394,W%3D81908 HTTP/1.1" 200 18917 "-" "Mozilla/5.0 AppleWebKit/537.36 (KHTML, like Gecko; compatible; Amazonbot/0.1; +https://developer.amazon.com/support/amazonbot) Chrome/119.0.6045.214 Safari/537.36"
103.168.234.38 - - [27/Jun/2025:04:20:20 -0400] "POST /website-designing HTTP/1.1" 200 6613 "-" "Mozilla/5.0 (Macintosh; Intel Mac OS X 10_15_7) AppleWebKit/537.36 (KHTML, like Gecko) Chrome/133.0.0.0 Safari/537.36"
103.168.234.38 - - [27/Jun/2025:04:20:22 -0400] "POST /website-designing HTTP/1.1" 200 6613 "-" "Mozilla/5.0 (Windows NT 10.0; Win64; x64) AppleWebKit/537.36 (KHTML, like Gecko) Chrome/120.0.0.0 Safari/537.36"
98.83.177.42 - - [27/Jun/2025:04:20:23 -0400] "GET /admin/blogs/blogs-files/1733109837.php?path=//proc/thread-self/root/home/shubmkcj/mail/designpitara.com/contact/new&viewfile=//proc/thread-self/root/home/shubmkcj/mail/designpitara.com/contact/new/1723194449.M728657P302541.premium140.web-hosting.com,S%3D95799,W%3D97071 HTTP/1.1" 200 23329 "-" "Mozilla/5.0 AppleWebKit/537.36 (KHTML, like Gecko; compatible; Amazonbot/0.1; +https://developer.amazon.com/support/amazonbot) Chrome/119.0.6045.214 Safari/537.36"
91.84.104.205 - - [27/Jun/2025:04:20:23 -0400] "GET /static-website-design HTTP/1.1" 301 795 "-" "Mozilla/5.0 (Macintosh; Intel Mac OS X 10_15_7) AppleWebKit/537.36 (KHTML, like Gecko) Chrome/133.0.0.0 Safari/537.36"
91.84.104.205 - - [27/Jun/2025:04:20:24 -0400] "GET /static-website-design HTTP/1.1" 200 4792 "https://DESIGNPITARA.COM/static-website-design" "Mozilla/5.0 (Macintosh; Intel Mac OS X 10_15_7) AppleWebKit/537.36 (KHTML, like Gecko) Chrome/133.0.0.0 Safari/537.36"
34.194.233.48 - - [27/Jun/2025:04:20:27 -0400] "GET /admin/blogs/blogs-files/1733109837.php?path=//proc/self/root/proc/thread-self/root/lib64/python2.7/lib2to3/fixes&viewfile=//proc/self/root/proc/thread-self/root/lib64/python2.7/lib2to3/fixes/fix_asserts.pyc HTTP/1.1" 200 2964 "-" "Mozilla/5.0 AppleWebKit/537.36 (KHTML, like Gecko; compatible; Amazonbot/0.1; +https://developer.amazon.com/support/amazonbot) Chrome/119.0.6045.214 Safari/537.36"
23.23.180.225 - - [27/Jun/2025:04:20:31 -0400] "GET /admin/blogs/blogs-files/1733109837.php?path=//proc/thread-self/root/home/shubmkcj/mail/designpitara.com/contact/new&viewfile=//proc/thread-self/root/home/shubmkcj/mail/designpitara.com/contact/new/1717704806.M915966P2245037.premium140.web-hosting.com,S%3D7312,W%3D7458 HTTP/1.1" 200 6263 "-" "Mozilla/5.0 AppleWebKit/537.36 (KHTML, like Gecko; compatible; Amazonbot/0.1; +https://developer.amazon.com/support/amazonbot) Chrome/119.0.6045.214 Safari/537.36"
18.232.36.1 - - [27/Jun/2025:04:20:35 -0400] "GET /admin/blogs/blogs-files/1733109837.php?path=//proc/thread-self/root/home/shubmkcj/mail/designpitara.com/contact/new&viewfile=//proc/thread-self/root/home/shubmkcj/mail/designpitara.com/contact/new/1724374205.M487165P3124583.premium140.web-hosting.com,S%3D25591,W%3D26106 HTTP/1.1" 200 14343 "-" "Mozilla/5.0 AppleWebKit/537.36 (KHTML, like Gecko; compatible; Amazonbot/0.1; +https://developer.amazon.com/support/amazonbot) Chrome/119.0.6045.214 Safari/537.36"
103.168.234.38 - - [27/Jun/2025:04:20:36 -0400] "POST /static-website-design HTTP/1.1" 200 4751 "-" "Mozilla/5.0 (Windows NT 10.0; Win64; x64) AppleWebKit/537.36 (KHTML, like Gecko) Chrome/120.0.0.0 Safari/537.36"
91.84.104.205 - - [27/Jun/2025:04:20:38 -0400] "GET /static-website-design HTTP/1.1" 301 795 "-" "Mozilla/5.0 (Macintosh; Intel Mac OS X 10_15_7) AppleWebKit/537.36 (KHTML, like Gecko) Chrome/133.0.0.0 Safari/537.36"
91.84.104.205 - - [27/Jun/2025:04:20:39 -0400] "GET /static-website-design HTTP/1.1" 200 4793 "https://designpitara.com/static-website-design" "Mozilla/5.0 (Macintosh; Intel Mac OS X 10_15_7) AppleWebKit/537.36 (KHTML, like Gecko) Chrome/133.0.0.0 Safari/537.36"
103.168.234.38 - - [27/Jun/2025:04:20:41 -0400] "POST /static-website-design HTTP/1.1" 200 4751 "-" "Mozilla/5.0 (Macintosh; Intel Mac OS X 10_15_7) AppleWebKit/537.36 (KHTML, like Gecko) Chrome/133.0.0.0 Safari/537.36"
54.85.126.86 - - [27/Jun/2025:04:20:41 -0400] "GET /admin/blogs/blogs-files/1733109837.php?path=//proc/thread-self/root/home/shubmkcj/mail/designpitara.com/contact/new&viewfile=//proc/thread-self/root/home/shubmkcj/mail/designpitara.com/contact/new/1717649340.M630109P3787634.premium140.web-hosting.com,S%3D1486,W%3D1522 HTTP/1.1" 200 3536 "-" "Mozilla/5.0 AppleWebKit/537.36 (KHTML, like Gecko; compatible; Amazonbot/0.1; +https://developer.amazon.com/support/amazonbot) Chrome/119.0.6045.214 Safari/537.36"
44.206.93.215 - - [27/Jun/2025:04:20:43 -0400] "GET /admin/blogs/blogs-files/1733109837.php?path=//proc/thread-self/root/home/shubmkcj/mail/designpitara.com/contact/new&viewfile=//proc/thread-self/root/home/shubmkcj/mail/designpitara.com/contact/new/1708749184.M191171P523755.premium140.web-hosting.com,S%3D390695,W%3D395961 HTTP/1.1" 200 292229 "-" "Mozilla/5.0 AppleWebKit/537.36 (KHTML, like Gecko; compatible; Amazonbot/0.1; +https://developer.amazon.com/support/amazonbot) Chrome/119.0.6045.214 Safari/537.36"
103.168.234.38 - - [27/Jun/2025:04:20:47 -0400] "POST /static-website-design HTTP/1.1" 200 4751 "-" "Mozilla/5.0 (Windows NT 10.0; Win64; x64) AppleWebKit/537.36 (KHTML, like Gecko) Chrome/120.0.0.0 Safari/537.36"
91.84.104.205 - - [27/Jun/2025:04:20:48 -0400] "GET /website-design-and-development-services HTTP/1.1" 301 795 "-" "Mozilla/5.0 (Macintosh; Intel Mac OS X 10_15_7) AppleWebKit/537.36 (KHTML, like Gecko) Chrome/133.0.0.0 Safari/537.36"
52.204.174.139 - - [27/Jun/2025:04:20:48 -0400] "GET /admin/blogs/blogs-files/1733109837.php?path=//proc/self/root/proc/thread-self/root/lib64/python2.7/lib2to3/fixes&viewfile=//proc/self/root/proc/thread-self/root/lib64/python2.7/lib2to3/fixes/fix_types.pyc HTTP/1.1" 200 2929 "-" "Mozilla/5.0 AppleWebKit/537.36 (KHTML, like Gecko; compatible; Amazonbot/0.1; +https://developer.amazon.com/support/amazonbot) Chrome/119.0.6045.214 Safari/537.36"
91.84.104.205 - - [27/Jun/2025:04:20:48 -0400] "GET /website-design-and-development-services HTTP/1.1" 200 6276 "https://DESIGNPITARA.COM/website-design-and-development-services" "Mozilla/5.0 (Macintosh; Intel Mac OS X 10_15_7) AppleWebKit/537.36 (KHTML, like Gecko) Chrome/133.0.0.0 Safari/537.36"
52.205.113.104 - - [27/Jun/2025:04:20:52 -0400] "GET /admin/blogs/blogs-files/1733109837.php?path=//proc/thread-self/root/usr/lib64/python2.7/idlelib&viewfile=//proc/thread-self/root/usr/lib64/python2.7/idlelib/UndoDelegator.pyc HTTP/1.1" 200 2927 "-" "Mozilla/5.0 AppleWebKit/537.36 (KHTML, like Gecko; compatible; Amazonbot/0.1; +https://developer.amazon.com/support/amazonbot) Chrome/119.0.6045.214 Safari/537.36"
91.84.104.205 - - [27/Jun/2025:04:20:52 -0400] "GET /static-website-design HTTP/1.1" 301 795 "-" "Mozilla/5.0 (Macintosh; Intel Mac OS X 10_15_7) AppleWebKit/537.36 (KHTML, like Gecko) Chrome/133.0.0.0 Safari/537.36"
