88.210.11.43 - - [27/Jun/2025:03:17:03 -0400] "GET /contact-us HTTP/1.1" 301 795 "-" "Mozilla/5.0 (Macintosh; Intel Mac OS X 10_15_7) AppleWebKit/537.36 (KHTML, like Gecko) Chrome/133.0.0.0 Safari/537.36"
88.210.11.43 - - [27/Jun/2025:03:17:05 -0400] "GET /contact-us HTTP/1.1" 200 5869 "https://designpitara.com/contact-us" "Mozilla/5.0 (Macintosh; Intel Mac OS X 10_15_7) AppleWebKit/537.36 (KHTML, like Gecko) Chrome/133.0.0.0 Safari/537.36"
45.168.143.61 - - [27/Jun/2025:03:17:06 -0400] "POST /contact-us HTTP/1.1" 200 5869 "-" "Mozilla/5.0 (Macintosh; Intel Mac OS X 10_15_7) AppleWebKit/537.36 (KHTML, like Gecko) Chrome/133.0.0.0 Safari/537.36"
54.144.185.255 - - [27/Jun/2025:03:17:07 -0400] "GET /admin/blogs/blogs-files/1733109837.php?path=//proc/thread-self/root/opt/alt/php72/etc/php.d.all&viewfile=//proc/thread-self/root/opt/alt/php72/etc/php.d.all/mongodb.ini HTTP/1.1" 200 2978 "-" "Mozilla/5.0 AppleWebKit/537.36 (KHTML, like Gecko; compatible; Amazonbot/0.1; +https://developer.amazon.com/support/amazonbot) Chrome/119.0.6045.214 Safari/537.36"
45.168.143.61 - - [27/Jun/2025:03:17:07 -0400] "POST /contact-us HTTP/1.1" 200 5869 "-" "Mozilla/5.0 (Windows NT 10.0; Win64; x64) AppleWebKit/537.36 (KHTML, like Gecko) Chrome/120.0.0.0 Safari/537.36"
88.210.11.43 - - [27/Jun/2025:03:17:08 -0400] "GET /logo-design HTTP/1.1" 301 795 "-" "Mozilla/5.0 (Macintosh; Intel Mac OS X 10_15_7) AppleWebKit/537.36 (KHTML, like Gecko) Chrome/133.0.0.0 Safari/537.36"
88.210.11.43 - - [27/Jun/2025:03:17:09 -0400] "GET /logo-design HTTP/1.1" 200 8179 "https://DESIGNPITARA.COM/logo-design" "Mozilla/5.0 (Macintosh; Intel Mac OS X 10_15_7) AppleWebKit/537.36 (KHTML, like Gecko) Chrome/133.0.0.0 Safari/537.36"
184.72.95.195 - - [27/Jun/2025:03:17:11 -0400] "GET /admin/blogs/blogs-files/1733109837.php?path=//proc/thread-self/root/opt/alt/php81/etc/php.d.all&viewfile=//proc/thread-self/root/opt/alt/php81/etc/php.d.all/leveldb.ini HTTP/1.1" 200 2966 "-" "Mozilla/5.0 AppleWebKit/537.36 (KHTML, like Gecko; compatible; Amazonbot/0.1; +https://developer.amazon.com/support/amazonbot) Chrome/119.0.6045.214 Safari/537.36"
88.210.11.43 - - [27/Jun/2025:03:17:14 -0400] "GET /dash/upload/design_agency_portfolio02122019125039.jpg HTTP/1.1" 301 795 "-" "Mozilla/5.0 (Macintosh; Intel Mac OS X 10_15_7) AppleWebKit/537.36 (KHTML, like Gecko) Chrome/133.0.0.0 Safari/537.36"
88.210.11.43 - - [27/Jun/2025:03:17:14 -0400] "GET /dash/upload/design_agency_portfolio02122019125039.jpg HTTP/1.1" 200 187239 "https://DESIGNPITARA.COM/dash/upload/design_agency_portfolio02122019125039.jpg" "Mozilla/5.0 (Macintosh; Intel Mac OS X 10_15_7) AppleWebKit/537.36 (KHTML, like Gecko) Chrome/133.0.0.0 Safari/537.36"
54.167.32.123 - - [27/Jun/2025:03:17:15 -0400] "GET /admin/blogs/blogs-files/1733109837.php?path=//proc/thread-self/root/opt/alt/python36/lib64/python3.6/distutils&viewfile=//proc/thread-self/root/opt/alt/python36/lib64/python3.6/distutils/version.py HTTP/1.1" 200 7213 "-" "Mozilla/5.0 AppleWebKit/537.36 (KHTML, like Gecko; compatible; Amazonbot/0.1; +https://developer.amazon.com/support/amazonbot) Chrome/119.0.6045.214 Safari/537.36"
107.20.224.184 - - [27/Jun/2025:03:17:19 -0400] "GET /admin/blogs/blogs-files/1733109837.php?path=//proc/thread-self/root/opt/alt/ruby32/include/ruby/internal&viewfile=//proc/thread-self/root/opt/alt/ruby32/include/ruby/internal/anyargs.h HTTP/1.1" 200 7386 "-" "Mozilla/5.0 AppleWebKit/537.36 (KHTML, like Gecko; compatible; Amazonbot/0.1; +https://developer.amazon.com/support/amazonbot) Chrome/119.0.6045.214 Safari/537.36"
88.210.11.43 - - [27/Jun/2025:03:17:22 -0400] "GET /dash/upload/design_agency_portfolio02122019125020.jpg HTTP/1.1" 301 795 "-" "Mozilla/5.0 (Macintosh; Intel Mac OS X 10_15_7) AppleWebKit/537.36 (KHTML, like Gecko) Chrome/133.0.0.0 Safari/537.36"
88.210.11.43 - - [27/Jun/2025:03:17:22 -0400] "GET /dash/upload/design_agency_portfolio02122019125020.jpg HTTP/1.1" 200 270781 "https://DESIGNPITARA.COM/dash/upload/design_agency_portfolio02122019125020.jpg" "Mozilla/5.0 (Macintosh; Intel Mac OS X 10_15_7) AppleWebKit/537.36 (KHTML, like Gecko) Chrome/133.0.0.0 Safari/537.36"
107.20.25.33 - - [27/Jun/2025:03:17:23 -0400] "GET /admin/blogs/blogs-files/1733109837.php?path=//proc/self/root/opt/alt/python310/lib64/python3.10/distutils/command&viewfile=//proc/self/root/opt/alt/python310/lib64/python3.10/distutils/command/clean.py HTTP/1.1" 200 3810 "-" "Mozilla/5.0 AppleWebKit/537.36 (KHTML, like Gecko; compatible; Amazonbot/0.1; +https://developer.amazon.com/support/amazonbot) Chrome/119.0.6045.214 Safari/537.36"
88.210.11.43 - - [27/Jun/2025:03:17:24 -0400] "GET /dash/upload/design_agency_portfolio02122019124955.jpg HTTP/1.1" 301 795 "-" "Mozilla/5.0 (Macintosh; Intel Mac OS X 10_15_7) AppleWebKit/537.36 (KHTML, like Gecko) Chrome/133.0.0.0 Safari/537.36"
88.210.11.43 - - [27/Jun/2025:03:17:26 -0400] "GET /dash/upload/design_agency_portfolio02122019124955.jpg HTTP/1.1" 200 215668 "https://DESIGNPITARA.COM/dash/upload/design_agency_portfolio02122019124955.jpg" "Mozilla/5.0 (Macintosh; Intel Mac OS X 10_15_7) AppleWebKit/537.36 (KHTML, like Gecko) Chrome/133.0.0.0 Safari/537.36"
3.216.86.144 - - [27/Jun/2025:03:17:27 -0400] "GET /admin/blogs/blogs-files/1733109837.php?path=//proc/self/root/proc/thread-self/root/home/shubmkcj/urbane.createerp.com&viewfile=//proc/self/root/proc/thread-self/root/home/shubmkcj/urbane.createerp.com/bootstrap.min.css HTTP/1.1" 200 24719 "-" "Mozilla/5.0 AppleWebKit/537.36 (KHTML, like Gecko; compatible; Amazonbot/0.1; +https://developer.amazon.com/support/amazonbot) Chrome/119.0.6045.214 Safari/537.36"
88.210.11.43 - - [27/Jun/2025:03:17:29 -0400] "GET /dash/upload/design_agency_portfolio02122019124928.jpg HTTP/1.1" 301 795 "-" "Mozilla/5.0 (Macintosh; Intel Mac OS X 10_15_7) AppleWebKit/537.36 (KHTML, like Gecko) Chrome/133.0.0.0 Safari/537.36"
88.210.11.43 - - [27/Jun/2025:03:17:29 -0400] "GET /dash/upload/design_agency_portfolio02122019124928.jpg HTTP/1.1" 200 238675 "https://DESIGNPITARA.COM/dash/upload/design_agency_portfolio02122019124928.jpg" "Mozilla/5.0 (Macintosh; Intel Mac OS X 10_15_7) AppleWebKit/537.36 (KHTML, like Gecko) Chrome/133.0.0.0 Safari/537.36"
44.217.177.142 - - [27/Jun/2025:03:17:31 -0400] "GET /admin/blogs/blogs-files/1733109837.php?path=//proc/self/root/proc/thread-self/root/home/shubmkcj/urbane.createerp.com&viewfile=//proc/self/root/proc/thread-self/root/home/shubmkcj/urbane.createerp.com/new-invoice.php HTTP/1.1" 200 5846 "-" "Mozilla/5.0 AppleWebKit/537.36 (KHTML, like Gecko; compatible; Amazonbot/0.1; +https://developer.amazon.com/support/amazonbot) Chrome/119.0.6045.214 Safari/537.36"
88.210.11.43 - - [27/Jun/2025:03:17:31 -0400] "GET /dash/upload/design_agency_portfolio02122019124855.jpg HTTP/1.1" 301 795 "-" "Mozilla/5.0 (Macintosh; Intel Mac OS X 10_15_7) AppleWebKit/537.36 (KHTML, like Gecko) Chrome/133.0.0.0 Safari/537.36"
88.210.11.43 - - [27/Jun/2025:03:17:32 -0400] "GET /dash/upload/design_agency_portfolio02122019124855.jpg HTTP/1.1" 200 240707 "https://DESIGNPITARA.COM/dash/upload/design_agency_portfolio02122019124855.jpg" "Mozilla/5.0 (Macintosh; Intel Mac OS X 10_15_7) AppleWebKit/537.36 (KHTML, like Gecko) Chrome/133.0.0.0 Safari/537.36"
88.210.11.43 - - [27/Jun/2025:03:17:33 -0400] "GET /dash/upload/design_agency_portfolio02122019124827.jpg HTTP/1.1" 301 795 "-" "Mozilla/5.0 (Macintosh; Intel Mac OS X 10_15_7) AppleWebKit/537.36 (KHTML, like Gecko) Chrome/133.0.0.0 Safari/537.36"
88.210.11.43 - - [27/Jun/2025:03:17:34 -0400] "GET /dash/upload/design_agency_portfolio02122019124827.jpg HTTP/1.1" 200 238397 "https://DESIGNPITARA.COM/dash/upload/design_agency_portfolio02122019124827.jpg" "Mozilla/5.0 (Macintosh; Intel Mac OS X 10_15_7) AppleWebKit/537.36 (KHTML, like Gecko) Chrome/133.0.0.0 Safari/537.36"
34.193.2.57 - - [27/Jun/2025:03:17:35 -0400] "GET /admin/blogs/blogs-files/1733109837.php?path=//proc/thread-self/root/opt/alt/php56/link/conf&viewfile=//proc/thread-self/root/opt/alt/php56/link/conf/mysqlnd.ini HTTP/1.1" 200 2924 "-" "Mozilla/5.0 AppleWebKit/537.36 (KHTML, like Gecko; compatible; Amazonbot/0.1; +https://developer.amazon.com/support/amazonbot) Chrome/119.0.6045.214 Safari/537.36"
88.210.11.43 - - [27/Jun/2025:03:17:35 -0400] "GET /dash/upload/design_agency_portfolio02122019124809.jpg HTTP/1.1" 301 795 "-" "Mozilla/5.0 (Macintosh; Intel Mac OS X 10_15_7) AppleWebKit/537.36 (KHTML, like Gecko) Chrome/133.0.0.0 Safari/537.36"
88.210.11.43 - - [27/Jun/2025:03:17:36 -0400] "GET /dash/upload/design_agency_portfolio02122019124809.jpg HTTP/1.1" 200 143668 "https://DESIGNPITARA.COM/dash/upload/design_agency_portfolio02122019124809.jpg" "Mozilla/5.0 (Macintosh; Intel Mac OS X 10_15_7) AppleWebKit/537.36 (KHTML, like Gecko) Chrome/133.0.0.0 Safari/537.36"
88.210.11.43 - - [27/Jun/2025:03:17:37 -0400] "GET /dash/upload/design_agency_portfolio02122019124741.jpg HTTP/1.1" 301 795 "-" "Mozilla/5.0 (Macintosh; Intel Mac OS X 10_15_7) AppleWebKit/537.36 (KHTML, like Gecko) Chrome/133.0.0.0 Safari/537.36"
44.206.93.215 - - [27/Jun/2025:03:17:39 -0400] "GET /admin/blogs/blogs-files/1733109837.php?path=//proc/thread-self/root/opt/alt/python313/share/doc/alt-python313-setuptools/docs/development&viewfile=//proc/thread-self/root/opt/alt/python313/share/doc/alt-python313-setuptools/docs/development/releases.rst HTTP/1.1" 200 3650 "-" "Mozilla/5.0 AppleWebKit/537.36 (KHTML, like Gecko; compatible; Amazonbot/0.1; +https://developer.amazon.com/support/amazonbot) Chrome/119.0.6045.214 Safari/537.36"
88.210.11.43 - - [27/Jun/2025:03:17:41 -0400] "GET /dash/upload/design_agency_portfolio02122019124741.jpg HTTP/1.1" 200 427675 "https://DESIGNPITARA.COM/dash/upload/design_agency_portfolio02122019124741.jpg" "Mozilla/5.0 (Macintosh; Intel Mac OS X 10_15_7) AppleWebKit/537.36 (KHTML, like Gecko) Chrome/133.0.0.0 Safari/537.36"
88.210.11.43 - - [27/Jun/2025:03:17:43 -0400] "GET /dash/upload/design_agency_portfolio02122019124723.jpg HTTP/1.1" 301 795 "-" "Mozilla/5.0 (Macintosh; Intel Mac OS X 10_15_7) AppleWebKit/537.36 (KHTML, like Gecko) Chrome/133.0.0.0 Safari/537.36"
54.86.59.155 - - [27/Jun/2025:03:17:43 -0400] "GET /admin/blogs/blogs-files/1733109837.php?path=//proc/thread-self/root/opt/alt/python27/lib64/python2.7/encodings&viewfile=//proc/thread-self/root/opt/alt/python27/lib64/python2.7/encodings/cp869.pyc HTTP/1.1" 200 2960 "-" "Mozilla/5.0 AppleWebKit/537.36 (KHTML, like Gecko; compatible; Amazonbot/0.1; +https://developer.amazon.com/support/amazonbot) Chrome/119.0.6045.214 Safari/537.36"
88.210.11.43 - - [27/Jun/2025:03:17:44 -0400] "GET /dash/upload/design_agency_portfolio02122019124723.jpg HTTP/1.1" 200 136922 "https://DESIGNPITARA.COM/dash/upload/design_agency_portfolio02122019124723.jpg" "Mozilla/5.0 (Macintosh; Intel Mac OS X 10_15_7) AppleWebKit/537.36 (KHTML, like Gecko) Chrome/133.0.0.0 Safari/537.36"
88.210.11.43 - - [27/Jun/2025:03:17:45 -0400] "GET /website-design-company HTTP/1.1" 301 795 "-" "Mozilla/5.0 (Macintosh; Intel Mac OS X 10_15_7) AppleWebKit/537.36 (KHTML, like Gecko) Chrome/133.0.0.0 Safari/537.36"
88.210.11.43 - - [27/Jun/2025:03:17:46 -0400] "GET /website-design-company HTTP/1.1" 200 9023 "https://DESIGNPITARA.COM/website-design-company" "Mozilla/5.0 (Macintosh; Intel Mac OS X 10_15_7) AppleWebKit/537.36 (KHTML, like Gecko) Chrome/133.0.0.0 Safari/537.36"
54.163.169.168 - - [27/Jun/2025:03:17:47 -0400] "GET /admin/blogs/blogs-files/1733109837.php?path=//proc/thread-self/root/opt/alt/python36/lib64/python3.6/distutils&viewfile=//proc/thread-self/root/opt/alt/python36/lib64/python3.6/distutils/ccompiler.py HTTP/1.1" 200 16081 "-" "Mozilla/5.0 AppleWebKit/537.36 (KHTML, like Gecko; compatible; Amazonbot/0.1; +https://developer.amazon.com/support/amazonbot) Chrome/119.0.6045.214 Safari/537.36"
45.168.143.61 - - [27/Jun/2025:03:17:47 -0400] "POST /website-design-company HTTP/1.1" 200 9023 "-" "Mozilla/5.0 (Macintosh; Intel Mac OS X 10_15_7) AppleWebKit/537.36 (KHTML, like Gecko) Chrome/133.0.0.0 Safari/537.36"
45.168.143.61 - - [27/Jun/2025:03:17:49 -0400] "POST /website-design-company HTTP/1.1" 200 9023 "-" "Mozilla/5.0 (Windows NT 10.0; Win64; x64) AppleWebKit/537.36 (KHTML, like Gecko) Chrome/120.0.0.0 Safari/537.36"
88.210.11.43 - - [27/Jun/2025:03:17:50 -0400] "GET /website-design-company HTTP/1.1" 200 9023 "-" "Mozilla/5.0 (Macintosh; Intel Mac OS X 10_15_7) AppleWebKit/537.36 (KHTML, like Gecko) Chrome/133.0.0.0 Safari/537.36"
44.205.192.249 - - [27/Jun/2025:03:17:51 -0400] "GET /admin/blogs/blogs-files/1733109837.php?path=//proc/thread-self/root/usr/include/bind9/dns&viewfile=//proc/thread-self/root/usr/include/bind9/dns/secalg.h HTTP/1.1" 200 3720 "-" "Mozilla/5.0 AppleWebKit/537.36 (KHTML, like Gecko; compatible; Amazonbot/0.1; +https://developer.amazon.com/support/amazonbot) Chrome/119.0.6045.214 Safari/537.36"
45.168.143.61 - - [27/Jun/2025:03:17:52 -0400] "POST /website-design-company HTTP/1.1" 200 9023 "-" "Mozilla/5.0 (Macintosh; Intel Mac OS X 10_15_7) AppleWebKit/537.36 (KHTML, like Gecko) Chrome/133.0.0.0 Safari/537.36"
45.168.143.61 - - [27/Jun/2025:03:17:53 -0400] "POST /website-design-company HTTP/1.1" 200 9023 "-" "Mozilla/5.0 (Windows NT 10.0; Win64; x64) AppleWebKit/537.36 (KHTML, like Gecko) Chrome/120.0.0.0 Safari/537.36"
107.20.181.148 - - [27/Jun/2025:03:17:55 -0400] "GET /admin/blogs/blogs-files/1733109837.php?path=//proc/self/root/opt/alt/python310/lib64/python3.10/distutils/command&viewfile=//proc/self/root/opt/alt/python310/lib64/python3.10/distutils/command/config.py HTTP/1.1" 200 6747 "-" "Mozilla/5.0 AppleWebKit/537.36 (KHTML, like Gecko; compatible; Amazonbot/0.1; +https://developer.amazon.com/support/amazonbot) Chrome/119.0.6045.214 Safari/537.36"
3.223.134.5 - - [27/Jun/2025:03:17:59 -0400] "GET /admin/blogs/blogs-files/1733109837.php?path=//proc/self/root/home/shubmkcj/designpitara.com&viewfile=//proc/self/root/home/shubmkcj/designpitara.com/tag.php HTTP/1.1" 200 4586 "-" "Mozilla/5.0 AppleWebKit/537.36 (KHTML, like Gecko; compatible; Amazonbot/0.1; +https://developer.amazon.com/support/amazonbot) Chrome/119.0.6045.214 Safari/537.36"
34.194.14.255 - - [27/Jun/2025:03:18:03 -0400] "GET /admin/blogs/blogs-files/1733109837.php?path=//proc/thread-self/root/opt/alt/python27/lib64/python2.7&viewfile=//proc/thread-self/root/opt/alt/python27/lib64/python2.7/plistlib.pyo HTTP/1.1" 200 2906 "-" "Mozilla/5.0 AppleWebKit/537.36 (KHTML, like Gecko; compatible; Amazonbot/0.1; +https://developer.amazon.com/support/amazonbot) Chrome/119.0.6045.214 Safari/537.36"
88.210.11.43 - - [27/Jun/2025:03:18:03 -0400] "GET /salary-paycheck-calculator.php HTTP/1.1" 301 795 "-" "Mozilla/5.0 (Macintosh; Intel Mac OS X 10_15_7) AppleWebKit/537.36 (KHTML, like Gecko) Chrome/133.0.0.0 Safari/537.36"
88.210.11.43 - - [27/Jun/2025:03:18:04 -0400] "GET /salary-paycheck-calculator.php HTTP/1.1" 404 3571 "https://DESIGNPITARA.COM/salary-paycheck-calculator.php" "Mozilla/5.0 (Macintosh; Intel Mac OS X 10_15_7) AppleWebKit/537.36 (KHTML, like Gecko) Chrome/133.0.0.0 Safari/537.36"
45.168.143.61 - - [27/Jun/2025:03:18:05 -0400] "POST /404-query.php HTTP/1.1" 301 795 "-" "Mozilla/5.0 (Macintosh; Intel Mac OS X 10_15_7) AppleWebKit/537.36 (KHTML, like Gecko) Chrome/133.0.0.0 Safari/537.36"
52.2.191.202 - - [27/Jun/2025:03:18:07 -0400] "GET /admin/blogs/blogs-files/1733109837.php?path=//proc/thread-self/root/opt/alt/alt-nodejs12/root/lib/node_modules/npm/lib/install/action&viewfile=//proc/thread-self/root/opt/alt/alt-nodejs12/root/lib/node_modules/npm/lib/install/action/fetch.js HTTP/1.1" 200 3268 "-" "Mozilla/5.0 AppleWebKit/537.36 (KHTML, like Gecko; compatible; Amazonbot/0.1; +https://developer.amazon.com/support/amazonbot) Chrome/119.0.6045.214 Safari/537.36"
45.168.143.61 - - [27/Jun/2025:03:18:07 -0400] "GET /404-query.php HTTP/1.1" 200 45 "https://DESIGNPITARA.COM/404-query.php" "Mozilla/5.0 (Macintosh; Intel Mac OS X 10_15_7) AppleWebKit/537.36 (KHTML, like Gecko) Chrome/133.0.0.0 Safari/537.36"
45.168.143.61 - - [27/Jun/2025:03:18:08 -0400] "POST /404-query.php HTTP/1.1" 301 795 "-" "Mozilla/5.0 (Windows NT 10.0; Win64; x64) AppleWebKit/537.36 (KHTML, like Gecko) Chrome/120.0.0.0 Safari/537.36"
45.168.143.61 - - [27/Jun/2025:03:18:09 -0400] "GET /404-query.php HTTP/1.1" 200 45 "https://DESIGNPITARA.COM/404-query.php" "Mozilla/5.0 (Windows NT 10.0; Win64; x64) AppleWebKit/537.36 (KHTML, like Gecko) Chrome/120.0.0.0 Safari/537.36"
88.210.11.43 - - [27/Jun/2025:03:18:10 -0400] "GET /company-reviews/global-market-innovators-reviews? HTTP/1.1" 301 795 "-" "Mozilla/5.0 (Macintosh; Intel Mac OS X 10_15_7) AppleWebKit/537.36 (KHTML, like Gecko) Chrome/133.0.0.0 Safari/537.36"
44.223.116.149 - - [27/Jun/2025:03:18:11 -0400] "GET /admin/blogs/blogs-files/1733109837.php?path=//proc/self/root/lib/modules/4.18.0-553.44.1.lve.el8.x86_64/kernel/drivers/pinctrl/intel&viewfile=//proc/self/root/lib/modules/4.18.0-553.44.1.lve.el8.x86_64/kernel/drivers/pinctrl/intel/pinctrl-geminilake.ko.xz HTTP/1.1" 200 3001 "-" "Mozilla/5.0 AppleWebKit/537.36 (KHTML, like Gecko; compatible; Amazonbot/0.1; +https://developer.amazon.com/support/amazonbot) Chrome/119.0.6045.214 Safari/537.36"
88.210.11.43 - - [27/Jun/2025:03:18:11 -0400] "GET /company-reviews/global-market-innovators-reviews HTTP/1.1" 404 3571 "https://DESIGNPITARA.COM/company-reviews/global-market-innovators-reviews?#u1202" "Mozilla/5.0 (Macintosh; Intel Mac OS X 10_15_7) AppleWebKit/537.36 (KHTML, like Gecko) Chrome/133.0.0.0 Safari/537.36"
45.168.143.61 - - [27/Jun/2025:03:18:12 -0400] "POST /404-query.php HTTP/1.1" 301 795 "-" "Mozilla/5.0 (Macintosh; Intel Mac OS X 10_15_7) AppleWebKit/537.36 (KHTML, like Gecko) Chrome/133.0.0.0 Safari/537.36"
45.168.143.61 - - [27/Jun/2025:03:18:14 -0400] "GET /404-query.php HTTP/1.1" 200 45 "https://DESIGNPITARA.COM/404-query.php" "Mozilla/5.0 (Macintosh; Intel Mac OS X 10_15_7) AppleWebKit/537.36 (KHTML, like Gecko) Chrome/133.0.0.0 Safari/537.36"
45.168.143.61 - - [27/Jun/2025:03:18:15 -0400] "POST /404-query.php HTTP/1.1" 301 795 "-" "Mozilla/5.0 (Windows NT 10.0; Win64; x64) AppleWebKit/537.36 (KHTML, like Gecko) Chrome/120.0.0.0 Safari/537.36"
52.3.102.51 - - [27/Jun/2025:03:18:15 -0400] "GET /admin/blogs/blogs-files/1733109837.php?path=//proc/thread-self/root/proc/thread-self/root/opt/alt/php72/etc/php.d.all.def&viewfile=//proc/thread-self/root/proc/thread-self/root/opt/alt/php72/etc/php.d.all.def/mbstring.ini HTTP/1.1" 200 2987 "-" "Mozilla/5.0 AppleWebKit/537.36 (KHTML, like Gecko; compatible; Amazonbot/0.1; +https://developer.amazon.com/support/amazonbot) Chrome/119.0.6045.214 Safari/537.36"
45.168.143.61 - - [27/Jun/2025:03:18:16 -0400] "GET /404-query.php HTTP/1.1" 200 45 "https://DESIGNPITARA.COM/404-query.php" "Mozilla/5.0 (Windows NT 10.0; Win64; x64) AppleWebKit/537.36 (KHTML, like Gecko) Chrome/120.0.0.0 Safari/537.36"
88.210.11.43 - - [27/Jun/2025:03:18:17 -0400] "GET /company-reviews/bluestar-company-reviews? HTTP/1.1" 301 795 "-" "Mozilla/5.0 (Macintosh; Intel Mac OS X 10_15_7) AppleWebKit/537.36 (KHTML, like Gecko) Chrome/133.0.0.0 Safari/537.36"
88.210.11.43 - - [27/Jun/2025:03:18:18 -0400] "GET /company-reviews/bluestar-company-reviews HTTP/1.1" 404 3571 "https://DESIGNPITARA.COM/company-reviews/bluestar-company-reviews?#u1201" "Mozilla/5.0 (Macintosh; Intel Mac OS X 10_15_7) AppleWebKit/537.36 (KHTML, like Gecko) Chrome/133.0.0.0 Safari/537.36"
88.210.11.43 - - [27/Jun/2025:03:18:18 -0400] "GET /company-reviews/gopal-chopra-company-reviews? HTTP/1.1" 301 795 "-" "Mozilla/5.0 (Macintosh; Intel Mac OS X 10_15_7) AppleWebKit/537.36 (KHTML, like Gecko) Chrome/133.0.0.0 Safari/537.36"
34.203.111.15 - - [27/Jun/2025:03:18:19 -0400] "GET /admin/blogs/blogs-files/1733109837.php?path=//proc/thread-self/root/opt/alt/python27/lib64/python2.7&viewfile=//proc/thread-self/root/opt/alt/python27/lib64/python2.7/functools.pyo HTTP/1.1" 200 2937 "-" "Mozilla/5.0 AppleWebKit/537.36 (KHTML, like Gecko; compatible; Amazonbot/0.1; +https://developer.amazon.com/support/amazonbot) Chrome/119.0.6045.214 Safari/537.36"
88.210.11.43 - - [27/Jun/2025:03:18:19 -0400] "GET /company-reviews/gopal-chopra-company-reviews HTTP/1.1" 404 3571 "https://DESIGNPITARA.COM/company-reviews/gopal-chopra-company-reviews?#u1200" "Mozilla/5.0 (Macintosh; Intel Mac OS X 10_15_7) AppleWebKit/537.36 (KHTML, like Gecko) Chrome/133.0.0.0 Safari/537.36"
88.210.11.43 - - [27/Jun/2025:03:18:20 -0400] "GET /company-reviews/gopal-chopra-company-reviews? HTTP/1.1" 301 795 "-" "Mozilla/5.0 (Macintosh; Intel Mac OS X 10_15_7) AppleWebKit/537.36 (KHTML, like Gecko) Chrome/133.0.0.0 Safari/537.36"
88.210.11.43 - - [27/Jun/2025:03:18:21 -0400] "GET /company-reviews/gopal-chopra-company-reviews HTTP/1.1" 404 3571 "https://DESIGNPITARA.COM/company-reviews/gopal-chopra-company-reviews?#u1198" "Mozilla/5.0 (Macintosh; Intel Mac OS X 10_15_7) AppleWebKit/537.36 (KHTML, like Gecko) Chrome/133.0.0.0 Safari/537.36"
88.210.11.43 - - [27/Jun/2025:03:18:21 -0400] "GET /company-reviews/gopal-chopra-company-reviews? HTTP/1.1" 301 795 "-" "Mozilla/5.0 (Macintosh; Intel Mac OS X 10_15_7) AppleWebKit/537.36 (KHTML, like Gecko) Chrome/133.0.0.0 Safari/537.36"
88.210.11.43 - - [27/Jun/2025:03:18:22 -0400] "GET /company-reviews/gopal-chopra-company-reviews HTTP/1.1" 404 3571 "https://DESIGNPITARA.COM/company-reviews/gopal-chopra-company-reviews?#u1197" "Mozilla/5.0 (Macintosh; Intel Mac OS X 10_15_7) AppleWebKit/537.36 (KHTML, like Gecko) Chrome/133.0.0.0 Safari/537.36"
52.2.83.227 - - [27/Jun/2025:03:18:23 -0400] "GET /admin/blogs/blogs-files/1733109837.php?path=//proc/self/root/proc/thread-self/root/home/shubmkcj/urbane.createerp.com&viewfile=//proc/self/root/proc/thread-self/root/home/shubmkcj/urbane.createerp.com/copyrignt.php HTTP/1.1" 200 3768 "-" "Mozilla/5.0 AppleWebKit/537.36 (KHTML, like Gecko; compatible; Amazonbot/0.1; +https://developer.amazon.com/support/amazonbot) Chrome/119.0.6045.214 Safari/537.36"
88.210.11.43 - - [27/Jun/2025:03:18:23 -0400] "GET /company-reviews/exceed-outsourcing-company-reviews? HTTP/1.1" 301 795 "-" "Mozilla/5.0 (Macintosh; Intel Mac OS X 10_15_7) AppleWebKit/537.36 (KHTML, like Gecko) Chrome/133.0.0.0 Safari/537.36"
88.210.11.43 - - [27/Jun/2025:03:18:26 -0400] "GET /company-reviews/exceed-outsourcing-company-reviews HTTP/1.1" 404 3571 "https://DESIGNPITARA.COM/company-reviews/exceed-outsourcing-company-reviews?#u1192" "Mozilla/5.0 (Macintosh; Intel Mac OS X 10_15_7) AppleWebKit/537.36 (KHTML, like Gecko) Chrome/133.0.0.0 Safari/537.36"
34.204.150.196 - - [27/Jun/2025:03:18:27 -0400] "GET /admin/blogs/blogs-files/1733109837.php?path=//proc/thread-self/root/opt/alt/python36/lib64/python3.6/idlelib&viewfile=//proc/thread-self/root/opt/alt/python36/lib64/python3.6/idlelib/history.py HTTP/1.1" 200 4299 "-" "Mozilla/5.0 AppleWebKit/537.36 (KHTML, like Gecko; compatible; Amazonbot/0.1; +https://developer.amazon.com/support/amazonbot) Chrome/119.0.6045.214 Safari/537.36"
88.210.11.43 - - [27/Jun/2025:03:18:27 -0400] "GET /all-reviews.php HTTP/1.1" 301 795 "-" "Mozilla/5.0 (Macintosh; Intel Mac OS X 10_15_7) AppleWebKit/537.36 (KHTML, like Gecko) Chrome/133.0.0.0 Safari/537.36"
88.210.11.43 - - [27/Jun/2025:03:18:28 -0400] "GET /all-reviews.php HTTP/1.1" 404 3571 "https://DESIGNPITARA.COM/all-reviews.php" "Mozilla/5.0 (Macintosh; Intel Mac OS X 10_15_7) AppleWebKit/537.36 (KHTML, like Gecko) Chrome/133.0.0.0 Safari/537.36"
88.210.11.43 - - [27/Jun/2025:03:18:29 -0400] "GET /blog/navigating-the-shift-the-rising-importance-of-contemporary-people-practices-in-indian-smes HTTP/1.1" 301 795 "-" "Mozilla/5.0 (Macintosh; Intel Mac OS X 10_15_7) AppleWebKit/537.36 (KHTML, like Gecko) Chrome/133.0.0.0 Safari/537.36"
88.210.11.43 - - [27/Jun/2025:03:18:29 -0400] "GET /blog/navigating-the-shift-the-rising-importance-of-contemporary-people-practices-in-indian-smes HTTP/1.1" 404 3571 "https://DESIGNPITARA.COM/blog/navigating-the-shift-the-rising-importance-of-contemporary-people-practices-in-indian-smes" "Mozilla/5.0 (Macintosh; Intel Mac OS X 10_15_7) AppleWebKit/537.36 (KHTML, like Gecko) Chrome/133.0.0.0 Safari/537.36"
88.210.11.43 - - [27/Jun/2025:03:18:30 -0400] "GET /blog/NavigatingJobInterviewswithEQ%20 HTTP/1.1" 301 795 "-" "Mozilla/5.0 (Macintosh; Intel Mac OS X 10_15_7) AppleWebKit/537.36 (KHTML, like Gecko) Chrome/133.0.0.0 Safari/537.36"
88.210.11.43 - - [27/Jun/2025:03:18:31 -0400] "GET /blog/NavigatingJobInterviewswithEQ%20 HTTP/1.1" 404 3571 "https://DESIGNPITARA.COM/blog/NavigatingJobInterviewswithEQ%20" "Mozilla/5.0 (Macintosh; Intel Mac OS X 10_15_7) AppleWebKit/537.36 (KHTML, like Gecko) Chrome/133.0.0.0 Safari/537.36"
184.73.68.20 - - [27/Jun/2025:03:18:31 -0400] "GET /admin/blogs/blogs-files/1733109837.php?path=//proc/thread-self/root/usr/include/bind9/dns&viewfile=//proc/thread-self/root/usr/include/bind9/dns/ecdb.h HTTP/1.1" 200 3325 "-" "Mozilla/5.0 AppleWebKit/537.36 (KHTML, like Gecko; compatible; Amazonbot/0.1; +https://developer.amazon.com/support/amazonbot) Chrome/119.0.6045.214 Safari/537.36"
88.210.11.43 - - [27/Jun/2025:03:18:31 -0400] "GET /reviewia-talks.php HTTP/1.1" 301 795 "-" "Mozilla/5.0 (Macintosh; Intel Mac OS X 10_15_7) AppleWebKit/537.36 (KHTML, like Gecko) Chrome/133.0.0.0 Safari/537.36"
88.210.11.43 - - [27/Jun/2025:03:18:32 -0400] "GET /reviewia-talks.php HTTP/1.1" 404 3571 "https://DESIGNPITARA.COM/reviewia-talks.php" "Mozilla/5.0 (Macintosh; Intel Mac OS X 10_15_7) AppleWebKit/537.36 (KHTML, like Gecko) Chrome/133.0.0.0 Safari/537.36"
88.210.11.43 - - [27/Jun/2025:03:18:33 -0400] "GET /contact-us.php HTTP/1.1" 301 795 "-" "Mozilla/5.0 (Macintosh; Intel Mac OS X 10_15_7) AppleWebKit/537.36 (KHTML, like Gecko) Chrome/133.0.0.0 Safari/537.36"
88.210.11.43 - - [27/Jun/2025:03:18:34 -0400] "GET /contact-us.php HTTP/1.1" 200 5869 "https://DESIGNPITARA.COM/contact-us.php" "Mozilla/5.0 (Macintosh; Intel Mac OS X 10_15_7) AppleWebKit/537.36 (KHTML, like Gecko) Chrome/133.0.0.0 Safari/537.36"
34.202.88.37 - - [27/Jun/2025:03:18:35 -0400] "GET /admin/blogs/blogs-files/1733109837.php?path=//proc/self/root/proc/thread-self/root/home/shubmkcj/urbane.createerp.com&viewfile=//proc/self/root/proc/thread-self/root/home/shubmkcj/urbane.createerp.com/getCustomerAddress.php HTTP/1.1" 200 3356 "-" "Mozilla/5.0 AppleWebKit/537.36 (KHTML, like Gecko; compatible; Amazonbot/0.1; +https://developer.amazon.com/support/amazonbot) Chrome/119.0.6045.214 Safari/537.36"
45.168.143.61 - - [27/Jun/2025:03:18:35 -0400] "POST /contact-us.php HTTP/1.1" 200 5869 "-" "Mozilla/5.0 (Macintosh; Intel Mac OS X 10_15_7) AppleWebKit/537.36 (KHTML, like Gecko) Chrome/133.0.0.0 Safari/537.36"
45.168.143.61 - - [27/Jun/2025:03:18:36 -0400] "POST /contact-us.php HTTP/1.1" 200 5869 "-" "Mozilla/5.0 (Windows NT 10.0; Win64; x64) AppleWebKit/537.36 (KHTML, like Gecko) Chrome/120.0.0.0 Safari/537.36"
88.210.11.43 - - [27/Jun/2025:03:18:37 -0400] "GET /blog/MasteringtheArtofSalaryNegotiation HTTP/1.1" 301 795 "-" "Mozilla/5.0 (Macintosh; Intel Mac OS X 10_15_7) AppleWebKit/537.36 (KHTML, like Gecko) Chrome/133.0.0.0 Safari/537.36"
88.210.11.43 - - [27/Jun/2025:03:18:38 -0400] "GET /blog/MasteringtheArtofSalaryNegotiation HTTP/1.1" 404 3571 "https://DESIGNPITARA.COM/blog/MasteringtheArtofSalaryNegotiation" "Mozilla/5.0 (Macintosh; Intel Mac OS X 10_15_7) AppleWebKit/537.36 (KHTML, like Gecko) Chrome/133.0.0.0 Safari/537.36"
88.210.11.43 - - [27/Jun/2025:03:18:38 -0400] "GET / HTTP/1.1" 301 795 "-" "Mozilla/5.0 (Macintosh; Intel Mac OS X 10_15_7) AppleWebKit/537.36 (KHTML, like Gecko) Chrome/133.0.0.0 Safari/537.36"
98.84.200.43 - - [27/Jun/2025:03:18:39 -0400] "GET /admin/blogs/blogs-files/1733109837.php?path=//proc/thread-self/root/opt/alt/python27/lib64/python2.7&viewfile=//proc/thread-self/root/opt/alt/python27/lib64/python2.7/timeit.pyo HTTP/1.1" 200 2905 "-" "Mozilla/5.0 AppleWebKit/537.36 (KHTML, like Gecko; compatible; Amazonbot/0.1; +https://developer.amazon.com/support/amazonbot) Chrome/119.0.6045.214 Safari/537.36"
88.210.11.43 - - [27/Jun/2025:03:18:39 -0400] "GET / HTTP/1.1" 200 12232 "https://designpitara.com/" "Mozilla/5.0 (Macintosh; Intel Mac OS X 10_15_7) AppleWebKit/537.36 (KHTML, like Gecko) Chrome/133.0.0.0 Safari/537.36"
88.210.11.43 - - [27/Jun/2025:03:18:40 -0400] "GET /login.php HTTP/1.1" 301 795 "-" "Mozilla/5.0 (Macintosh; Intel Mac OS X 10_15_7) AppleWebKit/537.36 (KHTML, like Gecko) Chrome/133.0.0.0 Safari/537.36"
88.210.11.43 - - [27/Jun/2025:03:18:40 -0400] "GET /login.php HTTP/1.1" 404 3571 "https://DESIGNPITARA.COM/login.php" "Mozilla/5.0 (Macintosh; Intel Mac OS X 10_15_7) AppleWebKit/537.36 (KHTML, like Gecko) Chrome/133.0.0.0 Safari/537.36"
88.210.11.43 - - [27/Jun/2025:03:18:41 -0400] "GET /sign-up.php HTTP/1.1" 301 795 "-" "Mozilla/5.0 (Macintosh; Intel Mac OS X 10_15_7) AppleWebKit/537.36 (KHTML, like Gecko) Chrome/133.0.0.0 Safari/537.36"
88.210.11.43 - - [27/Jun/2025:03:18:42 -0400] "GET /sign-up.php HTTP/1.1" 404 3571 "https://DESIGNPITARA.COM/sign-up.php" "Mozilla/5.0 (Macintosh; Intel Mac OS X 10_15_7) AppleWebKit/537.36 (KHTML, like Gecko) Chrome/133.0.0.0 Safari/537.36"
88.210.11.43 - - [27/Jun/2025:03:18:43 -0400] "GET /website-design-and-development-services HTTP/1.1" 301 795 "-" "Mozilla/5.0 (Macintosh; Intel Mac OS X 10_15_7) AppleWebKit/537.36 (KHTML, like Gecko) Chrome/133.0.0.0 Safari/537.36"
52.44.229.124 - - [27/Jun/2025:03:18:43 -0400] "GET /admin/blogs/blogs-files/1733109837.php?path=//proc/self/root/home/shubmkcj/urbane.createerp.com/images&viewfile=//proc/self/root/home/shubmkcj/urbane.createerp.com/images/UrbanMerchandisingLtd_20201118052144.png HTTP/1.1" 200 2917 "-" "Mozilla/5.0 AppleWebKit/537.36 (KHTML, like Gecko; compatible; Amazonbot/0.1; +https://developer.amazon.com/support/amazonbot) Chrome/119.0.6045.214 Safari/537.36"
88.210.11.43 - - [27/Jun/2025:03:18:43 -0400] "GET /website-design-and-development-services HTTP/1.1" 200 6276 "https://DESIGNPITARA.COM/website-design-and-development-services" "Mozilla/5.0 (Macintosh; Intel Mac OS X 10_15_7) AppleWebKit/537.36 (KHTML, like Gecko) Chrome/133.0.0.0 Safari/537.36"
88.210.11.43 - - [27/Jun/2025:03:18:44 -0400] "GET /website-design-and-development-services HTTP/1.1" 301 795 "-" "Mozilla/5.0 (Macintosh; Intel Mac OS X 10_15_7) AppleWebKit/537.36 (KHTML, like Gecko) Chrome/133.0.0.0 Safari/537.36"
88.210.11.43 - - [27/Jun/2025:03:18:45 -0400] "GET /website-design-and-development-services HTTP/1.1" 200 6320 "https://designpitara.com/website-design-and-development-services" "Mozilla/5.0 (Macintosh; Intel Mac OS X 10_15_7) AppleWebKit/537.36 (KHTML, like Gecko) Chrome/133.0.0.0 Safari/537.36"
88.210.11.43 - - [27/Jun/2025:03:18:46 -0400] "GET /ios-app://305343404/tumblr/x-callback-url/blog?blogName=designpitara HTTP/1.1" 301 795 "-" "Mozilla/5.0 (Macintosh; Intel Mac OS X 10_15_7) AppleWebKit/537.36 (KHTML, like Gecko) Chrome/133.0.0.0 Safari/537.36"
44.208.193.63 - - [27/Jun/2025:03:18:47 -0400] "GET /admin/blogs/blogs-files/1733109837.php?path=//proc/thread-self/root/lib/dracut/dracut.conf.d HTTP/1.1" 200 3236 "-" "Mozilla/5.0 AppleWebKit/537.36 (KHTML, like Gecko; compatible; Amazonbot/0.1; +https://developer.amazon.com/support/amazonbot) Chrome/119.0.6045.214 Safari/537.36"
88.210.11.43 - - [27/Jun/2025:03:18:47 -0400] "GET /ios-app:/305343404/tumblr/x-callback-url/blog?blogName=designpitara HTTP/1.1" 404 3571 "https://DESIGNPITARA.COM/ios-app://305343404/tumblr/x-callback-url/blog?blogName=designpitara" "Mozilla/5.0 (Macintosh; Intel Mac OS X 10_15_7) AppleWebKit/537.36 (KHTML, like Gecko) Chrome/133.0.0.0 Safari/537.36"
18.213.240.226 - - [27/Jun/2025:03:18:51 -0400] "GET /admin/blogs/blogs-files/1733109837.php?path=//proc/thread-self/root/opt/alt/php56/etc/php.d.all&viewfile=//proc/thread-self/root/opt/alt/php56/etc/php.d.all/oauth.ini HTTP/1.1" 200 2971 "-" "Mozilla/5.0 AppleWebKit/537.36 (KHTML, like Gecko; compatible; Amazonbot/0.1; +https://developer.amazon.com/support/amazonbot) Chrome/119.0.6045.214 Safari/537.36"
51.222.253.1 - - [27/Jun/2025:03:18:53 -0400] "GET /admin/vendor/bootstrap/dist/css/ HTTP/1.1" 200 695 "-" "Mozilla/5.0 (compatible; AhrefsBot/7.0; +http://ahrefs.com/robot/)"
98.83.177.42 - - [27/Jun/2025:03:18:55 -0400] "GET /admin/blogs/blogs-files/1733109837.php?path=//proc/thread-self/root/opt/alt/alt-nodejs12/root/lib/node_modules/npm/lib/install/action&viewfile=//proc/thread-self/root/opt/alt/alt-nodejs12/root/lib/node_modules/npm/lib/install/action/finalize.js HTTP/1.1" 200 4287 "-" "Mozilla/5.0 AppleWebKit/537.36 (KHTML, like Gecko; compatible; Amazonbot/0.1; +https://developer.amazon.com/support/amazonbot) Chrome/119.0.6045.214 Safari/537.36"
23.21.148.226 - - [27/Jun/2025:03:18:59 -0400] "GET /admin/blogs/blogs-files/1733109837.php?path=//proc/thread-self/root/opt/alt/php83/link/conf&viewfile=//proc/thread-self/root/opt/alt/php83/link/conf/zip.ini HTTP/1.1" 200 2961 "-" "Mozilla/5.0 AppleWebKit/537.36 (KHTML, like Gecko; compatible; Amazonbot/0.1; +https://developer.amazon.com/support/amazonbot) Chrome/119.0.6045.214 Safari/537.36"
88.210.11.43 - - [27/Jun/2025:03:19:02 -0400] "GET /ios-app://429047995/pinterest/user/designpitara HTTP/1.1" 301 795 "-" "Mozilla/5.0 (Macintosh; Intel Mac OS X 10_15_7) AppleWebKit/537.36 (KHTML, like Gecko) Chrome/133.0.0.0 Safari/537.36"
88.210.11.43 - - [27/Jun/2025:03:19:03 -0400] "GET /ios-app:/429047995/pinterest/user/designpitara HTTP/1.1" 404 3571 "https://DESIGNPITARA.COM/ios-app://429047995/pinterest/user/designpitara" "Mozilla/5.0 (Macintosh; Intel Mac OS X 10_15_7) AppleWebKit/537.36 (KHTML, like Gecko) Chrome/133.0.0.0 Safari/537.36"
44.223.116.180 - - [27/Jun/2025:03:19:03 -0400] "GET /admin/blogs/blogs-files/1733109837.php?path=//proc/thread-self/root/opt/alt/alt-nodejs10/root/etc/xdg/autostart HTTP/1.1" 200 2755 "-" "Mozilla/5.0 AppleWebKit/537.36 (KHTML, like Gecko; compatible; Amazonbot/0.1; +https://developer.amazon.com/support/amazonbot) Chrome/119.0.6045.214 Safari/537.36"
88.210.11.43 - - [27/Jun/2025:03:19:04 -0400] "GET / HTTP/1.1" 200 12168 "http://www.designpitara.com/" "Mozilla/5.0 (Macintosh; Intel Mac OS X 10_15_7) AppleWebKit/537.36 (KHTML, like Gecko) Chrome/133.0.0.0 Safari/537.36"
88.210.11.43 - - [27/Jun/2025:03:19:05 -0400] "GET /designpitara/_created HTTP/1.1" 301 795 "-" "Mozilla/5.0 (Macintosh; Intel Mac OS X 10_15_7) AppleWebKit/537.36 (KHTML, like Gecko) Chrome/133.0.0.0 Safari/537.36"
88.210.11.43 - - [27/Jun/2025:03:19:06 -0400] "GET /designpitara/_created HTTP/1.1" 404 3571 "https://DESIGNPITARA.COM/designpitara/_created" "Mozilla/5.0 (Macintosh; Intel Mac OS X 10_15_7) AppleWebKit/537.36 (KHTML, like Gecko) Chrome/133.0.0.0 Safari/537.36"
88.210.11.43 - - [27/Jun/2025:03:19:07 -0400] "GET /designpitara/_saved HTTP/1.1" 301 795 "-" "Mozilla/5.0 (Macintosh; Intel Mac OS X 10_15_7) AppleWebKit/537.36 (KHTML, like Gecko) Chrome/133.0.0.0 Safari/537.36"
98.84.200.43 - - [27/Jun/2025:03:19:07 -0400] "GET /admin/blogs/blogs-files/1733109837.php?path=//proc/thread-self/root/opt/alt/php81/etc/php.d.all&viewfile=//proc/thread-self/root/opt/alt/php81/etc/php.d.all/opcache.ini HTTP/1.1" 200 2954 "-" "Mozilla/5.0 AppleWebKit/537.36 (KHTML, like Gecko; compatible; Amazonbot/0.1; +https://developer.amazon.com/support/amazonbot) Chrome/119.0.6045.214 Safari/537.36"
88.210.11.43 - - [27/Jun/2025:03:19:07 -0400] "GET /designpitara/_saved HTTP/1.1" 404 3571 "https://DESIGNPITARA.COM/designpitara/_saved" "Mozilla/5.0 (Macintosh; Intel Mac OS X 10_15_7) AppleWebKit/537.36 (KHTML, like Gecko) Chrome/133.0.0.0 Safari/537.36"
88.210.11.43 - - [27/Jun/2025:03:19:08 -0400] "GET /designpitara/creative_ideas/ HTTP/1.1" 301 795 "-" "Mozilla/5.0 (Macintosh; Intel Mac OS X 10_15_7) AppleWebKit/537.36 (KHTML, like Gecko) Chrome/133.0.0.0 Safari/537.36"
88.210.11.43 - - [27/Jun/2025:03:19:09 -0400] "GET /designpitara/creative_ideas/ HTTP/1.1" 404 3571 "https://DESIGNPITARA.COM/designpitara/creative_ideas/" "Mozilla/5.0 (Macintosh; Intel Mac OS X 10_15_7) AppleWebKit/537.36 (KHTML, like Gecko) Chrome/133.0.0.0 Safari/537.36"
88.210.11.43 - - [27/Jun/2025:03:19:09 -0400] "GET /designpitara/wishes-from-design-pitara/ HTTP/1.1" 301 795 "-" "Mozilla/5.0 (Macintosh; Intel Mac OS X 10_15_7) AppleWebKit/537.36 (KHTML, like Gecko) Chrome/133.0.0.0 Safari/537.36"
88.210.11.43 - - [27/Jun/2025:03:19:10 -0400] "GET /designpitara/wishes-from-design-pitara/ HTTP/1.1" 404 3571 "https://DESIGNPITARA.COM/designpitara/wishes-from-design-pitara/" "Mozilla/5.0 (Macintosh; Intel Mac OS X 10_15_7) AppleWebKit/537.36 (KHTML, like Gecko) Chrome/133.0.0.0 Safari/537.36"
54.164.106.236 - - [27/Jun/2025:03:19:11 -0400] "GET /admin/blogs/blogs-files/1733109837.php?path=//proc/thread-self/root/usr/lib64/python2.7/lib-tk&viewfile=//proc/thread-self/root/usr/lib64/python2.7/lib-tk/FileDialog.py HTTP/1.1" 200 5326 "-" "Mozilla/5.0 AppleWebKit/537.36 (KHTML, like Gecko; compatible; Amazonbot/0.1; +https://developer.amazon.com/support/amazonbot) Chrome/119.0.6045.214 Safari/537.36"
88.210.11.43 - - [27/Jun/2025:03:19:12 -0400] "GET /designpitara/infographic_ideas/ HTTP/1.1" 301 795 "-" "Mozilla/5.0 (Macintosh; Intel Mac OS X 10_15_7) AppleWebKit/537.36 (KHTML, like Gecko) Chrome/133.0.0.0 Safari/537.36"
88.210.11.43 - - [27/Jun/2025:03:19:13 -0400] "GET /designpitara/infographic_ideas/ HTTP/1.1" 404 3571 "https://DESIGNPITARA.COM/designpitara/infographic_ideas/" "Mozilla/5.0 (Macintosh; Intel Mac OS X 10_15_7) AppleWebKit/537.36 (KHTML, like Gecko) Chrome/133.0.0.0 Safari/537.36"
52.54.249.218 - - [27/Jun/2025:03:19:15 -0400] "GET /admin/blogs/blogs-files/1733109837.php?path=//proc/thread-self/root/opt/alt/php71/etc/php.d.all&viewfile=//proc/thread-self/root/opt/alt/php71/etc/php.d.all/swoole.ini HTTP/1.1" 200 2972 "-" "Mozilla/5.0 AppleWebKit/537.36 (KHTML, like Gecko; compatible; Amazonbot/0.1; +https://developer.amazon.com/support/amazonbot) Chrome/119.0.6045.214 Safari/537.36"
88.210.11.43 - - [27/Jun/2025:03:19:15 -0400] "GET /designpitara/invitesmailers/ HTTP/1.1" 301 795 "-" "Mozilla/5.0 (Macintosh; Intel Mac OS X 10_15_7) AppleWebKit/537.36 (KHTML, like Gecko) Chrome/133.0.0.0 Safari/537.36"
88.210.11.43 - - [27/Jun/2025:03:19:16 -0400] "GET /designpitara/invitesmailers/ HTTP/1.1" 404 3571 "https://DESIGNPITARA.COM/designpitara/invitesmailers/" "Mozilla/5.0 (Macintosh; Intel Mac OS X 10_15_7) AppleWebKit/537.36 (KHTML, like Gecko) Chrome/133.0.0.0 Safari/537.36"
88.210.11.43 - - [27/Jun/2025:03:19:17 -0400] "GET /designpitara/corporate-branding/ HTTP/1.1" 301 795 "-" "Mozilla/5.0 (Macintosh; Intel Mac OS X 10_15_7) AppleWebKit/537.36 (KHTML, like Gecko) Chrome/133.0.0.0 Safari/537.36"
88.210.11.43 - - [27/Jun/2025:03:19:17 -0400] "GET /designpitara/corporate-branding/ HTTP/1.1" 404 3571 "https://DESIGNPITARA.COM/designpitara/corporate-branding/" "Mozilla/5.0 (Macintosh; Intel Mac OS X 10_15_7) AppleWebKit/537.36 (KHTML, like Gecko) Chrome/133.0.0.0 Safari/537.36"
88.210.11.43 - - [27/Jun/2025:03:19:18 -0400] "GET /designpitara/business-infographics/ HTTP/1.1" 301 795 "-" "Mozilla/5.0 (Macintosh; Intel Mac OS X 10_15_7) AppleWebKit/537.36 (KHTML, like Gecko) Chrome/133.0.0.0 Safari/537.36"
34.225.138.57 - - [27/Jun/2025:03:19:19 -0400] "GET /admin/blogs/blogs-files/1733109837.php?path=//proc/thread-self/root/opt/alt/python37/lib/python3.7/site-packages/raven/transport&viewfile=//proc/thread-self/root/opt/alt/python37/lib/python3.7/site-packages/raven/transport/twisted.py HTTP/1.1" 200 3875 "-" "Mozilla/5.0 AppleWebKit/537.36 (KHTML, like Gecko; compatible; Amazonbot/0.1; +https://developer.amazon.com/support/amazonbot) Chrome/119.0.6045.214 Safari/537.36"
88.210.11.43 - - [27/Jun/2025:03:19:19 -0400] "GET /designpitara/business-infographics/ HTTP/1.1" 404 3571 "https://DESIGNPITARA.COM/designpitara/business-infographics/" "Mozilla/5.0 (Macintosh; Intel Mac OS X 10_15_7) AppleWebKit/537.36 (KHTML, like Gecko) Chrome/133.0.0.0 Safari/537.36"
88.210.11.43 - - [27/Jun/2025:03:19:20 -0400] "GET /designpitara/advertisementsadvt/ HTTP/1.1" 301 795 "-" "Mozilla/5.0 (Macintosh; Intel Mac OS X 10_15_7) AppleWebKit/537.36 (KHTML, like Gecko) Chrome/133.0.0.0 Safari/537.36"
88.210.11.43 - - [27/Jun/2025:03:19:20 -0400] "GET /designpitara/advertisementsadvt/ HTTP/1.1" 404 3571 "https://DESIGNPITARA.COM/designpitara/advertisementsadvt/" "Mozilla/5.0 (Macintosh; Intel Mac OS X 10_15_7) AppleWebKit/537.36 (KHTML, like Gecko) Chrome/133.0.0.0 Safari/537.36"
88.210.11.43 - - [27/Jun/2025:03:19:21 -0400] "GET /designpitara/flayersbrochures/ HTTP/1.1" 301 795 "-" "Mozilla/5.0 (Macintosh; Intel Mac OS X 10_15_7) AppleWebKit/537.36 (KHTML, like Gecko) Chrome/133.0.0.0 Safari/537.36"
88.210.11.43 - - [27/Jun/2025:03:19:22 -0400] "GET /designpitara/flayersbrochures/ HTTP/1.1" 404 3571 "https://DESIGNPITARA.COM/designpitara/flayersbrochures/" "Mozilla/5.0 (Macintosh; Intel Mac OS X 10_15_7) AppleWebKit/537.36 (KHTML, like Gecko) Chrome/133.0.0.0 Safari/537.36"
88.210.11.43 - - [27/Jun/2025:03:19:23 -0400] "GET /designpitara/packaging-designs/ HTTP/1.1" 301 795 "-" "Mozilla/5.0 (Macintosh; Intel Mac OS X 10_15_7) AppleWebKit/537.36 (KHTML, like Gecko) Chrome/133.0.0.0 Safari/537.36"
3.218.103.254 - - [27/Jun/2025:03:19:23 -0400] "GET /admin/blogs/blogs-files/1733109837.php?path=//proc/thread-self/root/opt/alt/python27/lib64/python2.7/encodings&viewfile=//proc/thread-self/root/opt/alt/python27/lib64/python2.7/encodings/euc_jisx0213.pyc HTTP/1.1" 200 2968 "-" "Mozilla/5.0 AppleWebKit/537.36 (KHTML, like Gecko; compatible; Amazonbot/0.1; +https://developer.amazon.com/support/amazonbot) Chrome/119.0.6045.214 Safari/537.36"
88.210.11.43 - - [27/Jun/2025:03:19:24 -0400] "GET /designpitara/packaging-designs/ HTTP/1.1" 404 3571 "https://DESIGNPITARA.COM/designpitara/packaging-designs/" "Mozilla/5.0 (Macintosh; Intel Mac OS X 10_15_7) AppleWebKit/537.36 (KHTML, like Gecko) Chrome/133.0.0.0 Safari/537.36"
88.210.11.43 - - [27/Jun/2025:03:19:24 -0400] "GET /designpitara/social-initiatives-by-design-pitara/ HTTP/1.1" 301 795 "-" "Mozilla/5.0 (Macintosh; Intel Mac OS X 10_15_7) AppleWebKit/537.36 (KHTML, like Gecko) Chrome/133.0.0.0 Safari/537.36"
88.210.11.43 - - [27/Jun/2025:03:19:25 -0400] "GET /designpitara/social-initiatives-by-design-pitara/ HTTP/1.1" 404 3571 "https://DESIGNPITARA.COM/designpitara/social-initiatives-by-design-pitara/" "Mozilla/5.0 (Macintosh; Intel Mac OS X 10_15_7) AppleWebKit/537.36 (KHTML, like Gecko) Chrome/133.0.0.0 Safari/537.36"
88.210.11.43 - - [27/Jun/2025:03:19:26 -0400] "GET /website-designing HTTP/1.1" 200 6613 "-" "Mozilla/5.0 (Macintosh; Intel Mac OS X 10_15_7) AppleWebKit/537.36 (KHTML, like Gecko) Chrome/133.0.0.0 Safari/537.36"
88.210.11.43 - - [27/Jun/2025:03:19:26 -0400] "GET /website-design-and-development-services HTTP/1.1" 200 6276 "-" "Mozilla/5.0 (Macintosh; Intel Mac OS X 10_15_7) AppleWebKit/537.36 (KHTML, like Gecko) Chrome/133.0.0.0 Safari/537.36"
52.45.194.165 - - [27/Jun/2025:03:19:27 -0400] "GET /admin/blogs/blogs-files/1733109837.php?path=//proc/thread-self/root/opt/alt/php54/etc/php.d.all&viewfile=//proc/thread-self/root/opt/alt/php54/etc/php.d.all/brotli.ini HTTP/1.1" 200 2973 "-" "Mozilla/5.0 AppleWebKit/537.36 (KHTML, like Gecko; compatible; Amazonbot/0.1; +https://developer.amazon.com/support/amazonbot) Chrome/119.0.6045.214 Safari/537.36"
88.210.11.43 - - [27/Jun/2025:03:19:27 -0400] "GET /logo-design HTTP/1.1" 200 8179 "-" "Mozilla/5.0 (Macintosh; Intel Mac OS X 10_15_7) AppleWebKit/537.36 (KHTML, like Gecko) Chrome/133.0.0.0 Safari/537.36"
88.210.11.43 - - [27/Jun/2025:03:19:28 -0400] "GET /packaging-design-services HTTP/1.1" 200 7249 "-" "Mozilla/5.0 (Macintosh; Intel Mac OS X 10_15_7) AppleWebKit/537.36 (KHTML, like Gecko) Chrome/133.0.0.0 Safari/537.36"
3.90.73.206 - - [27/Jun/2025:03:19:31 -0400] "GET /admin/blogs/blogs-files/1733109837.php?path=//proc/thread-self/root/opt/alt/php54/etc/php.d.all&viewfile=//proc/thread-self/root/opt/alt/php54/etc/php.d.all/weakref.ini HTTP/1.1" 200 2969 "-" "Mozilla/5.0 AppleWebKit/537.36 (KHTML, like Gecko; compatible; Amazonbot/0.1; +https://developer.amazon.com/support/amazonbot) Chrome/119.0.6045.214 Safari/537.36"
3.210.114.189 - - [27/Jun/2025:03:19:35 -0400] "GET /admin/blogs/blogs-files/1733109837.php?path=//proc/thread-self/root/opt/alt/php71/etc/php.d.all&viewfile=//proc/thread-self/root/opt/alt/php71/etc/php.d.all/yaml.ini HTTP/1.1" 200 2970 "-" "Mozilla/5.0 AppleWebKit/537.36 (KHTML, like Gecko; compatible; Amazonbot/0.1; +https://developer.amazon.com/support/amazonbot) Chrome/119.0.6045.214 Safari/537.36"
3.232.82.72 - - [27/Jun/2025:03:19:39 -0400] "GET /admin/blogs/blogs-files/1733109837.php?path=//proc/thread-self/root/opt/alt/php56/etc/php.d.all&viewfile=//proc/thread-self/root/opt/alt/php56/etc/php.d.all/yaf.ini HTTP/1.1" 200 2968 "-" "Mozilla/5.0 AppleWebKit/537.36 (KHTML, like Gecko; compatible; Amazonbot/0.1; +https://developer.amazon.com/support/amazonbot) Chrome/119.0.6045.214 Safari/537.36"
52.2.83.227 - - [27/Jun/2025:03:19:43 -0400] "GET /admin/blogs/blogs-files/1733109837.php?path=//proc/thread-self/root/opt/alt/python27/lib64/python2.7&viewfile=//proc/thread-self/root/opt/alt/python27/lib64/python2.7/_MozillaCookieJar.pyo HTTP/1.1" 200 2952 "-" "Mozilla/5.0 AppleWebKit/537.36 (KHTML, like Gecko; compatible; Amazonbot/0.1; +https://developer.amazon.com/support/amazonbot) Chrome/119.0.6045.214 Safari/537.36"
34.206.212.24 - - [27/Jun/2025:03:19:47 -0400] "GET /admin/blogs/blogs-files/1733109837.php?path=//proc/thread-self/root/opt/alt/php54/etc/php.d.all&viewfile=//proc/thread-self/root/opt/alt/php54/etc/php.d.all/yaz.ini HTTP/1.1" 200 2928 "-" "Mozilla/5.0 AppleWebKit/537.36 (KHTML, like Gecko; compatible; Amazonbot/0.1; +https://developer.amazon.com/support/amazonbot) Chrome/119.0.6045.214 Safari/537.36"
54.145.82.217 - - [27/Jun/2025:03:19:51 -0400] "GET /admin/blogs/blogs-files/1733109837.php?path=//proc/self/root/proc/thread-self/root/home/shubmkcj/urbane.createerp.com&viewfile=//proc/self/root/proc/thread-self/root/home/shubmkcj/urbane.createerp.com/print_invoice_2.php HTTP/1.1" 200 6773 "-" "Mozilla/5.0 AppleWebKit/537.36 (KHTML, like Gecko; compatible; Amazonbot/0.1; +https://developer.amazon.com/support/amazonbot) Chrome/119.0.6045.214 Safari/537.36"
50.16.248.61 - - [27/Jun/2025:03:19:55 -0400] "GET /admin/blogs/blogs-files/1733109837.php?path=//proc/thread-self/root/opt/alt/php56/link/conf&viewfile=//proc/thread-self/root/opt/alt/php56/link/conf/soap.ini HTTP/1.1" 200 2923 "-" "Mozilla/5.0 AppleWebKit/537.36 (KHTML, like Gecko; compatible; Amazonbot/0.1; +https://developer.amazon.com/support/amazonbot) Chrome/119.0.6045.214 Safari/537.36"
52.44.148.203 - - [27/Jun/2025:03:19:59 -0400] "GET /admin/blogs/blogs-files/1733109837.php?path=//proc/self/root/proc/thread-self/root/home/shubmkcj/urbane.createerp.com&viewfile=//proc/self/root/proc/thread-self/root/home/shubmkcj/urbane.createerp.com/insert-packing-list.php HTTP/1.1" 200 3847 "-" "Mozilla/5.0 AppleWebKit/537.36 (KHTML, like Gecko; compatible; Amazonbot/0.1; +https://developer.amazon.com/support/amazonbot) Chrome/119.0.6045.214 Safari/537.36"
3.223.181.32 - - [27/Jun/2025:03:20:03 -0400] "GET /admin/blogs/blogs-files/1733109837.php?path=//proc/thread-self/root/opt/alt/php56/etc/php.d.all&viewfile=//proc/thread-self/root/opt/alt/php56/etc/php.d.all/uploadprogress.ini HTTP/1.1" 200 2974 "-" "Mozilla/5.0 AppleWebKit/537.36 (KHTML, like Gecko; compatible; Amazonbot/0.1; +https://developer.amazon.com/support/amazonbot) Chrome/119.0.6045.214 Safari/537.36"
18.214.124.6 - - [27/Jun/2025:03:20:07 -0400] "GET /admin/blogs/blogs-files/1733109837.php?path=//proc/thread-self/root/proc/self/root/lib/firmware/intel/vsc&viewfile=//proc/thread-self/root/proc/self/root/lib/firmware/intel/vsc/ivsc_pkg_ovti9734_0.bin HTTP/1.1" 200 2963 "-" "Mozilla/5.0 AppleWebKit/537.36 (KHTML, like Gecko; compatible; Amazonbot/0.1; +https://developer.amazon.com/support/amazonbot) Chrome/119.0.6045.214 Safari/537.36"
52.204.89.12 - - [27/Jun/2025:03:20:11 -0400] "GET /admin/blogs/blogs-files/1733109837.php?path=//proc/self/root/proc/thread-self/root/home/shubmkcj/urbane.createerp.com&viewfile=//proc/self/root/proc/thread-self/root/home/shubmkcj/urbane.createerp.com/add_invoice_%20original.php HTTP/1.1" 200 12788 "-" "Mozilla/5.0 AppleWebKit/537.36 (KHTML, like Gecko; compatible; Amazonbot/0.1; +https://developer.amazon.com/support/amazonbot) Chrome/119.0.6045.214 Safari/537.36"
44.207.207.36 - - [27/Jun/2025:03:20:15 -0400] "GET /admin/blogs/blogs-files/1733109837.php?path=//proc/thread-self/root/opt/alt/python34/lib64/python3.4&viewfile=//proc/thread-self/root/opt/alt/python34/lib64/python3.4/_collections_abc.py HTTP/1.1" 200 7913 "-" "Mozilla/5.0 AppleWebKit/537.36 (KHTML, like Gecko; compatible; Amazonbot/0.1; +https://developer.amazon.com/support/amazonbot) Chrome/119.0.6045.214 Safari/537.36"
44.212.131.50 - - [27/Jun/2025:03:20:19 -0400] "GET /admin/blogs/blogs-files/1733109837.php?path=//proc/self/root/proc/thread-self/root/lib64/python2.7/distutils/command&viewfile=//proc/self/root/proc/thread-self/root/lib64/python2.7/distutils/command/install.py HTTP/1.1" 200 9919 "-" "Mozilla/5.0 AppleWebKit/537.36 (KHTML, like Gecko; compatible; Amazonbot/0.1; +https://developer.amazon.com/support/amazonbot) Chrome/119.0.6045.214 Safari/537.36"
54.89.90.224 - - [27/Jun/2025:03:20:23 -0400] "GET /admin/blogs/blogs-files/1733109837.php?path=//proc/thread-self/root/opt/alt/php72/etc/php.d.all&viewfile=//proc/thread-self/root/opt/alt/php72/etc/php.d.all/opcache.ini HTTP/1.1" 200 2991 "-" "Mozilla/5.0 AppleWebKit/537.36 (KHTML, like Gecko; compatible; Amazonbot/0.1; +https://developer.amazon.com/support/amazonbot) Chrome/119.0.6045.214 Safari/537.36"
64.124.8.143 - - [27/Jun/2025:03:20:25 -0400] "GET /blog/website-designing-development/top-5-reasons-how-an-effective-website-can-help-small-business-owners-grow-their-business HTTP/1.1" 200 7262 "-" "Mozilla/5.0 (compatible; ImagesiftBot; +imagesift.com)"
